{"id":100,"date":"2021-06-08T08:26:29","date_gmt":"2021-06-08T11:26:29","guid":{"rendered":"https:\/\/promocaododia.com.br\/site\/?post_type=product&#038;p=100"},"modified":"2021-06-08T08:26:29","modified_gmt":"2021-06-08T11:26:29","slug":"escova-secadora-mondial-ceramica-1200w-com-ions-3-velocidades-golden-rose-es-02","status":"publish","type":"product","link":"https:\/\/promocaododia.com.br\/site\/produto\/escova-secadora-mondial-ceramica-1200w-com-ions-3-velocidades-golden-rose-es-02\/","title":{"rendered":"Escova Secadora Mondial Cer\u00e2mica 1200W &#8211; com \u00cdons 3 Velocidades Golden Rose ES-02"},"content":{"rendered":"<p>Postado 08\/06\/2021<\/p>\n<div id=\"featurebullets_feature_div\" class=\"celwidget\" data-feature-name=\"featurebullets\" data-csa-c-id=\"xnu2ya-i2i0nx-9ngl3e-p64rjo\" data-cel-widget=\"featurebullets_feature_div\">\n<div id=\"feature-bullets\" class=\"a-section a-spacing-medium a-spacing-top-small\">\n<p>Com a Escova Secadora 1200W Golden Rose ES-02 da Mondial, nunca foi t\u00e3o f\u00e1cil deixar o seu cabelo pronto para qualquer ocasi\u00e3o. Voc\u00ea pode sair de casa como sairia de um sal\u00e3o de beleza, pois gra\u00e7as \u00e0 sua rota\u00e7\u00e3o de 360oC n\u00e3o ser\u00e1 dif\u00edcil produzir um penteado sozinha. Ela possui 3 velocidades diferentes, controle de temperatura e tecnologias como revestimento cer\u00e2mico, que distribui o calor de maneira uniforme, garantindo uma maior prote\u00e7\u00e3o e mais rapidez para secar e modelar seu cabelo, enquanto emite \u00edons negativos, que selam a cut\u00edcula dos fios, eliminando o indesejado efeito arrepiado (frizz), proporcionando mais brilho e maciez para te deixar com cabelo de capa de revista. Tenha cabelos perfeitos e cut\u00edculas super alinhadas em poucos minutos. Alta tecnologia em apenas um movimento, com um design revolucion\u00e1rio que conta com sa\u00eddas de ar e fluxo intenso, cerdas mistas flex\u00edveis com pontas arrendondadas que deslizam suavemente desembara\u00e7ando e alinhando os fios sem danific\u00e1-los. Seu visual impec\u00e1vel!ATEN\u00c7\u00c3O: ESSE MODELO N\u00c3O \u00c9 UMA ESCOVA ROTATIVA.<\/p>\n<\/div>\n<\/div>\n<p>A equipe Promo\u00e7\u00f5es do dia divulga produtos de nossos parceiros, sendo a venda e p\u00f3s venda de responsabilidade dos mesmos.<\/p>\n","protected":false},"excerpt":{"rendered":"<p>Postado 08\/06\/2021 Com a Escova Secadora 1200W Golden Rose ES-02 da Mondial, nunca foi t\u00e3o f\u00e1cil deixar o seu cabelo pronto para qualquer ocasi\u00e3o. Voc\u00ea pode sair de casa como sairia de um sal\u00e3o de beleza, pois gra\u00e7as \u00e0 sua rota\u00e7\u00e3o de 360oC n\u00e3o ser\u00e1 dif\u00edcil produzir um penteado sozinha. Ela possui 3 velocidades diferentes, controle de temperatura e tecnologias como revestimento cer\u00e2mico, que distribui o calor de maneira uniforme, garantindo uma maior prote\u00e7\u00e3o e mais rapidez para secar e modelar seu cabelo, enquanto emite \u00edons negativos, que selam a cut\u00edcula dos fios, eliminando o indesejado efeito arrepiado (frizz), proporcionando mais brilho e maciez para te deixar com cabelo de capa de revista. Tenha cabelos perfeitos e cut\u00edculas super alinhadas em poucos minutos. Alta tecnologia em apenas um movimento, com um design revolucion\u00e1rio que conta com sa\u00eddas de ar e fluxo intenso, cerdas mistas flex\u00edveis com pontas arrendondadas que deslizam suavemente desembara\u00e7ando e alinhando os fios sem danific\u00e1-los. Seu visual impec\u00e1vel!ATEN\u00c7\u00c3O: ESSE MODELO N\u00c3O \u00c9 UMA ESCOVA ROTATIVA. A equipe Promo\u00e7\u00f5es do dia divulga produtos de nossos parceiros, sendo a venda e p\u00f3s venda de responsabilidade dos mesmos.<\/p>\n","protected":false},"featured_media":101,"template":"","meta":{"_uag_custom_page_level_css":"","site-sidebar-layout":"default","site-content-layout":"","ast-site-content-layout":"default","site-content-style":"default","site-sidebar-style":"default","ast-global-header-display":"","ast-banner-title-visibility":"","ast-main-header-display":"","ast-hfb-above-header-display":"","ast-hfb-below-header-display":"","ast-hfb-mobile-header-display":"","site-post-title":"","ast-breadcrumbs-content":"","ast-featured-img":"","footer-sml-layout":"","theme-transparent-header-meta":"","adv-header-id-meta":"","stick-header-meta":"","header-above-stick-meta":"","header-main-stick-meta":"","header-below-stick-meta":"","astra-migrate-meta-layouts":"default","ast-page-background-enabled":"default","ast-page-background-meta":{"desktop":{"background-color":"","background-image":"","background-repeat":"repeat","background-position":"center center","background-size":"auto","background-attachment":"scroll","background-type":"","background-media":"","overlay-type":"","overlay-color":"","overlay-opacity":"","overlay-gradient":""},"tablet":{"background-color":"","background-image":"","background-repeat":"repeat","background-position":"center center","background-size":"auto","background-attachment":"scroll","background-type":"","background-media":"","overlay-type":"","overlay-color":"","overlay-opacity":"","overlay-gradient":""},"mobile":{"background-color":"","background-image":"","background-repeat":"repeat","background-position":"center center","background-size":"auto","background-attachment":"scroll","background-type":"","background-media":"","overlay-type":"","overlay-color":"","overlay-opacity":"","overlay-gradient":""}},"ast-content-background-meta":{"desktop":{"background-color":"var(--ast-global-color-5)","background-image":"","background-repeat":"repeat","background-position":"center center","background-size":"auto","background-attachment":"scroll","background-type":"","background-media":"","overlay-type":"","overlay-color":"","overlay-opacity":"","overlay-gradient":""},"tablet":{"background-color":"var(--ast-global-color-5)","background-image":"","background-repeat":"repeat","background-position":"center center","background-size":"auto","background-attachment":"scroll","background-type":"","background-media":"","overlay-type":"","overlay-color":"","overlay-opacity":"","overlay-gradient":""},"mobile":{"background-color":"var(--ast-global-color-5)","background-image":"","background-repeat":"repeat","background-position":"center center","background-size":"auto","background-attachment":"scroll","background-type":"","background-media":"","overlay-type":"","overlay-color":"","overlay-opacity":"","overlay-gradient":""}}},"product_brand":[],"product_cat":[33,34],"product_tag":[],"class_list":{"0":"post-100","1":"product","2":"type-product","3":"status-publish","4":"has-post-thumbnail","6":"product_cat-beleza-e-perfumaria","7":"product_cat-secador","8":"desktop-align-center","9":"tablet-align-left","10":"mobile-align-center","12":"first","13":"instock","14":"sale","15":"shipping-taxable","16":"product-type-external"},"uagb_featured_image_src":{"full":["https:\/\/promocaododia.com.br\/site\/wp-content\/uploads\/2021\/06\/escova-secadora.jpg",250,250,false],"thumbnail":["https:\/\/promocaododia.com.br\/site\/wp-content\/uploads\/2021\/06\/escova-secadora-150x150.jpg",150,150,true],"medium":["https:\/\/promocaododia.com.br\/site\/wp-content\/uploads\/2021\/06\/escova-secadora.jpg",250,250,false],"medium_large":["https:\/\/promocaododia.com.br\/site\/wp-content\/uploads\/2021\/06\/escova-secadora.jpg",250,250,false],"large":["https:\/\/promocaododia.com.br\/site\/wp-content\/uploads\/2021\/06\/escova-secadora.jpg",250,250,false],"1536x1536":["https:\/\/promocaododia.com.br\/site\/wp-content\/uploads\/2021\/06\/escova-secadora.jpg",250,250,false],"2048x2048":["https:\/\/promocaododia.com.br\/site\/wp-content\/uploads\/2021\/06\/escova-secadora.jpg",250,250,false],"woocommerce_thumbnail":["https:\/\/promocaododia.com.br\/site\/wp-content\/uploads\/2021\/06\/escova-secadora-250x250.jpg",250,250,true],"woocommerce_single":["https:\/\/promocaododia.com.br\/site\/wp-content\/uploads\/2021\/06\/escova-secadora.jpg",250,250,false],"woocommerce_gallery_thumbnail":["https:\/\/promocaododia.com.br\/site\/wp-content\/uploads\/2021\/06\/escova-secadora-100x100.jpg",100,100,true]},"uagb_author_info":{"display_name":"danilo.gbr","author_link":"https:\/\/promocaododia.com.br\/site\/author\/"},"uagb_comment_info":0,"uagb_excerpt":"Postado 08\/06\/2021 Com a Escova Secadora 1200W Golden Rose ES-02 da Mondial, nunca foi t\u00e3o f\u00e1cil deixar o seu cabelo pronto para qualquer ocasi\u00e3o. Voc\u00ea pode sair de casa como sairia de um sal\u00e3o de beleza, pois gra\u00e7as \u00e0 sua rota\u00e7\u00e3o de 360oC n\u00e3o ser\u00e1 dif\u00edcil produzir um penteado sozinha. Ela possui 3 velocidades diferentes,&hellip;","_links":{"self":[{"href":"https:\/\/promocaododia.com.br\/site\/wp-json\/wp\/v2\/product\/100","targetHints":{"allow":["GET"]}}],"collection":[{"href":"https:\/\/promocaododia.com.br\/site\/wp-json\/wp\/v2\/product"}],"about":[{"href":"https:\/\/promocaododia.com.br\/site\/wp-json\/wp\/v2\/types\/product"}],"wp:featuredmedia":[{"embeddable":true,"href":"https:\/\/promocaododia.com.br\/site\/wp-json\/wp\/v2\/media\/101"}],"wp:attachment":[{"href":"https:\/\/promocaododia.com.br\/site\/wp-json\/wp\/v2\/media?parent=100"}],"wp:term":[{"taxonomy":"product_brand","embeddable":true,"href":"https:\/\/promocaododia.com.br\/site\/wp-json\/wp\/v2\/product_brand?post=100"},{"taxonomy":"product_cat","embeddable":true,"href":"https:\/\/promocaododia.com.br\/site\/wp-json\/wp\/v2\/product_cat?post=100"},{"taxonomy":"product_tag","embeddable":true,"href":"https:\/\/promocaododia.com.br\/site\/wp-json\/wp\/v2\/product_tag?post=100"}],"curies":[{"name":"wp","href":"https:\/\/api.w.org\/{rel}","templated":true}]}}