{"id":1007,"date":"2022-11-08T18:56:02","date_gmt":"2022-11-08T21:56:02","guid":{"rendered":"https:\/\/promocaododia.com.br\/site\/?post_type=product&#038;p=1007"},"modified":"2022-11-08T18:56:02","modified_gmt":"2022-11-08T21:56:02","slug":"papel-toalha-kitchen-jumbo-folha-dupla-pack-com-3-rolos-de-120-unidades-de-19x20-cm-cada","status":"publish","type":"product","link":"https:\/\/promocaododia.com.br\/site\/produto\/papel-toalha-kitchen-jumbo-folha-dupla-pack-com-3-rolos-de-120-unidades-de-19x20-cm-cada\/","title":{"rendered":"Papel Toalha Kitchen Jumbo Folha Dupla &#8211; Pack com 3 rolos de 120 unidades de 19&#215;20 cm cada"},"content":{"rendered":"<div id=\"productOverview_feature_div\" class=\"celwidget\" data-feature-name=\"productOverview\" data-csa-c-type=\"widget\" data-csa-c-content-id=\"productOverview\" data-csa-c-slot-id=\"productOverview_feature_div\" data-csa-c-asin=\"B07CWBK4GC\" data-csa-c-is-in-initial-active-row=\"false\" data-cel-widget=\"productOverview_feature_div\" data-csa-c-id=\"tj718j-3ygmv8-13ogjz-ccz3r1\">\n<div class=\"a-section a-spacing-small a-spacing-top-small\">\n<table class=\"a-normal a-spacing-micro\">\n<tbody>\n<tr class=\"a-spacing-small po-brand\">\n<td class=\"a-span3\"><span class=\"a-size-base a-text-bold\">Marca<\/span><\/td>\n<td class=\"a-span9\"><span class=\"a-size-base\">Kitchen<\/span><\/td>\n<\/tr>\n<tr class=\"a-spacing-small po-unit_count\">\n<td class=\"a-span3\"><span class=\"a-size-base a-text-bold\">Contagem de unidades<\/span><\/td>\n<td class=\"a-span9\"><span class=\"a-size-base\">330 Unidade<\/span><\/td>\n<\/tr>\n<tr class=\"a-spacing-small po-ply\">\n<td class=\"a-span3\"><span class=\"a-size-base a-text-bold\">Classifica\u00e7\u00e3o da lona<\/span><\/td>\n<td class=\"a-span9\"><span class=\"a-size-base\">2 folhas<\/span><\/td>\n<\/tr>\n<tr class=\"a-spacing-small po-color\">\n<td class=\"a-span3\"><span class=\"a-size-base a-text-bold\">Cor<\/span><\/td>\n<td class=\"a-span9\"><span class=\"a-size-base\">Branco<\/span><\/td>\n<\/tr>\n<tr class=\"a-spacing-small po-number_of_items\">\n<td class=\"a-span3\"><span class=\"a-size-base a-text-bold\">N\u00famero de itens<\/span><\/td>\n<td class=\"a-span9\"><span class=\"a-size-base\">1<\/span><\/td>\n<\/tr>\n<\/tbody>\n<\/table>\n<\/div>\n<\/div>\n<div id=\"featurebullets_feature_div\" class=\"celwidget\" data-feature-name=\"featurebullets\" data-csa-c-type=\"widget\" data-csa-c-content-id=\"featurebullets\" data-csa-c-slot-id=\"featurebullets_feature_div\" data-csa-c-asin=\"B07CWBK4GC\" data-csa-c-is-in-initial-active-row=\"false\" data-cel-widget=\"featurebullets_feature_div\" data-csa-c-id=\"r4k13y-gikmj6-vcaune-mc9ovt\">\n<div id=\"feature-bullets\" class=\"a-section a-spacing-medium a-spacing-top-small\">\n<hr \/>\n<h1 class=\"a-size-base-plus a-text-bold\">Sobre este item<\/h1>\n<ul class=\"a-unordered-list a-vertical a-spacing-mini\">\n<li><span class=\"a-list-item\">M\u00e1xima absor\u00e7\u00e3o<\/span><\/li>\n<li><span class=\"a-list-item\">Maior rendimento<\/span><\/li>\n<li><span class=\"a-list-item\">Multiuso<\/span><\/li>\n<li><span class=\"a-list-item\">Maior resist\u00eancia<\/span><\/li>\n<\/ul>\n<\/div>\n<\/div>\n","protected":false},"excerpt":{"rendered":"<p>Marca Kitchen Contagem de unidades 330 Unidade Classifica\u00e7\u00e3o da lona 2 folhas Cor Branco N\u00famero de itens 1 Sobre este item M\u00e1xima absor\u00e7\u00e3o Maior rendimento Multiuso Maior resist\u00eancia<\/p>\n","protected":false},"featured_media":1008,"template":"","meta":{"_uag_custom_page_level_css":"","site-sidebar-layout":"default","site-content-layout":"default","ast-site-content-layout":"default","site-content-style":"default","site-sidebar-style":"default","ast-global-header-display":"","ast-banner-title-visibility":"","ast-main-header-display":"","ast-hfb-above-header-display":"","ast-hfb-below-header-display":"","ast-hfb-mobile-header-display":"","site-post-title":"","ast-breadcrumbs-content":"","ast-featured-img":"","footer-sml-layout":"","theme-transparent-header-meta":"default","adv-header-id-meta":"","stick-header-meta":"","header-above-stick-meta":"","header-main-stick-meta":"","header-below-stick-meta":"","astra-migrate-meta-layouts":"default","ast-page-background-enabled":"default","ast-page-background-meta":{"desktop":{"background-color":"","background-image":"","background-repeat":"repeat","background-position":"center center","background-size":"auto","background-attachment":"scroll","background-type":"","background-media":"","overlay-type":"","overlay-color":"","overlay-opacity":"","overlay-gradient":""},"tablet":{"background-color":"","background-image":"","background-repeat":"repeat","background-position":"center center","background-size":"auto","background-attachment":"scroll","background-type":"","background-media":"","overlay-type":"","overlay-color":"","overlay-opacity":"","overlay-gradient":""},"mobile":{"background-color":"","background-image":"","background-repeat":"repeat","background-position":"center center","background-size":"auto","background-attachment":"scroll","background-type":"","background-media":"","overlay-type":"","overlay-color":"","overlay-opacity":"","overlay-gradient":""}},"ast-content-background-meta":{"desktop":{"background-color":"var(--ast-global-color-5)","background-image":"","background-repeat":"repeat","background-position":"center center","background-size":"auto","background-attachment":"scroll","background-type":"","background-media":"","overlay-type":"","overlay-color":"","overlay-opacity":"","overlay-gradient":""},"tablet":{"background-color":"var(--ast-global-color-5)","background-image":"","background-repeat":"repeat","background-position":"center center","background-size":"auto","background-attachment":"scroll","background-type":"","background-media":"","overlay-type":"","overlay-color":"","overlay-opacity":"","overlay-gradient":""},"mobile":{"background-color":"var(--ast-global-color-5)","background-image":"","background-repeat":"repeat","background-position":"center center","background-size":"auto","background-attachment":"scroll","background-type":"","background-media":"","overlay-type":"","overlay-color":"","overlay-opacity":"","overlay-gradient":""}}},"product_brand":[],"product_cat":[15],"product_tag":[228,85,87],"class_list":{"0":"post-1007","1":"product","2":"type-product","3":"status-publish","4":"has-post-thumbnail","6":"product_cat-promocoes","7":"product_tag-limpeza","8":"product_tag-mercado","9":"product_tag-produto-de-limpeza","10":"desktop-align-center","11":"tablet-align-left","12":"mobile-align-center","14":"first","15":"instock","16":"sale","17":"shipping-taxable","18":"product-type-external"},"uagb_featured_image_src":{"full":["https:\/\/promocaododia.com.br\/site\/wp-content\/uploads\/2022\/11\/Papel-Toalha-Kitchen-Jumbo-Folha-Dupla-Pack-com-3-rolos-de-120-unidades-de-19x20-cm-cada.jpg",600,600,false],"thumbnail":["https:\/\/promocaododia.com.br\/site\/wp-content\/uploads\/2022\/11\/Papel-Toalha-Kitchen-Jumbo-Folha-Dupla-Pack-com-3-rolos-de-120-unidades-de-19x20-cm-cada-150x150.jpg",150,150,true],"medium":["https:\/\/promocaododia.com.br\/site\/wp-content\/uploads\/2022\/11\/Papel-Toalha-Kitchen-Jumbo-Folha-Dupla-Pack-com-3-rolos-de-120-unidades-de-19x20-cm-cada-300x300.jpg",300,300,true],"medium_large":["https:\/\/promocaododia.com.br\/site\/wp-content\/uploads\/2022\/11\/Papel-Toalha-Kitchen-Jumbo-Folha-Dupla-Pack-com-3-rolos-de-120-unidades-de-19x20-cm-cada.jpg",600,600,false],"large":["https:\/\/promocaododia.com.br\/site\/wp-content\/uploads\/2022\/11\/Papel-Toalha-Kitchen-Jumbo-Folha-Dupla-Pack-com-3-rolos-de-120-unidades-de-19x20-cm-cada.jpg",600,600,false],"1536x1536":["https:\/\/promocaododia.com.br\/site\/wp-content\/uploads\/2022\/11\/Papel-Toalha-Kitchen-Jumbo-Folha-Dupla-Pack-com-3-rolos-de-120-unidades-de-19x20-cm-cada.jpg",600,600,false],"2048x2048":["https:\/\/promocaododia.com.br\/site\/wp-content\/uploads\/2022\/11\/Papel-Toalha-Kitchen-Jumbo-Folha-Dupla-Pack-com-3-rolos-de-120-unidades-de-19x20-cm-cada.jpg",600,600,false],"woocommerce_thumbnail":["https:\/\/promocaododia.com.br\/site\/wp-content\/uploads\/2022\/11\/Papel-Toalha-Kitchen-Jumbo-Folha-Dupla-Pack-com-3-rolos-de-120-unidades-de-19x20-cm-cada-250x250.jpg",250,250,true],"woocommerce_single":["https:\/\/promocaododia.com.br\/site\/wp-content\/uploads\/2022\/11\/Papel-Toalha-Kitchen-Jumbo-Folha-Dupla-Pack-com-3-rolos-de-120-unidades-de-19x20-cm-cada-250x250.jpg",250,250,true],"woocommerce_gallery_thumbnail":["https:\/\/promocaododia.com.br\/site\/wp-content\/uploads\/2022\/11\/Papel-Toalha-Kitchen-Jumbo-Folha-Dupla-Pack-com-3-rolos-de-120-unidades-de-19x20-cm-cada-100x100.jpg",100,100,true]},"uagb_author_info":{"display_name":"danilo.gbr","author_link":"https:\/\/promocaododia.com.br\/site\/author\/"},"uagb_comment_info":0,"uagb_excerpt":"Marca Kitchen Contagem de unidades 330 Unidade Classifica\u00e7\u00e3o da lona 2 folhas Cor Branco N\u00famero de itens 1 Sobre este item M\u00e1xima absor\u00e7\u00e3o Maior rendimento Multiuso Maior resist\u00eancia","_links":{"self":[{"href":"https:\/\/promocaododia.com.br\/site\/wp-json\/wp\/v2\/product\/1007","targetHints":{"allow":["GET"]}}],"collection":[{"href":"https:\/\/promocaododia.com.br\/site\/wp-json\/wp\/v2\/product"}],"about":[{"href":"https:\/\/promocaododia.com.br\/site\/wp-json\/wp\/v2\/types\/product"}],"wp:featuredmedia":[{"embeddable":true,"href":"https:\/\/promocaododia.com.br\/site\/wp-json\/wp\/v2\/media\/1008"}],"wp:attachment":[{"href":"https:\/\/promocaododia.com.br\/site\/wp-json\/wp\/v2\/media?parent=1007"}],"wp:term":[{"taxonomy":"product_brand","embeddable":true,"href":"https:\/\/promocaododia.com.br\/site\/wp-json\/wp\/v2\/product_brand?post=1007"},{"taxonomy":"product_cat","embeddable":true,"href":"https:\/\/promocaododia.com.br\/site\/wp-json\/wp\/v2\/product_cat?post=1007"},{"taxonomy":"product_tag","embeddable":true,"href":"https:\/\/promocaododia.com.br\/site\/wp-json\/wp\/v2\/product_tag?post=1007"}],"curies":[{"name":"wp","href":"https:\/\/api.w.org\/{rel}","templated":true}]}}