{"id":1023,"date":"2022-11-09T21:45:14","date_gmt":"2022-11-10T00:45:14","guid":{"rendered":"https:\/\/promocaododia.com.br\/site\/?post_type=product&#038;p=1023"},"modified":"2022-11-09T21:45:15","modified_gmt":"2022-11-10T00:45:15","slug":"smartphone-infinix-note-10-pro-prata-128gb-8gb-ram-camera-quadrupla-ate-64-mp-bateria-de-5000-mah-tela-695-de-90-hz-fullhd-dual-chip","status":"publish","type":"product","link":"https:\/\/promocaododia.com.br\/site\/produto\/smartphone-infinix-note-10-pro-prata-128gb-8gb-ram-camera-quadrupla-ate-64-mp-bateria-de-5000-mah-tela-695-de-90-hz-fullhd-dual-chip\/","title":{"rendered":"Smartphone infinix Note 10 Pro Prata 128GB, 8GB RAM, C\u00e2mera Qu\u00e1drupla at\u00e9 64 MP, Bateria de 5000 mAh, Tela 6,95\u201d de 90 Hz FullHD, Dual Chip"},"content":{"rendered":"<p>O Melhor modelo Note da infinix, sexta maior fabricante de Smartphones do mundo, o\u00a0<strong>Infinix Note 10 Pro<\/strong>chega oficialmente ao Brasil Poderoso, o\u00a0<strong>Infinix Note 10 Pro<\/strong>\u00a0traz a maior mem\u00f3ria da categoria, com 128 GB de armazenamento e 8 GB de RAM. Al\u00e9m disso, ele conta com o MediaTek Helio G95 o melhor processador da linha Gamer. Com foco em desempenho, ele tamb\u00e9m conta com solu\u00e7\u00f5es especiais para jogos, como o Dar-link, que oferece otimiza\u00e7\u00e3o de imagem e redu\u00e7\u00e3o de at\u00e9 4 \u00baC na temperatura do aparelho durante jogos. \u00c9 a solu\u00e7\u00e3o definitiva para os problemas de espa\u00e7o e desempenho no seu Smartphone.<\/p>\n<p>Desperte o fot\u00f3grafo que h\u00e1 em voc\u00ea. O\u00a0<strong>Infinix Note 10 Pro<\/strong>\u00a0tem um conjunto completo e poderoso de 4 c\u00e2meras contando com um m\u00f3dulo principal de 64 MP com tecnologia Ultra Night que permite fotografar momentos em ambientes de baixa luminosidade e m\u00f3dulos auxiliares para fotos amplas com a lente Ultrawide, Super Macro para fotos em at\u00e9 2,5 cm de dist\u00e2ncia das c\u00e2meras e modo Retrato para fotos com o fundo desfocado. Al\u00e9m disso, as c\u00e2meras contam com recursos de processamento de imagem utilizando Intelig\u00eancia Artificial para garantir os melhores ajustes automaticamente para voc\u00ea.<\/p>\n<p>Bateria para o dia todo. Com 5000 mAh de capacidade, o\u00a0<strong>&lt; pode entregar mais de 1 dia de autonomia de uso normal\u00b3, e com o carregador X Charge Super R\u00e1pido de 33W, voc\u00ea pode ter at\u00e9 2 horas de autonomia com apenas 5 minutos de carga.<\/p>\n<p>Experi\u00eancia visual imersiva. Com a\u00a0maior tela do mercado de 6,95 polegadas\u00a0e resolu\u00e7\u00e3o Full HD, tenha uma experi\u00eancia de tela impressionante, al\u00e9m de contar com a fluidez dos 90 Hz de taxa de atualiza\u00e7\u00e3o e sensibilidade de toque de 180 Hz, principalmente para melhorar a precis\u00e3o nos jogos.<\/p>\n<p>O\u00a0Infinix Note 10 Pro\u00a0entrega uma experi\u00eancia completa, n\u00e3o somente nas especifica\u00e7\u00f5es principais. Al\u00e9m de todo o conjunto principal bem desenvolvido, ele traz um design inovador e premiado, vencedor do iF Design Awards 2021 Tamb\u00e9m entrega uma experi\u00eancia sonora de primeira qualidade, com alto falantes duplos e tecnologia Surround DTS.<br \/>\n<span style=\"font-size: xx-small;\">Al\u00e9m da performance incr\u00edvel, tenha toda a seguran\u00e7a que voc\u00ea precisa atrav\u00e9s dos certificados da ANATEL e assist\u00eancia t\u00e9cnica autorizada em todo o brasil. O Infinix Not 10 Pro \u00e9 a sua escolha inteligente Infinix, o mais perto que se pode chegar do infinito.<\/span><\/strong><\/p>\n","protected":false},"excerpt":{"rendered":"<p>O Melhor modelo Note da infinix, sexta maior fabricante de Smartphones do mundo, o\u00a0Infinix Note 10 Prochega oficialmente ao Brasil Poderoso, o\u00a0Infinix Note 10 Pro\u00a0traz a maior mem\u00f3ria da categoria, com 128 GB de armazenamento e 8 GB de RAM. Al\u00e9m disso, ele conta com o MediaTek Helio G95 o melhor processador da linha Gamer. Com foco em desempenho, ele tamb\u00e9m conta com solu\u00e7\u00f5es especiais para jogos, como o Dar-link, que oferece otimiza\u00e7\u00e3o de imagem e redu\u00e7\u00e3o de at\u00e9 4 \u00baC na temperatura do aparelho durante jogos. \u00c9 a solu\u00e7\u00e3o definitiva para os problemas de espa\u00e7o e desempenho no seu Smartphone. Desperte o fot\u00f3grafo que h\u00e1 em voc\u00ea. O\u00a0Infinix Note 10 Pro\u00a0tem um conjunto completo e poderoso de 4 c\u00e2meras contando com um m\u00f3dulo principal de 64 MP com tecnologia Ultra Night que permite fotografar momentos em ambientes de baixa luminosidade e m\u00f3dulos auxiliares para fotos amplas com a lente Ultrawide, Super Macro para fotos em at\u00e9 2,5 cm de dist\u00e2ncia das c\u00e2meras e modo Retrato para fotos com o fundo desfocado. Al\u00e9m disso, as c\u00e2meras contam com recursos de processamento de imagem utilizando Intelig\u00eancia Artificial para garantir os melhores ajustes automaticamente para voc\u00ea. Bateria para o dia todo. Com 5000 mAh de capacidade, o\u00a0&lt; pode entregar mais de 1 dia de autonomia de uso normal\u00b3, e com o carregador X Charge Super R\u00e1pido de 33W, voc\u00ea pode ter at\u00e9 2 horas de autonomia com apenas 5 minutos de carga. Experi\u00eancia visual imersiva. Com a\u00a0maior tela do mercado de 6,95 polegadas\u00a0e resolu\u00e7\u00e3o Full HD, tenha uma experi\u00eancia de tela impressionante, al\u00e9m de contar com a fluidez dos 90 Hz de taxa de atualiza\u00e7\u00e3o e sensibilidade de toque de 180 Hz, principalmente para melhorar a precis\u00e3o nos jogos. O\u00a0Infinix Note 10 Pro\u00a0entrega uma experi\u00eancia completa, n\u00e3o somente nas especifica\u00e7\u00f5es principais. Al\u00e9m de todo o conjunto principal bem desenvolvido, ele traz um design inovador e premiado, vencedor do iF Design Awards 2021 Tamb\u00e9m entrega uma experi\u00eancia sonora de primeira qualidade, com alto falantes duplos e tecnologia Surround DTS. Al\u00e9m da performance incr\u00edvel, tenha toda a seguran\u00e7a que voc\u00ea precisa atrav\u00e9s dos certificados da ANATEL e assist\u00eancia t\u00e9cnica autorizada em todo o brasil. O Infinix Not 10 Pro \u00e9 a sua escolha inteligente Infinix, o mais perto que se pode chegar do infinito.<\/p>\n","protected":false},"featured_media":1024,"template":"","meta":{"_uag_custom_page_level_css":"","site-sidebar-layout":"default","site-content-layout":"default","ast-site-content-layout":"default","site-content-style":"default","site-sidebar-style":"default","ast-global-header-display":"","ast-banner-title-visibility":"","ast-main-header-display":"","ast-hfb-above-header-display":"","ast-hfb-below-header-display":"","ast-hfb-mobile-header-display":"","site-post-title":"","ast-breadcrumbs-content":"","ast-featured-img":"","footer-sml-layout":"","theme-transparent-header-meta":"default","adv-header-id-meta":"","stick-header-meta":"","header-above-stick-meta":"","header-main-stick-meta":"","header-below-stick-meta":"","astra-migrate-meta-layouts":"default","ast-page-background-enabled":"default","ast-page-background-meta":{"desktop":{"background-color":"","background-image":"","background-repeat":"repeat","background-position":"center center","background-size":"auto","background-attachment":"scroll","background-type":"","background-media":"","overlay-type":"","overlay-color":"","overlay-opacity":"","overlay-gradient":""},"tablet":{"background-color":"","background-image":"","background-repeat":"repeat","background-position":"center center","background-size":"auto","background-attachment":"scroll","background-type":"","background-media":"","overlay-type":"","overlay-color":"","overlay-opacity":"","overlay-gradient":""},"mobile":{"background-color":"","background-image":"","background-repeat":"repeat","background-position":"center center","background-size":"auto","background-attachment":"scroll","background-type":"","background-media":"","overlay-type":"","overlay-color":"","overlay-opacity":"","overlay-gradient":""}},"ast-content-background-meta":{"desktop":{"background-color":"var(--ast-global-color-5)","background-image":"","background-repeat":"repeat","background-position":"center center","background-size":"auto","background-attachment":"scroll","background-type":"","background-media":"","overlay-type":"","overlay-color":"","overlay-opacity":"","overlay-gradient":""},"tablet":{"background-color":"var(--ast-global-color-5)","background-image":"","background-repeat":"repeat","background-position":"center center","background-size":"auto","background-attachment":"scroll","background-type":"","background-media":"","overlay-type":"","overlay-color":"","overlay-opacity":"","overlay-gradient":""},"mobile":{"background-color":"var(--ast-global-color-5)","background-image":"","background-repeat":"repeat","background-position":"center center","background-size":"auto","background-attachment":"scroll","background-type":"","background-media":"","overlay-type":"","overlay-color":"","overlay-opacity":"","overlay-gradient":""}}},"product_brand":[],"product_cat":[15],"product_tag":[260,403,91,490,90],"class_list":{"0":"post-1023","1":"product","2":"type-product","3":"status-publish","4":"has-post-thumbnail","6":"product_cat-promocoes","7":"product_tag-128gb","8":"product_tag-8gb-ram","9":"product_tag-celular","10":"product_tag-infinix","11":"product_tag-smartphone","12":"desktop-align-center","13":"tablet-align-left","14":"mobile-align-center","16":"first","17":"instock","18":"sale","19":"shipping-taxable","20":"product-type-external"},"uagb_featured_image_src":{"full":["https:\/\/promocaododia.com.br\/site\/wp-content\/uploads\/2022\/11\/Smartphone-infinix-Note-10-Pro-Prata-128GB-8GB-RAM-Camera-Quadrupla-ate-64-MP-Bateria-de-5000-mAh-Tela-695-de-90-Hz-FullHD-Dual-Chip.jpg",600,600,false],"thumbnail":["https:\/\/promocaododia.com.br\/site\/wp-content\/uploads\/2022\/11\/Smartphone-infinix-Note-10-Pro-Prata-128GB-8GB-RAM-Camera-Quadrupla-ate-64-MP-Bateria-de-5000-mAh-Tela-695-de-90-Hz-FullHD-Dual-Chip-150x150.jpg",150,150,true],"medium":["https:\/\/promocaododia.com.br\/site\/wp-content\/uploads\/2022\/11\/Smartphone-infinix-Note-10-Pro-Prata-128GB-8GB-RAM-Camera-Quadrupla-ate-64-MP-Bateria-de-5000-mAh-Tela-695-de-90-Hz-FullHD-Dual-Chip-300x300.jpg",300,300,true],"medium_large":["https:\/\/promocaododia.com.br\/site\/wp-content\/uploads\/2022\/11\/Smartphone-infinix-Note-10-Pro-Prata-128GB-8GB-RAM-Camera-Quadrupla-ate-64-MP-Bateria-de-5000-mAh-Tela-695-de-90-Hz-FullHD-Dual-Chip.jpg",600,600,false],"large":["https:\/\/promocaododia.com.br\/site\/wp-content\/uploads\/2022\/11\/Smartphone-infinix-Note-10-Pro-Prata-128GB-8GB-RAM-Camera-Quadrupla-ate-64-MP-Bateria-de-5000-mAh-Tela-695-de-90-Hz-FullHD-Dual-Chip.jpg",600,600,false],"1536x1536":["https:\/\/promocaododia.com.br\/site\/wp-content\/uploads\/2022\/11\/Smartphone-infinix-Note-10-Pro-Prata-128GB-8GB-RAM-Camera-Quadrupla-ate-64-MP-Bateria-de-5000-mAh-Tela-695-de-90-Hz-FullHD-Dual-Chip.jpg",600,600,false],"2048x2048":["https:\/\/promocaododia.com.br\/site\/wp-content\/uploads\/2022\/11\/Smartphone-infinix-Note-10-Pro-Prata-128GB-8GB-RAM-Camera-Quadrupla-ate-64-MP-Bateria-de-5000-mAh-Tela-695-de-90-Hz-FullHD-Dual-Chip.jpg",600,600,false],"woocommerce_thumbnail":["https:\/\/promocaododia.com.br\/site\/wp-content\/uploads\/2022\/11\/Smartphone-infinix-Note-10-Pro-Prata-128GB-8GB-RAM-Camera-Quadrupla-ate-64-MP-Bateria-de-5000-mAh-Tela-695-de-90-Hz-FullHD-Dual-Chip-250x250.jpg",250,250,true],"woocommerce_single":["https:\/\/promocaododia.com.br\/site\/wp-content\/uploads\/2022\/11\/Smartphone-infinix-Note-10-Pro-Prata-128GB-8GB-RAM-Camera-Quadrupla-ate-64-MP-Bateria-de-5000-mAh-Tela-695-de-90-Hz-FullHD-Dual-Chip-250x250.jpg",250,250,true],"woocommerce_gallery_thumbnail":["https:\/\/promocaododia.com.br\/site\/wp-content\/uploads\/2022\/11\/Smartphone-infinix-Note-10-Pro-Prata-128GB-8GB-RAM-Camera-Quadrupla-ate-64-MP-Bateria-de-5000-mAh-Tela-695-de-90-Hz-FullHD-Dual-Chip-100x100.jpg",100,100,true]},"uagb_author_info":{"display_name":"danilo.gbr","author_link":"https:\/\/promocaododia.com.br\/site\/author\/"},"uagb_comment_info":0,"uagb_excerpt":"O Melhor modelo Note da infinix, sexta maior fabricante de Smartphones do mundo, o\u00a0Infinix Note 10 Prochega oficialmente ao Brasil Poderoso, o\u00a0Infinix Note 10 Pro\u00a0traz a maior mem\u00f3ria da categoria, com 128 GB de armazenamento e 8 GB de RAM. Al\u00e9m disso, ele conta com o MediaTek Helio G95 o melhor processador da linha Gamer.&hellip;","_links":{"self":[{"href":"https:\/\/promocaododia.com.br\/site\/wp-json\/wp\/v2\/product\/1023","targetHints":{"allow":["GET"]}}],"collection":[{"href":"https:\/\/promocaododia.com.br\/site\/wp-json\/wp\/v2\/product"}],"about":[{"href":"https:\/\/promocaododia.com.br\/site\/wp-json\/wp\/v2\/types\/product"}],"wp:featuredmedia":[{"embeddable":true,"href":"https:\/\/promocaododia.com.br\/site\/wp-json\/wp\/v2\/media\/1024"}],"wp:attachment":[{"href":"https:\/\/promocaododia.com.br\/site\/wp-json\/wp\/v2\/media?parent=1023"}],"wp:term":[{"taxonomy":"product_brand","embeddable":true,"href":"https:\/\/promocaododia.com.br\/site\/wp-json\/wp\/v2\/product_brand?post=1023"},{"taxonomy":"product_cat","embeddable":true,"href":"https:\/\/promocaododia.com.br\/site\/wp-json\/wp\/v2\/product_cat?post=1023"},{"taxonomy":"product_tag","embeddable":true,"href":"https:\/\/promocaododia.com.br\/site\/wp-json\/wp\/v2\/product_tag?post=1023"}],"curies":[{"name":"wp","href":"https:\/\/api.w.org\/{rel}","templated":true}]}}