{"id":1027,"date":"2022-11-09T22:06:50","date_gmt":"2022-11-10T01:06:50","guid":{"rendered":"https:\/\/promocaododia.com.br\/site\/?post_type=product&#038;p=1027"},"modified":"2022-11-09T22:07:36","modified_gmt":"2022-11-10T01:07:36","slug":"apple-iphone-14-pro-256gb-roxo-profundo-61-48mp-ios-5g","status":"publish","type":"product","link":"https:\/\/promocaododia.com.br\/site\/produto\/apple-iphone-14-pro-256gb-roxo-profundo-61-48mp-ios-5g\/","title":{"rendered":"Apple iPhone 14 Pro 256GB Roxo-profundo 6,1\u201d 48MP &#8211; iOS 5G"},"content":{"rendered":"<p>iPhone 14 Pro. C\u00e2mera grande-angular de 48 MP para capturar detalhes impressionantes. Dynamic Island, uma nova forma de intera\u00e7\u00e3o no iPhone. Tela Sempre Ativa. E Detec\u00e7\u00e3o de Acidente*, um novo recurso de seguran\u00e7a que liga para a emerg\u00eancia se voc\u00ea n\u00e3o puder.<\/p>\n<p>Avisos legais<br \/>\n*O SOS de Emerg\u00eancia usa uma conex\u00e3o de rede celular ou chamadas Wi-Fi.<br \/>\n**A tela tem bordas arredondadas. Quando medida como um ret\u00e2ngulo, a tela tem 6,12 polegadas na diagonal. A \u00e1rea real de visualiza\u00e7\u00e3o \u00e9 menor.<br \/>\n***A dura\u00e7\u00e3o da bateria varia de acordo com o uso e a configura\u00e7\u00e3o. Consulte apple.com\/br\/batteries para obter mais informa\u00e7\u00f5es.<br \/>\n****\u00c9 preciso ter um plano de dados. 5G s\u00f3 est\u00e1 dispon\u00edvel em alguns pa\u00edses e por meio de determinadas operadoras. As velocidades variam de acordo com as condi\u00e7\u00f5es e operadoras locais. Para obter detalhes sobre a compatibilidade com 5G, entre em contato com sua operadora e consulte apple.com\/br\/iphone\/cellular.<br \/>\n*****O iPhone 14 Pro \u00e9 resistente a respingos, \u00e1gua e poeira e foi testado em condi\u00e7\u00f5es controladas em laborat\u00f3rio, classificado como IP68 segundo a norma IEC 60529 (profundidade m\u00e1xima de seis metros por at\u00e9 30 minutos). A resist\u00eancia a respingos, \u00e1gua e poeira n\u00e3o \u00e9 uma condi\u00e7\u00e3o permanente e pode diminuir com o tempo. N\u00e3o tente recarregar um iPhone molhado. Veja instru\u00e7\u00f5es de limpeza e secagem no Manual do Usu\u00e1rio. Danos decorrentes de contato com l\u00edquidos n\u00e3o est\u00e3o inclu\u00eddos na garantia.<br \/>\n******Alguns recursos podem n\u00e3o estar dispon\u00edveis em todos os pa\u00edses ou regi\u00f5es.&#8221;<\/p>\n","protected":false},"excerpt":{"rendered":"<p>iPhone 14 Pro. C\u00e2mera grande-angular de 48 MP para capturar detalhes impressionantes. Dynamic Island, uma nova forma de intera\u00e7\u00e3o no iPhone. Tela Sempre Ativa. E Detec\u00e7\u00e3o de Acidente*, um novo recurso de seguran\u00e7a que liga para a emerg\u00eancia se voc\u00ea n\u00e3o puder. Avisos legais *O SOS de Emerg\u00eancia usa uma conex\u00e3o de rede celular ou chamadas Wi-Fi. **A tela tem bordas arredondadas. Quando medida como um ret\u00e2ngulo, a tela tem 6,12 polegadas na diagonal. A \u00e1rea real de visualiza\u00e7\u00e3o \u00e9 menor. ***A dura\u00e7\u00e3o da bateria varia de acordo com o uso e a configura\u00e7\u00e3o. Consulte apple.com\/br\/batteries para obter mais informa\u00e7\u00f5es. ****\u00c9 preciso ter um plano de dados. 5G s\u00f3 est\u00e1 dispon\u00edvel em alguns pa\u00edses e por meio de determinadas operadoras. As velocidades variam de acordo com as condi\u00e7\u00f5es e operadoras locais. Para obter detalhes sobre a compatibilidade com 5G, entre em contato com sua operadora e consulte apple.com\/br\/iphone\/cellular. *****O iPhone 14 Pro \u00e9 resistente a respingos, \u00e1gua e poeira e foi testado em condi\u00e7\u00f5es controladas em laborat\u00f3rio, classificado como IP68 segundo a norma IEC 60529 (profundidade m\u00e1xima de seis metros por at\u00e9 30 minutos). A resist\u00eancia a respingos, \u00e1gua e poeira n\u00e3o \u00e9 uma condi\u00e7\u00e3o permanente e pode diminuir com o tempo. N\u00e3o tente recarregar um iPhone molhado. Veja instru\u00e7\u00f5es de limpeza e secagem no Manual do Usu\u00e1rio. Danos decorrentes de contato com l\u00edquidos n\u00e3o est\u00e3o inclu\u00eddos na garantia. ******Alguns recursos podem n\u00e3o estar dispon\u00edveis em todos os pa\u00edses ou regi\u00f5es.&#8221;<\/p>\n","protected":false},"featured_media":1028,"template":"","meta":{"_uag_custom_page_level_css":"","site-sidebar-layout":"default","site-content-layout":"default","ast-site-content-layout":"default","site-content-style":"default","site-sidebar-style":"default","ast-global-header-display":"","ast-banner-title-visibility":"","ast-main-header-display":"","ast-hfb-above-header-display":"","ast-hfb-below-header-display":"","ast-hfb-mobile-header-display":"","site-post-title":"","ast-breadcrumbs-content":"","ast-featured-img":"","footer-sml-layout":"","theme-transparent-header-meta":"default","adv-header-id-meta":"","stick-header-meta":"","header-above-stick-meta":"","header-main-stick-meta":"","header-below-stick-meta":"","astra-migrate-meta-layouts":"default","ast-page-background-enabled":"default","ast-page-background-meta":{"desktop":{"background-color":"","background-image":"","background-repeat":"repeat","background-position":"center center","background-size":"auto","background-attachment":"scroll","background-type":"","background-media":"","overlay-type":"","overlay-color":"","overlay-opacity":"","overlay-gradient":""},"tablet":{"background-color":"","background-image":"","background-repeat":"repeat","background-position":"center center","background-size":"auto","background-attachment":"scroll","background-type":"","background-media":"","overlay-type":"","overlay-color":"","overlay-opacity":"","overlay-gradient":""},"mobile":{"background-color":"","background-image":"","background-repeat":"repeat","background-position":"center center","background-size":"auto","background-attachment":"scroll","background-type":"","background-media":"","overlay-type":"","overlay-color":"","overlay-opacity":"","overlay-gradient":""}},"ast-content-background-meta":{"desktop":{"background-color":"var(--ast-global-color-5)","background-image":"","background-repeat":"repeat","background-position":"center center","background-size":"auto","background-attachment":"scroll","background-type":"","background-media":"","overlay-type":"","overlay-color":"","overlay-opacity":"","overlay-gradient":""},"tablet":{"background-color":"var(--ast-global-color-5)","background-image":"","background-repeat":"repeat","background-position":"center center","background-size":"auto","background-attachment":"scroll","background-type":"","background-media":"","overlay-type":"","overlay-color":"","overlay-opacity":"","overlay-gradient":""},"mobile":{"background-color":"var(--ast-global-color-5)","background-image":"","background-repeat":"repeat","background-position":"center center","background-size":"auto","background-attachment":"scroll","background-type":"","background-media":"","overlay-type":"","overlay-color":"","overlay-opacity":"","overlay-gradient":""}}},"product_brand":[],"product_cat":[23,24,35],"product_tag":[172,91,492,90],"class_list":{"0":"post-1027","1":"product","2":"type-product","3":"status-publish","4":"has-post-thumbnail","6":"product_cat-celulares-e-tablets","7":"product_cat-iphone","8":"product_cat-smartphone","9":"product_tag-apple","10":"product_tag-celular","11":"product_tag-iphone-14","12":"product_tag-smartphone","13":"desktop-align-center","14":"tablet-align-left","15":"mobile-align-center","17":"first","18":"instock","19":"sale","20":"shipping-taxable","21":"product-type-external"},"uagb_featured_image_src":{"full":["https:\/\/promocaododia.com.br\/site\/wp-content\/uploads\/2022\/11\/Apple-iPhone-14-Pro-256GB-Roxo-profundo-61-48MP-iOS-5G.jpg",600,600,false],"thumbnail":["https:\/\/promocaododia.com.br\/site\/wp-content\/uploads\/2022\/11\/Apple-iPhone-14-Pro-256GB-Roxo-profundo-61-48MP-iOS-5G-150x150.jpg",150,150,true],"medium":["https:\/\/promocaododia.com.br\/site\/wp-content\/uploads\/2022\/11\/Apple-iPhone-14-Pro-256GB-Roxo-profundo-61-48MP-iOS-5G-300x300.jpg",300,300,true],"medium_large":["https:\/\/promocaododia.com.br\/site\/wp-content\/uploads\/2022\/11\/Apple-iPhone-14-Pro-256GB-Roxo-profundo-61-48MP-iOS-5G.jpg",600,600,false],"large":["https:\/\/promocaododia.com.br\/site\/wp-content\/uploads\/2022\/11\/Apple-iPhone-14-Pro-256GB-Roxo-profundo-61-48MP-iOS-5G.jpg",600,600,false],"1536x1536":["https:\/\/promocaododia.com.br\/site\/wp-content\/uploads\/2022\/11\/Apple-iPhone-14-Pro-256GB-Roxo-profundo-61-48MP-iOS-5G.jpg",600,600,false],"2048x2048":["https:\/\/promocaododia.com.br\/site\/wp-content\/uploads\/2022\/11\/Apple-iPhone-14-Pro-256GB-Roxo-profundo-61-48MP-iOS-5G.jpg",600,600,false],"woocommerce_thumbnail":["https:\/\/promocaododia.com.br\/site\/wp-content\/uploads\/2022\/11\/Apple-iPhone-14-Pro-256GB-Roxo-profundo-61-48MP-iOS-5G-250x250.jpg",250,250,true],"woocommerce_single":["https:\/\/promocaododia.com.br\/site\/wp-content\/uploads\/2022\/11\/Apple-iPhone-14-Pro-256GB-Roxo-profundo-61-48MP-iOS-5G-250x250.jpg",250,250,true],"woocommerce_gallery_thumbnail":["https:\/\/promocaododia.com.br\/site\/wp-content\/uploads\/2022\/11\/Apple-iPhone-14-Pro-256GB-Roxo-profundo-61-48MP-iOS-5G-100x100.jpg",100,100,true]},"uagb_author_info":{"display_name":"danilo.gbr","author_link":"https:\/\/promocaododia.com.br\/site\/author\/"},"uagb_comment_info":0,"uagb_excerpt":"iPhone 14 Pro. C\u00e2mera grande-angular de 48 MP para capturar detalhes impressionantes. Dynamic Island, uma nova forma de intera\u00e7\u00e3o no iPhone. Tela Sempre Ativa. E Detec\u00e7\u00e3o de Acidente*, um novo recurso de seguran\u00e7a que liga para a emerg\u00eancia se voc\u00ea n\u00e3o puder. Avisos legais *O SOS de Emerg\u00eancia usa uma conex\u00e3o de rede celular ou&hellip;","_links":{"self":[{"href":"https:\/\/promocaododia.com.br\/site\/wp-json\/wp\/v2\/product\/1027","targetHints":{"allow":["GET"]}}],"collection":[{"href":"https:\/\/promocaododia.com.br\/site\/wp-json\/wp\/v2\/product"}],"about":[{"href":"https:\/\/promocaododia.com.br\/site\/wp-json\/wp\/v2\/types\/product"}],"wp:featuredmedia":[{"embeddable":true,"href":"https:\/\/promocaododia.com.br\/site\/wp-json\/wp\/v2\/media\/1028"}],"wp:attachment":[{"href":"https:\/\/promocaododia.com.br\/site\/wp-json\/wp\/v2\/media?parent=1027"}],"wp:term":[{"taxonomy":"product_brand","embeddable":true,"href":"https:\/\/promocaododia.com.br\/site\/wp-json\/wp\/v2\/product_brand?post=1027"},{"taxonomy":"product_cat","embeddable":true,"href":"https:\/\/promocaododia.com.br\/site\/wp-json\/wp\/v2\/product_cat?post=1027"},{"taxonomy":"product_tag","embeddable":true,"href":"https:\/\/promocaododia.com.br\/site\/wp-json\/wp\/v2\/product_tag?post=1027"}],"curies":[{"name":"wp","href":"https:\/\/api.w.org\/{rel}","templated":true}]}}