{"id":1031,"date":"2022-11-10T19:54:08","date_gmt":"2022-11-10T22:54:08","guid":{"rendered":"https:\/\/promocaododia.com.br\/site\/?post_type=product&#038;p=1031"},"modified":"2022-11-10T20:17:10","modified_gmt":"2022-11-10T23:17:10","slug":"smart-tv-50-4k-led-lg-nanocell-50nano75-wi-fi-bluetooth-hdr-alexa-google-assistente","status":"publish","type":"product","link":"https:\/\/promocaododia.com.br\/site\/produto\/smart-tv-50-4k-led-lg-nanocell-50nano75-wi-fi-bluetooth-hdr-alexa-google-assistente\/","title":{"rendered":"Smart TV 50\u201d 4K LED LG NanoCell 50NANO75 &#8211; Wi-Fi Bluetooth HDR Alexa Google Assistente"},"content":{"rendered":"<p>Para voc\u00ea que sempre gosta de reunir a fam\u00edlia e os amigos para assistir aquele filme engra\u00e7ado ou maratonar aquela s\u00e9rie que prende a aten\u00e7\u00e3o de todos, precisa conhecer a Smart TV 50&#8243; LG 50NANO75 led. Ela tem resolu\u00e7\u00e3o 4K, tecnologia NanoCell, 60Hz de frequ\u00eancia, sistema operacional WebOS, processador \u03b15 Gen5 AI, conectividade via Wi-Fi e Bluetooth, Nvidia GeForce, ThinQ AI, Upscaling IA, Filmmaker Mode e HDR ativo. E ainda, possui assistentes virtuais como Alexa, Google Assistant, 3 entradas HDMI e 2 USB. Essa \u00e9 uma Smart TV completa para ser o centro das aten\u00e7\u00f5es da sua sala.<\/p>\n","protected":false},"excerpt":{"rendered":"<p>Para voc\u00ea que sempre gosta de reunir a fam\u00edlia e os amigos para assistir aquele filme engra\u00e7ado ou maratonar aquela s\u00e9rie que prende a aten\u00e7\u00e3o de todos, precisa conhecer a Smart TV 50&#8243; LG 50NANO75 led. Ela tem resolu\u00e7\u00e3o 4K, tecnologia NanoCell, 60Hz de frequ\u00eancia, sistema operacional WebOS, processador \u03b15 Gen5 AI, conectividade via Wi-Fi e Bluetooth, Nvidia GeForce, ThinQ AI, Upscaling IA, Filmmaker Mode e HDR ativo. E ainda, possui assistentes virtuais como Alexa, Google Assistant, 3 entradas HDMI e 2 USB. Essa \u00e9 uma Smart TV completa para ser o centro das aten\u00e7\u00f5es da sua sala.<\/p>\n","protected":false},"featured_media":1033,"template":"","meta":{"_uag_custom_page_level_css":"","site-sidebar-layout":"default","site-content-layout":"default","ast-site-content-layout":"default","site-content-style":"default","site-sidebar-style":"default","ast-global-header-display":"","ast-banner-title-visibility":"","ast-main-header-display":"","ast-hfb-above-header-display":"","ast-hfb-below-header-display":"","ast-hfb-mobile-header-display":"","site-post-title":"","ast-breadcrumbs-content":"","ast-featured-img":"","footer-sml-layout":"","theme-transparent-header-meta":"default","adv-header-id-meta":"","stick-header-meta":"","header-above-stick-meta":"","header-main-stick-meta":"","header-below-stick-meta":"","astra-migrate-meta-layouts":"default","ast-page-background-enabled":"default","ast-page-background-meta":{"desktop":{"background-color":"","background-image":"","background-repeat":"repeat","background-position":"center center","background-size":"auto","background-attachment":"scroll","background-type":"","background-media":"","overlay-type":"","overlay-color":"","overlay-opacity":"","overlay-gradient":""},"tablet":{"background-color":"","background-image":"","background-repeat":"repeat","background-position":"center center","background-size":"auto","background-attachment":"scroll","background-type":"","background-media":"","overlay-type":"","overlay-color":"","overlay-opacity":"","overlay-gradient":""},"mobile":{"background-color":"","background-image":"","background-repeat":"repeat","background-position":"center center","background-size":"auto","background-attachment":"scroll","background-type":"","background-media":"","overlay-type":"","overlay-color":"","overlay-opacity":"","overlay-gradient":""}},"ast-content-background-meta":{"desktop":{"background-color":"var(--ast-global-color-5)","background-image":"","background-repeat":"repeat","background-position":"center center","background-size":"auto","background-attachment":"scroll","background-type":"","background-media":"","overlay-type":"","overlay-color":"","overlay-opacity":"","overlay-gradient":""},"tablet":{"background-color":"var(--ast-global-color-5)","background-image":"","background-repeat":"repeat","background-position":"center center","background-size":"auto","background-attachment":"scroll","background-type":"","background-media":"","overlay-type":"","overlay-color":"","overlay-opacity":"","overlay-gradient":""},"mobile":{"background-color":"var(--ast-global-color-5)","background-image":"","background-repeat":"repeat","background-position":"center center","background-size":"auto","background-attachment":"scroll","background-type":"","background-media":"","overlay-type":"","overlay-color":"","overlay-opacity":"","overlay-gradient":""}}},"product_brand":[],"product_cat":[38,25,76],"product_tag":[129,131,317,374,241,373,128],"class_list":{"0":"post-1031","1":"product","2":"type-product","3":"status-publish","4":"has-post-thumbnail","6":"product_cat-eletronicos","7":"product_cat-smart-tv","8":"product_cat-tv-e-video","9":"product_tag-4k","10":"product_tag-alexa","11":"product_tag-geforce","12":"product_tag-geforce-now","13":"product_tag-google-assistente","14":"product_tag-hdr","15":"product_tag-uhd","16":"desktop-align-center","17":"tablet-align-left","18":"mobile-align-center","20":"first","21":"instock","22":"sale","23":"shipping-taxable","24":"product-type-external"},"uagb_featured_image_src":{"full":["https:\/\/promocaododia.com.br\/site\/wp-content\/uploads\/2022\/11\/Smart-TV-50-4K-LED-LG-NanoCell-50NANO75-Wi-Fi-Bluetooth-HDR-Alexa-Google-Assistente-1.jpg",600,600,false],"thumbnail":["https:\/\/promocaododia.com.br\/site\/wp-content\/uploads\/2022\/11\/Smart-TV-50-4K-LED-LG-NanoCell-50NANO75-Wi-Fi-Bluetooth-HDR-Alexa-Google-Assistente-1-150x150.jpg",150,150,true],"medium":["https:\/\/promocaododia.com.br\/site\/wp-content\/uploads\/2022\/11\/Smart-TV-50-4K-LED-LG-NanoCell-50NANO75-Wi-Fi-Bluetooth-HDR-Alexa-Google-Assistente-1-300x300.jpg",300,300,true],"medium_large":["https:\/\/promocaododia.com.br\/site\/wp-content\/uploads\/2022\/11\/Smart-TV-50-4K-LED-LG-NanoCell-50NANO75-Wi-Fi-Bluetooth-HDR-Alexa-Google-Assistente-1.jpg",600,600,false],"large":["https:\/\/promocaododia.com.br\/site\/wp-content\/uploads\/2022\/11\/Smart-TV-50-4K-LED-LG-NanoCell-50NANO75-Wi-Fi-Bluetooth-HDR-Alexa-Google-Assistente-1.jpg",600,600,false],"1536x1536":["https:\/\/promocaododia.com.br\/site\/wp-content\/uploads\/2022\/11\/Smart-TV-50-4K-LED-LG-NanoCell-50NANO75-Wi-Fi-Bluetooth-HDR-Alexa-Google-Assistente-1.jpg",600,600,false],"2048x2048":["https:\/\/promocaododia.com.br\/site\/wp-content\/uploads\/2022\/11\/Smart-TV-50-4K-LED-LG-NanoCell-50NANO75-Wi-Fi-Bluetooth-HDR-Alexa-Google-Assistente-1.jpg",600,600,false],"woocommerce_thumbnail":["https:\/\/promocaododia.com.br\/site\/wp-content\/uploads\/2022\/11\/Smart-TV-50-4K-LED-LG-NanoCell-50NANO75-Wi-Fi-Bluetooth-HDR-Alexa-Google-Assistente-1-250x250.jpg",250,250,true],"woocommerce_single":["https:\/\/promocaododia.com.br\/site\/wp-content\/uploads\/2022\/11\/Smart-TV-50-4K-LED-LG-NanoCell-50NANO75-Wi-Fi-Bluetooth-HDR-Alexa-Google-Assistente-1-250x250.jpg",250,250,true],"woocommerce_gallery_thumbnail":["https:\/\/promocaododia.com.br\/site\/wp-content\/uploads\/2022\/11\/Smart-TV-50-4K-LED-LG-NanoCell-50NANO75-Wi-Fi-Bluetooth-HDR-Alexa-Google-Assistente-1-100x100.jpg",100,100,true]},"uagb_author_info":{"display_name":"danilo.gbr","author_link":"https:\/\/promocaododia.com.br\/site\/author\/"},"uagb_comment_info":0,"uagb_excerpt":"Para voc\u00ea que sempre gosta de reunir a fam\u00edlia e os amigos para assistir aquele filme engra\u00e7ado ou maratonar aquela s\u00e9rie que prende a aten\u00e7\u00e3o de todos, precisa conhecer a Smart TV 50&#8243; LG 50NANO75 led. Ela tem resolu\u00e7\u00e3o 4K, tecnologia NanoCell, 60Hz de frequ\u00eancia, sistema operacional WebOS, processador \u03b15 Gen5 AI, conectividade via Wi-Fi&hellip;","_links":{"self":[{"href":"https:\/\/promocaododia.com.br\/site\/wp-json\/wp\/v2\/product\/1031","targetHints":{"allow":["GET"]}}],"collection":[{"href":"https:\/\/promocaododia.com.br\/site\/wp-json\/wp\/v2\/product"}],"about":[{"href":"https:\/\/promocaododia.com.br\/site\/wp-json\/wp\/v2\/types\/product"}],"wp:featuredmedia":[{"embeddable":true,"href":"https:\/\/promocaododia.com.br\/site\/wp-json\/wp\/v2\/media\/1033"}],"wp:attachment":[{"href":"https:\/\/promocaododia.com.br\/site\/wp-json\/wp\/v2\/media?parent=1031"}],"wp:term":[{"taxonomy":"product_brand","embeddable":true,"href":"https:\/\/promocaododia.com.br\/site\/wp-json\/wp\/v2\/product_brand?post=1031"},{"taxonomy":"product_cat","embeddable":true,"href":"https:\/\/promocaododia.com.br\/site\/wp-json\/wp\/v2\/product_cat?post=1031"},{"taxonomy":"product_tag","embeddable":true,"href":"https:\/\/promocaododia.com.br\/site\/wp-json\/wp\/v2\/product_tag?post=1031"}],"curies":[{"name":"wp","href":"https:\/\/api.w.org\/{rel}","templated":true}]}}