{"id":104,"date":"2021-06-08T08:41:57","date_gmt":"2021-06-08T11:41:57","guid":{"rendered":"https:\/\/promocaododia.com.br\/site\/?post_type=product&#038;p=104"},"modified":"2021-06-13T13:45:05","modified_gmt":"2021-06-13T16:45:05","slug":"edredom-casal-buettner-malha-basic-charles-azul","status":"publish","type":"product","link":"https:\/\/promocaododia.com.br\/site\/produto\/edredom-casal-buettner-malha-basic-charles-azul\/","title":{"rendered":"Edredom Casal Buettner Malha Basic &#8211; Charles Azul"},"content":{"rendered":"<p>Postado 08\/06\/2021<\/p>\n<div id=\"featurebullets_feature_div\" class=\"celwidget\" data-feature-name=\"featurebullets\" data-csa-c-id=\"xnu2ya-i2i0nx-9ngl3e-p64rjo\" data-cel-widget=\"featurebullets_feature_div\">\n<div id=\"feature-bullets\" class=\"a-section a-spacing-medium a-spacing-top-small\">\n<p>Quer montar um visual novo, vers\u00e1til e confort\u00e1vel no quarto? A Buettner apresenta o edredom casal, Basic, na cor Charles Azul. Atemporal este item prima pelo conforto e aconchego \u00e9 dupla face e traz em um dos lados estampa xadrez. Ele \u00e9 confeccionado com malha mescla e \u00e9 100% algod\u00e3o, traz fios do tipo penteado e tem efeito matelado. Por conta da cor neutra \u00e9 f\u00e1cil de combinar com outras pe\u00e7as e proporciona um estilo cl\u00e1ssico e minimalista ao ambiente. Al\u00e9m de decorar o espa\u00e7o ele serve para aquecer nas temperaturas mais baixas e proporciona toque macio. Nesta embalagem cont\u00e9m uma pe\u00e7a.<\/p>\n<\/div>\n<\/div>\n<p>A equipe Promo\u00e7\u00f5es do dia divulga produtos de nossos parceiros, sendo a venda e p\u00f3s venda de responsabilidade dos mesmos.<\/p>\n","protected":false},"excerpt":{"rendered":"<p>Postado 08\/06\/2021 Quer montar um visual novo, vers\u00e1til e confort\u00e1vel no quarto? A Buettner apresenta o edredom casal, Basic, na cor Charles Azul. Atemporal este item prima pelo conforto e aconchego \u00e9 dupla face e traz em um dos lados estampa xadrez. Ele \u00e9 confeccionado com malha mescla e \u00e9 100% algod\u00e3o, traz fios do tipo penteado e tem efeito matelado. Por conta da cor neutra \u00e9 f\u00e1cil de combinar com outras pe\u00e7as e proporciona um estilo cl\u00e1ssico e minimalista ao ambiente. Al\u00e9m de decorar o espa\u00e7o ele serve para aquecer nas temperaturas mais baixas e proporciona toque macio. Nesta embalagem cont\u00e9m uma pe\u00e7a. A equipe Promo\u00e7\u00f5es do dia divulga produtos de nossos parceiros, sendo a venda e p\u00f3s venda de responsabilidade dos mesmos.<\/p>\n","protected":false},"featured_media":105,"template":"","meta":{"_uag_custom_page_level_css":"","site-sidebar-layout":"default","site-content-layout":"","ast-site-content-layout":"default","site-content-style":"default","site-sidebar-style":"default","ast-global-header-display":"","ast-banner-title-visibility":"","ast-main-header-display":"","ast-hfb-above-header-display":"","ast-hfb-below-header-display":"","ast-hfb-mobile-header-display":"","site-post-title":"","ast-breadcrumbs-content":"","ast-featured-img":"","footer-sml-layout":"","theme-transparent-header-meta":"","adv-header-id-meta":"","stick-header-meta":"","header-above-stick-meta":"","header-main-stick-meta":"","header-below-stick-meta":"","astra-migrate-meta-layouts":"default","ast-page-background-enabled":"default","ast-page-background-meta":{"desktop":{"background-color":"","background-image":"","background-repeat":"repeat","background-position":"center center","background-size":"auto","background-attachment":"scroll","background-type":"","background-media":"","overlay-type":"","overlay-color":"","overlay-opacity":"","overlay-gradient":""},"tablet":{"background-color":"","background-image":"","background-repeat":"repeat","background-position":"center center","background-size":"auto","background-attachment":"scroll","background-type":"","background-media":"","overlay-type":"","overlay-color":"","overlay-opacity":"","overlay-gradient":""},"mobile":{"background-color":"","background-image":"","background-repeat":"repeat","background-position":"center center","background-size":"auto","background-attachment":"scroll","background-type":"","background-media":"","overlay-type":"","overlay-color":"","overlay-opacity":"","overlay-gradient":""}},"ast-content-background-meta":{"desktop":{"background-color":"var(--ast-global-color-5)","background-image":"","background-repeat":"repeat","background-position":"center center","background-size":"auto","background-attachment":"scroll","background-type":"","background-media":"","overlay-type":"","overlay-color":"","overlay-opacity":"","overlay-gradient":""},"tablet":{"background-color":"var(--ast-global-color-5)","background-image":"","background-repeat":"repeat","background-position":"center center","background-size":"auto","background-attachment":"scroll","background-type":"","background-media":"","overlay-type":"","overlay-color":"","overlay-opacity":"","overlay-gradient":""},"mobile":{"background-color":"var(--ast-global-color-5)","background-image":"","background-repeat":"repeat","background-position":"center center","background-size":"auto","background-attachment":"scroll","background-type":"","background-media":"","overlay-type":"","overlay-color":"","overlay-opacity":"","overlay-gradient":""}}},"product_brand":[],"product_cat":[36],"product_tag":[],"class_list":{"0":"post-104","1":"product","2":"type-product","3":"status-publish","4":"has-post-thumbnail","6":"product_cat-cama-mesa-banho","7":"desktop-align-center","8":"tablet-align-left","9":"mobile-align-center","11":"first","12":"instock","13":"sale","14":"shipping-taxable","15":"product-type-external"},"uagb_featured_image_src":{"full":["https:\/\/promocaododia.com.br\/site\/wp-content\/uploads\/2021\/06\/edredom.jpg",250,250,false],"thumbnail":["https:\/\/promocaododia.com.br\/site\/wp-content\/uploads\/2021\/06\/edredom-150x150.jpg",150,150,true],"medium":["https:\/\/promocaododia.com.br\/site\/wp-content\/uploads\/2021\/06\/edredom.jpg",250,250,false],"medium_large":["https:\/\/promocaododia.com.br\/site\/wp-content\/uploads\/2021\/06\/edredom.jpg",250,250,false],"large":["https:\/\/promocaododia.com.br\/site\/wp-content\/uploads\/2021\/06\/edredom.jpg",250,250,false],"1536x1536":["https:\/\/promocaododia.com.br\/site\/wp-content\/uploads\/2021\/06\/edredom.jpg",250,250,false],"2048x2048":["https:\/\/promocaododia.com.br\/site\/wp-content\/uploads\/2021\/06\/edredom.jpg",250,250,false],"woocommerce_thumbnail":["https:\/\/promocaododia.com.br\/site\/wp-content\/uploads\/2021\/06\/edredom-250x250.jpg",250,250,true],"woocommerce_single":["https:\/\/promocaododia.com.br\/site\/wp-content\/uploads\/2021\/06\/edredom.jpg",250,250,false],"woocommerce_gallery_thumbnail":["https:\/\/promocaododia.com.br\/site\/wp-content\/uploads\/2021\/06\/edredom-100x100.jpg",100,100,true]},"uagb_author_info":{"display_name":"danilo.gbr","author_link":"https:\/\/promocaododia.com.br\/site\/author\/"},"uagb_comment_info":0,"uagb_excerpt":"Postado 08\/06\/2021 Quer montar um visual novo, vers\u00e1til e confort\u00e1vel no quarto? A Buettner apresenta o edredom casal, Basic, na cor Charles Azul. Atemporal este item prima pelo conforto e aconchego \u00e9 dupla face e traz em um dos lados estampa xadrez. Ele \u00e9 confeccionado com malha mescla e \u00e9 100% algod\u00e3o, traz fios do&hellip;","_links":{"self":[{"href":"https:\/\/promocaododia.com.br\/site\/wp-json\/wp\/v2\/product\/104","targetHints":{"allow":["GET"]}}],"collection":[{"href":"https:\/\/promocaododia.com.br\/site\/wp-json\/wp\/v2\/product"}],"about":[{"href":"https:\/\/promocaododia.com.br\/site\/wp-json\/wp\/v2\/types\/product"}],"wp:featuredmedia":[{"embeddable":true,"href":"https:\/\/promocaododia.com.br\/site\/wp-json\/wp\/v2\/media\/105"}],"wp:attachment":[{"href":"https:\/\/promocaododia.com.br\/site\/wp-json\/wp\/v2\/media?parent=104"}],"wp:term":[{"taxonomy":"product_brand","embeddable":true,"href":"https:\/\/promocaododia.com.br\/site\/wp-json\/wp\/v2\/product_brand?post=104"},{"taxonomy":"product_cat","embeddable":true,"href":"https:\/\/promocaododia.com.br\/site\/wp-json\/wp\/v2\/product_cat?post=104"},{"taxonomy":"product_tag","embeddable":true,"href":"https:\/\/promocaododia.com.br\/site\/wp-json\/wp\/v2\/product_tag?post=104"}],"curies":[{"name":"wp","href":"https:\/\/api.w.org\/{rel}","templated":true}]}}

<p>Postado 08/06/2021</p>
<div id="featurebullets_feature_div" class="celwidget" data-feature-name="featurebullets" data-csa-c-id="xnu2ya-i2i0nx-9ngl3e-p64rjo" data-cel-widget="featurebullets_feature_div">
<div id="feature-bullets" class="a-section a-spacing-medium a-spacing-top-small">
<p>Quer montar um visual novo, versátil e confortável no quarto? A Buettner apresenta o edredom casal, Basic, na cor Charles Azul. Atemporal este item prima pelo conforto e aconchego é dupla face e traz em um dos lados estampa xadrez. Ele é confeccionado com malha mescla e é 100% algodão, traz fios do tipo penteado e tem efeito matelado. Por conta da cor neutra é fácil de combinar com outras peças e proporciona um estilo clássico e minimalista ao ambiente. Além de decorar o espaço ele serve para aquecer nas temperaturas mais baixas e proporciona toque macio. Nesta embalagem contém uma peça.</p>
</div>
</div>
<p>A equipe Promoções do dia divulga produtos de nossos parceiros, sendo a venda e pós venda de responsabilidade dos mesmos.</p>

<p>Postado 08/06/2021 Quer montar um visual novo, versátil e confortável no quarto? A Buettner apresenta o edredom casal, Basic, na cor Charles Azul. Atemporal este item prima pelo conforto e aconchego é dupla face e traz em um dos lados estampa xadrez. Ele é confeccionado com malha mescla e é 100% algodão, traz fios do tipo penteado e tem efeito matelado. Por conta da cor neutra é fácil de combinar com outras peças e proporciona um estilo clássico e minimalista ao ambiente. Além de decorar o espaço ele serve para aquecer nas temperaturas mais baixas e proporciona toque macio. Nesta embalagem contém uma peça. A equipe Promoções do dia divulga produtos de nossos parceiros, sendo a venda e pós venda de responsabilidade dos mesmos.</p>

Postado 08/06/2021 Quer montar um visual novo, versátil e confortável no quarto? A Buettner apresenta o edredom casal, Basic, na cor Charles Azul. Atemporal este item prima pelo conforto e aconchego é dupla face e traz em um dos lados estampa xadrez. Ele é confeccionado com malha mescla e é 100% algodão, traz fios do&hellip;
