{"id":1040,"date":"2022-11-10T21:15:27","date_gmt":"2022-11-11T00:15:27","guid":{"rendered":"https:\/\/promocaododia.com.br\/site\/?post_type=product&#038;p=1040"},"modified":"2022-11-10T21:15:27","modified_gmt":"2022-11-11T00:15:27","slug":"calca-jeans-vista-magalu-skinny-puidos","status":"publish","type":"product","link":"https:\/\/promocaododia.com.br\/site\/produto\/calca-jeans-vista-magalu-skinny-puidos\/","title":{"rendered":"Cal\u00e7a Jeans Vista Magalu Skinny Pu\u00eddos"},"content":{"rendered":"<p>Vista Magalu &#8211; Fashion Basics \u00e9 a cole\u00e7\u00e3o que traz as principais tend\u00eancias da temporada em pe\u00e7as minimalistas e vers\u00e1teis, que chegam para descomplicar seu estilo! Que tal usar um estilo com mais atitude hoje? A cal\u00e7a jeans skinny Vista Magalu toma inspira\u00e7\u00e3o na tend\u00eancia destroyed, nesta vers\u00e3o com detalhes pu\u00eddos e desfiados. Visual aut\u00eantico e despojado para incrementar combina\u00e7\u00f5es com camisetas b\u00e1sicas ou estampadas e camisas de manga curta ou longa.<\/p>\n","protected":false},"excerpt":{"rendered":"<p>Vista Magalu &#8211; Fashion Basics \u00e9 a cole\u00e7\u00e3o que traz as principais tend\u00eancias da temporada em pe\u00e7as minimalistas e vers\u00e1teis, que chegam para descomplicar seu estilo! Que tal usar um estilo com mais atitude hoje? A cal\u00e7a jeans skinny Vista Magalu toma inspira\u00e7\u00e3o na tend\u00eancia destroyed, nesta vers\u00e3o com detalhes pu\u00eddos e desfiados. Visual aut\u00eantico e despojado para incrementar combina\u00e7\u00f5es com camisetas b\u00e1sicas ou estampadas e camisas de manga curta ou longa.<\/p>\n","protected":false},"featured_media":1042,"template":"","meta":{"_uag_custom_page_level_css":"","site-sidebar-layout":"default","site-content-layout":"default","ast-site-content-layout":"default","site-content-style":"default","site-sidebar-style":"default","ast-global-header-display":"","ast-banner-title-visibility":"","ast-main-header-display":"","ast-hfb-above-header-display":"","ast-hfb-below-header-display":"","ast-hfb-mobile-header-display":"","site-post-title":"","ast-breadcrumbs-content":"","ast-featured-img":"","footer-sml-layout":"","theme-transparent-header-meta":"default","adv-header-id-meta":"","stick-header-meta":"","header-above-stick-meta":"","header-main-stick-meta":"","header-below-stick-meta":"","astra-migrate-meta-layouts":"default","ast-page-background-enabled":"default","ast-page-background-meta":{"desktop":{"background-color":"","background-image":"","background-repeat":"repeat","background-position":"center center","background-size":"auto","background-attachment":"scroll","background-type":"","background-media":"","overlay-type":"","overlay-color":"","overlay-opacity":"","overlay-gradient":""},"tablet":{"background-color":"","background-image":"","background-repeat":"repeat","background-position":"center center","background-size":"auto","background-attachment":"scroll","background-type":"","background-media":"","overlay-type":"","overlay-color":"","overlay-opacity":"","overlay-gradient":""},"mobile":{"background-color":"","background-image":"","background-repeat":"repeat","background-position":"center center","background-size":"auto","background-attachment":"scroll","background-type":"","background-media":"","overlay-type":"","overlay-color":"","overlay-opacity":"","overlay-gradient":""}},"ast-content-background-meta":{"desktop":{"background-color":"var(--ast-global-color-5)","background-image":"","background-repeat":"repeat","background-position":"center center","background-size":"auto","background-attachment":"scroll","background-type":"","background-media":"","overlay-type":"","overlay-color":"","overlay-opacity":"","overlay-gradient":""},"tablet":{"background-color":"var(--ast-global-color-5)","background-image":"","background-repeat":"repeat","background-position":"center center","background-size":"auto","background-attachment":"scroll","background-type":"","background-media":"","overlay-type":"","overlay-color":"","overlay-opacity":"","overlay-gradient":""},"mobile":{"background-color":"var(--ast-global-color-5)","background-image":"","background-repeat":"repeat","background-position":"center center","background-size":"auto","background-attachment":"scroll","background-type":"","background-media":"","overlay-type":"","overlay-color":"","overlay-opacity":"","overlay-gradient":""}}},"product_brand":[],"product_cat":[497,31,30],"product_tag":[498,499],"class_list":{"0":"post-1040","1":"product","2":"type-product","3":"status-publish","4":"has-post-thumbnail","6":"product_cat-calcas","7":"product_cat-masculina","8":"product_cat-moda","9":"product_tag-calca-masculina","10":"product_tag-moda-masculina","11":"desktop-align-center","12":"tablet-align-left","13":"mobile-align-center","15":"first","16":"instock","17":"sale","18":"shipping-taxable","19":"product-type-external"},"uagb_featured_image_src":{"full":["https:\/\/promocaododia.com.br\/site\/wp-content\/uploads\/2022\/11\/Calca-Jeans-Vista-Magalu-Skinny-Puidos.jpg",600,600,false],"thumbnail":["https:\/\/promocaododia.com.br\/site\/wp-content\/uploads\/2022\/11\/Calca-Jeans-Vista-Magalu-Skinny-Puidos-150x150.jpg",150,150,true],"medium":["https:\/\/promocaododia.com.br\/site\/wp-content\/uploads\/2022\/11\/Calca-Jeans-Vista-Magalu-Skinny-Puidos-300x300.jpg",300,300,true],"medium_large":["https:\/\/promocaododia.com.br\/site\/wp-content\/uploads\/2022\/11\/Calca-Jeans-Vista-Magalu-Skinny-Puidos.jpg",600,600,false],"large":["https:\/\/promocaododia.com.br\/site\/wp-content\/uploads\/2022\/11\/Calca-Jeans-Vista-Magalu-Skinny-Puidos.jpg",600,600,false],"1536x1536":["https:\/\/promocaododia.com.br\/site\/wp-content\/uploads\/2022\/11\/Calca-Jeans-Vista-Magalu-Skinny-Puidos.jpg",600,600,false],"2048x2048":["https:\/\/promocaododia.com.br\/site\/wp-content\/uploads\/2022\/11\/Calca-Jeans-Vista-Magalu-Skinny-Puidos.jpg",600,600,false],"woocommerce_thumbnail":["https:\/\/promocaododia.com.br\/site\/wp-content\/uploads\/2022\/11\/Calca-Jeans-Vista-Magalu-Skinny-Puidos-250x250.jpg",250,250,true],"woocommerce_single":["https:\/\/promocaododia.com.br\/site\/wp-content\/uploads\/2022\/11\/Calca-Jeans-Vista-Magalu-Skinny-Puidos-250x250.jpg",250,250,true],"woocommerce_gallery_thumbnail":["https:\/\/promocaododia.com.br\/site\/wp-content\/uploads\/2022\/11\/Calca-Jeans-Vista-Magalu-Skinny-Puidos-100x100.jpg",100,100,true]},"uagb_author_info":{"display_name":"danilo.gbr","author_link":"https:\/\/promocaododia.com.br\/site\/author\/"},"uagb_comment_info":0,"uagb_excerpt":"Vista Magalu &#8211; Fashion Basics \u00e9 a cole\u00e7\u00e3o que traz as principais tend\u00eancias da temporada em pe\u00e7as minimalistas e vers\u00e1teis, que chegam para descomplicar seu estilo! Que tal usar um estilo com mais atitude hoje? A cal\u00e7a jeans skinny Vista Magalu toma inspira\u00e7\u00e3o na tend\u00eancia destroyed, nesta vers\u00e3o com detalhes pu\u00eddos e desfiados. Visual aut\u00eantico&hellip;","_links":{"self":[{"href":"https:\/\/promocaododia.com.br\/site\/wp-json\/wp\/v2\/product\/1040","targetHints":{"allow":["GET"]}}],"collection":[{"href":"https:\/\/promocaododia.com.br\/site\/wp-json\/wp\/v2\/product"}],"about":[{"href":"https:\/\/promocaododia.com.br\/site\/wp-json\/wp\/v2\/types\/product"}],"wp:featuredmedia":[{"embeddable":true,"href":"https:\/\/promocaododia.com.br\/site\/wp-json\/wp\/v2\/media\/1042"}],"wp:attachment":[{"href":"https:\/\/promocaododia.com.br\/site\/wp-json\/wp\/v2\/media?parent=1040"}],"wp:term":[{"taxonomy":"product_brand","embeddable":true,"href":"https:\/\/promocaododia.com.br\/site\/wp-json\/wp\/v2\/product_brand?post=1040"},{"taxonomy":"product_cat","embeddable":true,"href":"https:\/\/promocaododia.com.br\/site\/wp-json\/wp\/v2\/product_cat?post=1040"},{"taxonomy":"product_tag","embeddable":true,"href":"https:\/\/promocaododia.com.br\/site\/wp-json\/wp\/v2\/product_tag?post=1040"}],"curies":[{"name":"wp","href":"https:\/\/api.w.org\/{rel}","templated":true}]}}