{"id":1056,"date":"2022-11-11T23:12:35","date_gmt":"2022-11-12T02:12:35","guid":{"rendered":"https:\/\/promocaododia.com.br\/site\/?post_type=product&#038;p=1056"},"modified":"2022-11-11T23:12:35","modified_gmt":"2022-11-12T02:12:35","slug":"conjunto-fitness-short-top-suplex-liso-roupa-para-academia-jinkingstore","status":"publish","type":"product","link":"https:\/\/promocaododia.com.br\/site\/produto\/conjunto-fitness-short-top-suplex-liso-roupa-para-academia-jinkingstore\/","title":{"rendered":"Conjunto Fitness Short + Top Suplex Liso Roupa para Academia &#8211; Jinkingstore"},"content":{"rendered":"<p>Cores b\u00e1sicsa para combinar com tudo e um pre\u00e7o super especial. N\u00e3o tem como n\u00e3o se apaixonar pelas nossos conjuntos em Suplex. Eles possuem grande elasticidade para voc\u00ea se movimentar \u00e0 vontade com look combinadinho. Esta pe\u00e7a pode ser usada no dia a dia ou na pr\u00e1tica de atividades f\u00edsicas. Tipo: Conjunto ( Short Curto + Top ) * Indicado para exerc\u00edcios e atividades aer\u00f3bicas; * Tecido flex\u00edvel e macio, bastante resistente e com \u00f3timo caimento;* N\u00e3o \u00e9 necess\u00e1rio passar e n\u00e3o cria bolinhas; * Dur\u00e1vel, n\u00e3o desbota nem desfia; * N\u00e3o fica transparente se comprado na numera\u00e7\u00e3o correta; * Produto de qualidade; * Top Sem Bojo. Informa\u00e7\u00f5es Adicionais: Tamanho: P, M, G e GGCor: Preto, Cinza Mescla, Azul Marinho , Rose e Bord\u00f4Material: Suplex Composi\u00e7\u00e3o do tecido: 92% Poli\u00e9ster 8% Elastano Marca: JinkingStore<\/p>\n","protected":false},"excerpt":{"rendered":"<p>Cores b\u00e1sicsa para combinar com tudo e um pre\u00e7o super especial. N\u00e3o tem como n\u00e3o se apaixonar pelas nossos conjuntos em Suplex. Eles possuem grande elasticidade para voc\u00ea se movimentar \u00e0 vontade com look combinadinho. Esta pe\u00e7a pode ser usada no dia a dia ou na pr\u00e1tica de atividades f\u00edsicas. Tipo: Conjunto ( Short Curto + Top ) * Indicado para exerc\u00edcios e atividades aer\u00f3bicas; * Tecido flex\u00edvel e macio, bastante resistente e com \u00f3timo caimento;* N\u00e3o \u00e9 necess\u00e1rio passar e n\u00e3o cria bolinhas; * Dur\u00e1vel, n\u00e3o desbota nem desfia; * N\u00e3o fica transparente se comprado na numera\u00e7\u00e3o correta; * Produto de qualidade; * Top Sem Bojo. Informa\u00e7\u00f5es Adicionais: Tamanho: P, M, G e GGCor: Preto, Cinza Mescla, Azul Marinho , Rose e Bord\u00f4Material: Suplex Composi\u00e7\u00e3o do tecido: 92% Poli\u00e9ster 8% Elastano Marca: JinkingStore<\/p>\n","protected":false},"featured_media":1057,"template":"","meta":{"_uag_custom_page_level_css":"","site-sidebar-layout":"default","site-content-layout":"default","ast-site-content-layout":"default","site-content-style":"default","site-sidebar-style":"default","ast-global-header-display":"","ast-banner-title-visibility":"","ast-main-header-display":"","ast-hfb-above-header-display":"","ast-hfb-below-header-display":"","ast-hfb-mobile-header-display":"","site-post-title":"","ast-breadcrumbs-content":"","ast-featured-img":"","footer-sml-layout":"","theme-transparent-header-meta":"default","adv-header-id-meta":"","stick-header-meta":"","header-above-stick-meta":"","header-main-stick-meta":"","header-below-stick-meta":"","astra-migrate-meta-layouts":"default","ast-page-background-enabled":"default","ast-page-background-meta":{"desktop":{"background-color":"","background-image":"","background-repeat":"repeat","background-position":"center center","background-size":"auto","background-attachment":"scroll","background-type":"","background-media":"","overlay-type":"","overlay-color":"","overlay-opacity":"","overlay-gradient":""},"tablet":{"background-color":"","background-image":"","background-repeat":"repeat","background-position":"center center","background-size":"auto","background-attachment":"scroll","background-type":"","background-media":"","overlay-type":"","overlay-color":"","overlay-opacity":"","overlay-gradient":""},"mobile":{"background-color":"","background-image":"","background-repeat":"repeat","background-position":"center center","background-size":"auto","background-attachment":"scroll","background-type":"","background-media":"","overlay-type":"","overlay-color":"","overlay-opacity":"","overlay-gradient":""}},"ast-content-background-meta":{"desktop":{"background-color":"var(--ast-global-color-5)","background-image":"","background-repeat":"repeat","background-position":"center center","background-size":"auto","background-attachment":"scroll","background-type":"","background-media":"","overlay-type":"","overlay-color":"","overlay-opacity":"","overlay-gradient":""},"tablet":{"background-color":"var(--ast-global-color-5)","background-image":"","background-repeat":"repeat","background-position":"center center","background-size":"auto","background-attachment":"scroll","background-type":"","background-media":"","overlay-type":"","overlay-color":"","overlay-opacity":"","overlay-gradient":""},"mobile":{"background-color":"var(--ast-global-color-5)","background-image":"","background-repeat":"repeat","background-position":"center center","background-size":"auto","background-attachment":"scroll","background-type":"","background-media":"","overlay-type":"","overlay-color":"","overlay-opacity":"","overlay-gradient":""}}},"product_brand":[],"product_cat":[511,58,30],"product_tag":[462,463,512],"class_list":{"0":"post-1056","1":"product","2":"type-product","3":"status-publish","4":"has-post-thumbnail","6":"product_cat-conjunto","7":"product_cat-feminina","8":"product_cat-moda","9":"product_tag-conjunto-feminino","10":"product_tag-fitness","11":"product_tag-moda-fitness","12":"desktop-align-center","13":"tablet-align-left","14":"mobile-align-center","16":"first","17":"instock","18":"shipping-taxable","19":"product-type-external"},"uagb_featured_image_src":{"full":["https:\/\/promocaododia.com.br\/site\/wp-content\/uploads\/2022\/11\/Conjunto-Fitness-Short-Top-Suplex-Liso-Roupa-para-Academia-Jinkingstore.jpg",600,600,false],"thumbnail":["https:\/\/promocaododia.com.br\/site\/wp-content\/uploads\/2022\/11\/Conjunto-Fitness-Short-Top-Suplex-Liso-Roupa-para-Academia-Jinkingstore-150x150.jpg",150,150,true],"medium":["https:\/\/promocaododia.com.br\/site\/wp-content\/uploads\/2022\/11\/Conjunto-Fitness-Short-Top-Suplex-Liso-Roupa-para-Academia-Jinkingstore-300x300.jpg",300,300,true],"medium_large":["https:\/\/promocaododia.com.br\/site\/wp-content\/uploads\/2022\/11\/Conjunto-Fitness-Short-Top-Suplex-Liso-Roupa-para-Academia-Jinkingstore.jpg",600,600,false],"large":["https:\/\/promocaododia.com.br\/site\/wp-content\/uploads\/2022\/11\/Conjunto-Fitness-Short-Top-Suplex-Liso-Roupa-para-Academia-Jinkingstore.jpg",600,600,false],"1536x1536":["https:\/\/promocaododia.com.br\/site\/wp-content\/uploads\/2022\/11\/Conjunto-Fitness-Short-Top-Suplex-Liso-Roupa-para-Academia-Jinkingstore.jpg",600,600,false],"2048x2048":["https:\/\/promocaododia.com.br\/site\/wp-content\/uploads\/2022\/11\/Conjunto-Fitness-Short-Top-Suplex-Liso-Roupa-para-Academia-Jinkingstore.jpg",600,600,false],"woocommerce_thumbnail":["https:\/\/promocaododia.com.br\/site\/wp-content\/uploads\/2022\/11\/Conjunto-Fitness-Short-Top-Suplex-Liso-Roupa-para-Academia-Jinkingstore-250x250.jpg",250,250,true],"woocommerce_single":["https:\/\/promocaododia.com.br\/site\/wp-content\/uploads\/2022\/11\/Conjunto-Fitness-Short-Top-Suplex-Liso-Roupa-para-Academia-Jinkingstore-250x250.jpg",250,250,true],"woocommerce_gallery_thumbnail":["https:\/\/promocaododia.com.br\/site\/wp-content\/uploads\/2022\/11\/Conjunto-Fitness-Short-Top-Suplex-Liso-Roupa-para-Academia-Jinkingstore-100x100.jpg",100,100,true]},"uagb_author_info":{"display_name":"danilo.gbr","author_link":"https:\/\/promocaododia.com.br\/site\/author\/"},"uagb_comment_info":0,"uagb_excerpt":"Cores b\u00e1sicsa para combinar com tudo e um pre\u00e7o super especial. N\u00e3o tem como n\u00e3o se apaixonar pelas nossos conjuntos em Suplex. Eles possuem grande elasticidade para voc\u00ea se movimentar \u00e0 vontade com look combinadinho. Esta pe\u00e7a pode ser usada no dia a dia ou na pr\u00e1tica de atividades f\u00edsicas. Tipo: Conjunto ( Short Curto&hellip;","_links":{"self":[{"href":"https:\/\/promocaododia.com.br\/site\/wp-json\/wp\/v2\/product\/1056","targetHints":{"allow":["GET"]}}],"collection":[{"href":"https:\/\/promocaododia.com.br\/site\/wp-json\/wp\/v2\/product"}],"about":[{"href":"https:\/\/promocaododia.com.br\/site\/wp-json\/wp\/v2\/types\/product"}],"wp:featuredmedia":[{"embeddable":true,"href":"https:\/\/promocaododia.com.br\/site\/wp-json\/wp\/v2\/media\/1057"}],"wp:attachment":[{"href":"https:\/\/promocaododia.com.br\/site\/wp-json\/wp\/v2\/media?parent=1056"}],"wp:term":[{"taxonomy":"product_brand","embeddable":true,"href":"https:\/\/promocaododia.com.br\/site\/wp-json\/wp\/v2\/product_brand?post=1056"},{"taxonomy":"product_cat","embeddable":true,"href":"https:\/\/promocaododia.com.br\/site\/wp-json\/wp\/v2\/product_cat?post=1056"},{"taxonomy":"product_tag","embeddable":true,"href":"https:\/\/promocaododia.com.br\/site\/wp-json\/wp\/v2\/product_tag?post=1056"}],"curies":[{"name":"wp","href":"https:\/\/api.w.org\/{rel}","templated":true}]}}