{"id":1087,"date":"2022-11-13T13:58:54","date_gmt":"2022-11-13T16:58:54","guid":{"rendered":"https:\/\/promocaododia.com.br\/site\/?post_type=product&#038;p=1087"},"modified":"2022-11-13T13:58:54","modified_gmt":"2022-11-13T16:58:54","slug":"tenis-olympikus-supera-masculino","status":"publish","type":"product","link":"https:\/\/promocaododia.com.br\/site\/produto\/tenis-olympikus-supera-masculino\/","title":{"rendered":"T\u00eanis Olympikus Supera Masculino"},"content":{"rendered":"<p>O T\u00eanis Olympikus Supera \u00e9 a pedida para quem curte superar seus limites em busca do melhor pace. O cabedal \u00e9 confeccionado em tecido Hypersox com aberturas que facilitam a respirabilidade e se ajusta perfeitamente nos p\u00e9s. Esse \u00e9 o t\u00eanis para o corredor que gosta de amortecimento est\u00e1vel, pois conta com refor\u00e7o na parte traseira e tecnologia Supporter que d\u00e1 mais estabilidade. O solado com EVASense garante mais conforto e maciez entre uma passada e outra e n\u00e3o termina por a\u00ed: o solado traz ainda a tecnologia Gripper que oferece maior ader\u00eancia e durabilidade para o seu cal\u00e7ado. Conte com a Olympikus, a marca brasileira que busca sempre a qualidade para te acompanhar no look fitness.<\/p>\n","protected":false},"excerpt":{"rendered":"<p>O T\u00eanis Olympikus Supera \u00e9 a pedida para quem curte superar seus limites em busca do melhor pace. O cabedal \u00e9 confeccionado em tecido Hypersox com aberturas que facilitam a respirabilidade e se ajusta perfeitamente nos p\u00e9s. Esse \u00e9 o t\u00eanis para o corredor que gosta de amortecimento est\u00e1vel, pois conta com refor\u00e7o na parte traseira e tecnologia Supporter que d\u00e1 mais estabilidade. O solado com EVASense garante mais conforto e maciez entre uma passada e outra e n\u00e3o termina por a\u00ed: o solado traz ainda a tecnologia Gripper que oferece maior ader\u00eancia e durabilidade para o seu cal\u00e7ado. Conte com a Olympikus, a marca brasileira que busca sempre a qualidade para te acompanhar no look fitness.<\/p>\n","protected":false},"featured_media":1088,"template":"","meta":{"_uag_custom_page_level_css":"","site-sidebar-layout":"default","site-content-layout":"default","ast-site-content-layout":"default","site-content-style":"default","site-sidebar-style":"default","ast-global-header-display":"","ast-banner-title-visibility":"","ast-main-header-display":"","ast-hfb-above-header-display":"","ast-hfb-below-header-display":"","ast-hfb-mobile-header-display":"","site-post-title":"","ast-breadcrumbs-content":"","ast-featured-img":"","footer-sml-layout":"","theme-transparent-header-meta":"default","adv-header-id-meta":"","stick-header-meta":"","header-above-stick-meta":"","header-main-stick-meta":"","header-below-stick-meta":"","astra-migrate-meta-layouts":"default","ast-page-background-enabled":"default","ast-page-background-meta":{"desktop":{"background-color":"","background-image":"","background-repeat":"repeat","background-position":"center center","background-size":"auto","background-attachment":"scroll","background-type":"","background-media":"","overlay-type":"","overlay-color":"","overlay-opacity":"","overlay-gradient":""},"tablet":{"background-color":"","background-image":"","background-repeat":"repeat","background-position":"center center","background-size":"auto","background-attachment":"scroll","background-type":"","background-media":"","overlay-type":"","overlay-color":"","overlay-opacity":"","overlay-gradient":""},"mobile":{"background-color":"","background-image":"","background-repeat":"repeat","background-position":"center center","background-size":"auto","background-attachment":"scroll","background-type":"","background-media":"","overlay-type":"","overlay-color":"","overlay-opacity":"","overlay-gradient":""}},"ast-content-background-meta":{"desktop":{"background-color":"var(--ast-global-color-5)","background-image":"","background-repeat":"repeat","background-position":"center center","background-size":"auto","background-attachment":"scroll","background-type":"","background-media":"","overlay-type":"","overlay-color":"","overlay-opacity":"","overlay-gradient":""},"tablet":{"background-color":"var(--ast-global-color-5)","background-image":"","background-repeat":"repeat","background-position":"center center","background-size":"auto","background-attachment":"scroll","background-type":"","background-media":"","overlay-type":"","overlay-color":"","overlay-opacity":"","overlay-gradient":""},"mobile":{"background-color":"var(--ast-global-color-5)","background-image":"","background-repeat":"repeat","background-position":"center center","background-size":"auto","background-attachment":"scroll","background-type":"","background-media":"","overlay-type":"","overlay-color":"","overlay-opacity":"","overlay-gradient":""}}},"product_brand":[],"product_cat":[77,31,30],"product_tag":[78,499,80],"class_list":{"0":"post-1087","1":"product","2":"type-product","3":"status-publish","4":"has-post-thumbnail","6":"product_cat-calcados","7":"product_cat-masculina","8":"product_cat-moda","9":"product_tag-calcado-masculino","10":"product_tag-moda-masculina","11":"product_tag-tenis","12":"desktop-align-center","13":"tablet-align-left","14":"mobile-align-center","16":"first","17":"instock","18":"sale","19":"shipping-taxable","20":"product-type-external"},"uagb_featured_image_src":{"full":["https:\/\/promocaododia.com.br\/site\/wp-content\/uploads\/2022\/11\/Tenis-Olympikus-Supera-Masculino.jpg",600,600,false],"thumbnail":["https:\/\/promocaododia.com.br\/site\/wp-content\/uploads\/2022\/11\/Tenis-Olympikus-Supera-Masculino-150x150.jpg",150,150,true],"medium":["https:\/\/promocaododia.com.br\/site\/wp-content\/uploads\/2022\/11\/Tenis-Olympikus-Supera-Masculino-300x300.jpg",300,300,true],"medium_large":["https:\/\/promocaododia.com.br\/site\/wp-content\/uploads\/2022\/11\/Tenis-Olympikus-Supera-Masculino.jpg",600,600,false],"large":["https:\/\/promocaododia.com.br\/site\/wp-content\/uploads\/2022\/11\/Tenis-Olympikus-Supera-Masculino.jpg",600,600,false],"1536x1536":["https:\/\/promocaododia.com.br\/site\/wp-content\/uploads\/2022\/11\/Tenis-Olympikus-Supera-Masculino.jpg",600,600,false],"2048x2048":["https:\/\/promocaododia.com.br\/site\/wp-content\/uploads\/2022\/11\/Tenis-Olympikus-Supera-Masculino.jpg",600,600,false],"woocommerce_thumbnail":["https:\/\/promocaododia.com.br\/site\/wp-content\/uploads\/2022\/11\/Tenis-Olympikus-Supera-Masculino-250x250.jpg",250,250,true],"woocommerce_single":["https:\/\/promocaododia.com.br\/site\/wp-content\/uploads\/2022\/11\/Tenis-Olympikus-Supera-Masculino-250x250.jpg",250,250,true],"woocommerce_gallery_thumbnail":["https:\/\/promocaododia.com.br\/site\/wp-content\/uploads\/2022\/11\/Tenis-Olympikus-Supera-Masculino-100x100.jpg",100,100,true]},"uagb_author_info":{"display_name":"danilo.gbr","author_link":"https:\/\/promocaododia.com.br\/site\/author\/"},"uagb_comment_info":0,"uagb_excerpt":"O T\u00eanis Olympikus Supera \u00e9 a pedida para quem curte superar seus limites em busca do melhor pace. O cabedal \u00e9 confeccionado em tecido Hypersox com aberturas que facilitam a respirabilidade e se ajusta perfeitamente nos p\u00e9s. Esse \u00e9 o t\u00eanis para o corredor que gosta de amortecimento est\u00e1vel, pois conta com refor\u00e7o na parte&hellip;","_links":{"self":[{"href":"https:\/\/promocaododia.com.br\/site\/wp-json\/wp\/v2\/product\/1087","targetHints":{"allow":["GET"]}}],"collection":[{"href":"https:\/\/promocaododia.com.br\/site\/wp-json\/wp\/v2\/product"}],"about":[{"href":"https:\/\/promocaododia.com.br\/site\/wp-json\/wp\/v2\/types\/product"}],"wp:featuredmedia":[{"embeddable":true,"href":"https:\/\/promocaododia.com.br\/site\/wp-json\/wp\/v2\/media\/1088"}],"wp:attachment":[{"href":"https:\/\/promocaododia.com.br\/site\/wp-json\/wp\/v2\/media?parent=1087"}],"wp:term":[{"taxonomy":"product_brand","embeddable":true,"href":"https:\/\/promocaododia.com.br\/site\/wp-json\/wp\/v2\/product_brand?post=1087"},{"taxonomy":"product_cat","embeddable":true,"href":"https:\/\/promocaododia.com.br\/site\/wp-json\/wp\/v2\/product_cat?post=1087"},{"taxonomy":"product_tag","embeddable":true,"href":"https:\/\/promocaododia.com.br\/site\/wp-json\/wp\/v2\/product_tag?post=1087"}],"curies":[{"name":"wp","href":"https:\/\/api.w.org\/{rel}","templated":true}]}}