{"id":1141,"date":"2022-11-16T19:56:28","date_gmt":"2022-11-16T22:56:28","guid":{"rendered":"https:\/\/promocaododia.com.br\/site\/?post_type=product&#038;p=1141"},"modified":"2022-11-16T19:56:28","modified_gmt":"2022-11-16T22:56:28","slug":"smart-tv-philips-50-ambilight-4k-uhd-led-android-tv-60hz-50pug7907-78","status":"publish","type":"product","link":"https:\/\/promocaododia.com.br\/site\/produto\/smart-tv-philips-50-ambilight-4k-uhd-led-android-tv-60hz-50pug7907-78\/","title":{"rendered":"Smart TV Philips 50&#8243; Ambilight 4K UHD LED Android TV 60Hz 50PUG7907\/78"},"content":{"rendered":"<div class=\"text-produto\"><strong>Smart TV Philips 50&#8243; Ambilight 4K UHD LED Android TV 60Hz 50PUG7907\/78<\/strong><\/p>\n<p>Tenha momentos maravilhosos ao lado de quem voc\u00ea ama acompanhados por uma telona que deixar\u00e1 esses momentos ainda mais especiais! Conhe\u00e7a a Smart TV Philips 50&#8243; Ambilight 55PUG7907\/78, com a incr\u00edvel qualidade 4K que deixa as imagens ainda mais vivas e n\u00edtidas, seu momento de cinema ser\u00e1 ainda melhor!<\/p>\n<p>Com a Smart TV Philips 50&#8243; Ambilight, voc\u00ea contar\u00e1 com tecnologias que transformar\u00e3o sua experi\u00eancia, como: o Ambilight 3 lados alinhado \u00e0s principais tecnologias de som e imagem, que v\u00e3o transformar o seu entretenimento em uma verdadeira experi\u00eancia.<\/p>\n<p>Para um \u00e1udio incr\u00edvel, a Smart TV 50&#8243; Philips Ambilight v\u00eam com o sistema Som com IA, Di\u00e1logo claro, Dolby Atmos, Refor\u00e7o de graves Dolby, Nivelador autom\u00e1tico de volume (AVL), que far\u00e1 voc\u00ea se perder nessa excelente qualidade de \u00e1udio!<\/p>\n<p>Seus momentos de cinema em casa nunca mais ser\u00e3o os mesmos<\/p>\n<p><strong>Conte\u00fado da Embalagem:<\/strong><br \/>\n&#8211; 01 Smart TV Philips 50&#8243; Ambilight Android TV<br \/>\n&#8211; 01 Controle Remoto<br \/>\n&#8211; 02 Pilhas AAA<br \/>\n&#8211; 01 Suporte para Cima da Mesa<br \/>\n&#8211; 01 Cabo de energia<br \/>\n&#8211; 01 Guia de In\u00edcio R\u00e1pido<br \/>\n&#8211; 01 Folheto jur\u00eddico e de seguran\u00e7a<\/p>\n<p><strong>Dimens\u00f5es do Produto sem Embalagem:<\/strong><br \/>\n&#8211; Altura sem suporte\/ com suporte: 653 \/ 673 mm<br \/>\n&#8211; Largura sem suporte\/ com suporte: 1240 \/1116 mm<br \/>\n&#8211; Profundidade sem suporte\/ com suporte: 82 \/ 246 mm<br \/>\n&#8211; Peso sem suporte\/ com suporte: 12,6 \/ 12,77 kg<\/p>\n<p><strong>Dimens\u00f5es do Produto com Embalagem:<\/strong><br \/>\n&#8211; Altura: 785 mm<br \/>\n&#8211; Largura: 1240 mm<br \/>\n&#8211; Profundidade: 150 mm<br \/>\n&#8211; Peso: 16,47 kg<\/p>\n<p><strong>Garantia:<\/strong><br \/>\n&#8211; 12 Meses | Pelo Fabricante<\/div>\n<div class=\"infos-fabricante\">\n<p>Todas as informa\u00e7\u00f5es divulgadas s\u00e3o de responsabilidade do fabricante\/fornecedor.<br \/>\nVerifique com os fabricantes do produto e de seus componentes eventuais limita\u00e7\u00f5es \u00e0 utiliza\u00e7\u00e3o de todos os recursos e funcionalidades.<br \/>\nImagens Meramente Ilustrativas.<\/p>\n<\/div>\n","protected":false},"excerpt":{"rendered":"<p>Smart TV Philips 50&#8243; Ambilight 4K UHD LED Android TV 60Hz 50PUG7907\/78 Tenha momentos maravilhosos ao lado de quem voc\u00ea ama acompanhados por uma telona que deixar\u00e1 esses momentos ainda mais especiais! Conhe\u00e7a a Smart TV Philips 50&#8243; Ambilight 55PUG7907\/78, com a incr\u00edvel qualidade 4K que deixa as imagens ainda mais vivas e n\u00edtidas, seu momento de cinema ser\u00e1 ainda melhor! Com a Smart TV Philips 50&#8243; Ambilight, voc\u00ea contar\u00e1 com tecnologias que transformar\u00e3o sua experi\u00eancia, como: o Ambilight 3 lados alinhado \u00e0s principais tecnologias de som e imagem, que v\u00e3o transformar o seu entretenimento em uma verdadeira experi\u00eancia. Para um \u00e1udio incr\u00edvel, a Smart TV 50&#8243; Philips Ambilight v\u00eam com o sistema Som com IA, Di\u00e1logo claro, Dolby Atmos, Refor\u00e7o de graves Dolby, Nivelador autom\u00e1tico de volume (AVL), que far\u00e1 voc\u00ea se perder nessa excelente qualidade de \u00e1udio! Seus momentos de cinema em casa nunca mais ser\u00e3o os mesmos Conte\u00fado da Embalagem: &#8211; 01 Smart TV Philips 50&#8243; Ambilight Android TV &#8211; 01 Controle Remoto &#8211; 02 Pilhas AAA &#8211; 01 Suporte para Cima da Mesa &#8211; 01 Cabo de energia &#8211; 01 Guia de In\u00edcio R\u00e1pido &#8211; 01 Folheto jur\u00eddico e de seguran\u00e7a Dimens\u00f5es do Produto sem Embalagem: &#8211; Altura sem suporte\/ com suporte: 653 \/ 673 mm &#8211; Largura sem suporte\/ com suporte: 1240 \/1116 mm &#8211; Profundidade sem suporte\/ com suporte: 82 \/ 246 mm &#8211; Peso sem suporte\/ com suporte: 12,6 \/ 12,77 kg Dimens\u00f5es do Produto com Embalagem: &#8211; Altura: 785 mm &#8211; Largura: 1240 mm &#8211; Profundidade: 150 mm &#8211; Peso: 16,47 kg Garantia: &#8211; 12 Meses | Pelo Fabricante Todas as informa\u00e7\u00f5es divulgadas s\u00e3o de responsabilidade do fabricante\/fornecedor. Verifique com os fabricantes do produto e de seus componentes eventuais limita\u00e7\u00f5es \u00e0 utiliza\u00e7\u00e3o de todos os recursos e funcionalidades. Imagens Meramente Ilustrativas.<\/p>\n","protected":false},"featured_media":1142,"template":"","meta":{"_uag_custom_page_level_css":"","site-sidebar-layout":"default","site-content-layout":"default","ast-site-content-layout":"default","site-content-style":"default","site-sidebar-style":"default","ast-global-header-display":"","ast-banner-title-visibility":"","ast-main-header-display":"","ast-hfb-above-header-display":"","ast-hfb-below-header-display":"","ast-hfb-mobile-header-display":"","site-post-title":"","ast-breadcrumbs-content":"","ast-featured-img":"","footer-sml-layout":"","theme-transparent-header-meta":"default","adv-header-id-meta":"","stick-header-meta":"","header-above-stick-meta":"","header-main-stick-meta":"","header-below-stick-meta":"","astra-migrate-meta-layouts":"default","ast-page-background-enabled":"default","ast-page-background-meta":{"desktop":{"background-color":"","background-image":"","background-repeat":"repeat","background-position":"center center","background-size":"auto","background-attachment":"scroll","background-type":"","background-media":"","overlay-type":"","overlay-color":"","overlay-opacity":"","overlay-gradient":""},"tablet":{"background-color":"","background-image":"","background-repeat":"repeat","background-position":"center center","background-size":"auto","background-attachment":"scroll","background-type":"","background-media":"","overlay-type":"","overlay-color":"","overlay-opacity":"","overlay-gradient":""},"mobile":{"background-color":"","background-image":"","background-repeat":"repeat","background-position":"center center","background-size":"auto","background-attachment":"scroll","background-type":"","background-media":"","overlay-type":"","overlay-color":"","overlay-opacity":"","overlay-gradient":""}},"ast-content-background-meta":{"desktop":{"background-color":"var(--ast-global-color-5)","background-image":"","background-repeat":"repeat","background-position":"center center","background-size":"auto","background-attachment":"scroll","background-type":"","background-media":"","overlay-type":"","overlay-color":"","overlay-opacity":"","overlay-gradient":""},"tablet":{"background-color":"var(--ast-global-color-5)","background-image":"","background-repeat":"repeat","background-position":"center center","background-size":"auto","background-attachment":"scroll","background-type":"","background-media":"","overlay-type":"","overlay-color":"","overlay-opacity":"","overlay-gradient":""},"mobile":{"background-color":"var(--ast-global-color-5)","background-image":"","background-repeat":"repeat","background-position":"center center","background-size":"auto","background-attachment":"scroll","background-type":"","background-media":"","overlay-type":"","overlay-color":"","overlay-opacity":"","overlay-gradient":""}}},"product_brand":[],"product_cat":[38,25,76],"product_tag":[129,125,130,128],"class_list":{"0":"post-1141","1":"product","2":"type-product","3":"status-publish","4":"has-post-thumbnail","6":"product_cat-eletronicos","7":"product_cat-smart-tv","8":"product_cat-tv-e-video","9":"product_tag-4k","10":"product_tag-smart-tv","11":"product_tag-tv-50","12":"product_tag-uhd","13":"desktop-align-center","14":"tablet-align-left","15":"mobile-align-center","17":"first","18":"instock","19":"sale","20":"shipping-taxable","21":"product-type-external"},"uagb_featured_image_src":{"full":["https:\/\/promocaododia.com.br\/site\/wp-content\/uploads\/2022\/11\/Smart-TV-Philips-50-Ambilight-4K-UHD-LED-Android-TV-60Hz-50PUG790778.jpg",600,600,false],"thumbnail":["https:\/\/promocaododia.com.br\/site\/wp-content\/uploads\/2022\/11\/Smart-TV-Philips-50-Ambilight-4K-UHD-LED-Android-TV-60Hz-50PUG790778-150x150.jpg",150,150,true],"medium":["https:\/\/promocaododia.com.br\/site\/wp-content\/uploads\/2022\/11\/Smart-TV-Philips-50-Ambilight-4K-UHD-LED-Android-TV-60Hz-50PUG790778-300x300.jpg",300,300,true],"medium_large":["https:\/\/promocaododia.com.br\/site\/wp-content\/uploads\/2022\/11\/Smart-TV-Philips-50-Ambilight-4K-UHD-LED-Android-TV-60Hz-50PUG790778.jpg",600,600,false],"large":["https:\/\/promocaododia.com.br\/site\/wp-content\/uploads\/2022\/11\/Smart-TV-Philips-50-Ambilight-4K-UHD-LED-Android-TV-60Hz-50PUG790778.jpg",600,600,false],"1536x1536":["https:\/\/promocaododia.com.br\/site\/wp-content\/uploads\/2022\/11\/Smart-TV-Philips-50-Ambilight-4K-UHD-LED-Android-TV-60Hz-50PUG790778.jpg",600,600,false],"2048x2048":["https:\/\/promocaododia.com.br\/site\/wp-content\/uploads\/2022\/11\/Smart-TV-Philips-50-Ambilight-4K-UHD-LED-Android-TV-60Hz-50PUG790778.jpg",600,600,false],"woocommerce_thumbnail":["https:\/\/promocaododia.com.br\/site\/wp-content\/uploads\/2022\/11\/Smart-TV-Philips-50-Ambilight-4K-UHD-LED-Android-TV-60Hz-50PUG790778-250x250.jpg",250,250,true],"woocommerce_single":["https:\/\/promocaododia.com.br\/site\/wp-content\/uploads\/2022\/11\/Smart-TV-Philips-50-Ambilight-4K-UHD-LED-Android-TV-60Hz-50PUG790778-250x250.jpg",250,250,true],"woocommerce_gallery_thumbnail":["https:\/\/promocaododia.com.br\/site\/wp-content\/uploads\/2022\/11\/Smart-TV-Philips-50-Ambilight-4K-UHD-LED-Android-TV-60Hz-50PUG790778-100x100.jpg",100,100,true]},"uagb_author_info":{"display_name":"danilo.gbr","author_link":"https:\/\/promocaododia.com.br\/site\/author\/"},"uagb_comment_info":0,"uagb_excerpt":"Smart TV Philips 50&#8243; Ambilight 4K UHD LED Android TV 60Hz 50PUG7907\/78 Tenha momentos maravilhosos ao lado de quem voc\u00ea ama acompanhados por uma telona que deixar\u00e1 esses momentos ainda mais especiais! Conhe\u00e7a a Smart TV Philips 50&#8243; Ambilight 55PUG7907\/78, com a incr\u00edvel qualidade 4K que deixa as imagens ainda mais vivas e n\u00edtidas, seu&hellip;","_links":{"self":[{"href":"https:\/\/promocaododia.com.br\/site\/wp-json\/wp\/v2\/product\/1141","targetHints":{"allow":["GET"]}}],"collection":[{"href":"https:\/\/promocaododia.com.br\/site\/wp-json\/wp\/v2\/product"}],"about":[{"href":"https:\/\/promocaododia.com.br\/site\/wp-json\/wp\/v2\/types\/product"}],"wp:featuredmedia":[{"embeddable":true,"href":"https:\/\/promocaododia.com.br\/site\/wp-json\/wp\/v2\/media\/1142"}],"wp:attachment":[{"href":"https:\/\/promocaododia.com.br\/site\/wp-json\/wp\/v2\/media?parent=1141"}],"wp:term":[{"taxonomy":"product_brand","embeddable":true,"href":"https:\/\/promocaododia.com.br\/site\/wp-json\/wp\/v2\/product_brand?post=1141"},{"taxonomy":"product_cat","embeddable":true,"href":"https:\/\/promocaododia.com.br\/site\/wp-json\/wp\/v2\/product_cat?post=1141"},{"taxonomy":"product_tag","embeddable":true,"href":"https:\/\/promocaododia.com.br\/site\/wp-json\/wp\/v2\/product_tag?post=1141"}],"curies":[{"name":"wp","href":"https:\/\/api.w.org\/{rel}","templated":true}]}}