{"id":1145,"date":"2022-11-16T20:13:56","date_gmt":"2022-11-16T23:13:56","guid":{"rendered":"https:\/\/promocaododia.com.br\/site\/?post_type=product&#038;p=1145"},"modified":"2022-11-16T20:13:56","modified_gmt":"2022-11-16T23:13:56","slug":"fralda-calca-pampers-pants-tamanho-m-112-unidades","status":"publish","type":"product","link":"https:\/\/promocaododia.com.br\/site\/produto\/fralda-calca-pampers-pants-tamanho-m-112-unidades\/","title":{"rendered":"Fralda Cal\u00e7a Pampers Pants Tamanho M &#8211; 112 Unidades"},"content":{"rendered":"<p>A\u00a0<strong>Fralda Cal\u00e7a Pants da Pampers<\/strong>\u00a0\u00e9 tudo o que voc\u00ea precisa para trocar o seu beb\u00ea com total praticidade, sem abrir m\u00e3o do conforto dos pequenos!<br \/>\nF\u00e1cil de trocar, a\u00a0<strong>Fralda Cal\u00e7a Pants<\/strong>\u00a0conta com uma cintura el\u00e1stica 360\u00b0 que se adapta perfeitamente ao corpinho do beb\u00ea e tamb\u00e9m canais de ar que permitem que o ar circule livremente pela fralda, para que o bumbum fique menos abafado e a pele fique arejada e sequinha durante a noite.<br \/>\nAl\u00e9m disso, possui gel m\u00e1gico que absorve e ret\u00e9m a umidade no interior da fralda com uma camada ultra absorvente.<\/p>\n","protected":false},"excerpt":{"rendered":"<p>A\u00a0Fralda Cal\u00e7a Pants da Pampers\u00a0\u00e9 tudo o que voc\u00ea precisa para trocar o seu beb\u00ea com total praticidade, sem abrir m\u00e3o do conforto dos pequenos! F\u00e1cil de trocar, a\u00a0Fralda Cal\u00e7a Pants\u00a0conta com uma cintura el\u00e1stica 360\u00b0 que se adapta perfeitamente ao corpinho do beb\u00ea e tamb\u00e9m canais de ar que permitem que o ar circule livremente pela fralda, para que o bumbum fique menos abafado e a pele fique arejada e sequinha durante a noite. Al\u00e9m disso, possui gel m\u00e1gico que absorve e ret\u00e9m a umidade no interior da fralda com uma camada ultra absorvente.<\/p>\n","protected":false},"featured_media":1146,"template":"","meta":{"_uag_custom_page_level_css":"","site-sidebar-layout":"default","site-content-layout":"default","ast-site-content-layout":"default","site-content-style":"default","site-sidebar-style":"default","ast-global-header-display":"","ast-banner-title-visibility":"","ast-main-header-display":"","ast-hfb-above-header-display":"","ast-hfb-below-header-display":"","ast-hfb-mobile-header-display":"","site-post-title":"","ast-breadcrumbs-content":"","ast-featured-img":"","footer-sml-layout":"","theme-transparent-header-meta":"default","adv-header-id-meta":"","stick-header-meta":"","header-above-stick-meta":"","header-main-stick-meta":"","header-below-stick-meta":"","astra-migrate-meta-layouts":"default","ast-page-background-enabled":"default","ast-page-background-meta":{"desktop":{"background-color":"","background-image":"","background-repeat":"repeat","background-position":"center center","background-size":"auto","background-attachment":"scroll","background-type":"","background-media":"","overlay-type":"","overlay-color":"","overlay-opacity":"","overlay-gradient":""},"tablet":{"background-color":"","background-image":"","background-repeat":"repeat","background-position":"center center","background-size":"auto","background-attachment":"scroll","background-type":"","background-media":"","overlay-type":"","overlay-color":"","overlay-opacity":"","overlay-gradient":""},"mobile":{"background-color":"","background-image":"","background-repeat":"repeat","background-position":"center center","background-size":"auto","background-attachment":"scroll","background-type":"","background-media":"","overlay-type":"","overlay-color":"","overlay-opacity":"","overlay-gradient":""}},"ast-content-background-meta":{"desktop":{"background-color":"var(--ast-global-color-5)","background-image":"","background-repeat":"repeat","background-position":"center center","background-size":"auto","background-attachment":"scroll","background-type":"","background-media":"","overlay-type":"","overlay-color":"","overlay-opacity":"","overlay-gradient":""},"tablet":{"background-color":"var(--ast-global-color-5)","background-image":"","background-repeat":"repeat","background-position":"center center","background-size":"auto","background-attachment":"scroll","background-type":"","background-media":"","overlay-type":"","overlay-color":"","overlay-opacity":"","overlay-gradient":""},"mobile":{"background-color":"var(--ast-global-color-5)","background-image":"","background-repeat":"repeat","background-position":"center center","background-size":"auto","background-attachment":"scroll","background-type":"","background-media":"","overlay-type":"","overlay-color":"","overlay-opacity":"","overlay-gradient":""}}},"product_brand":[],"product_cat":[54],"product_tag":[307,304],"class_list":{"0":"post-1145","1":"product","2":"type-product","3":"status-publish","4":"has-post-thumbnail","6":"product_cat-bebe","7":"product_tag-bebe","8":"product_tag-fralda","9":"desktop-align-center","10":"tablet-align-left","11":"mobile-align-center","13":"first","14":"instock","15":"sale","16":"shipping-taxable","17":"product-type-external"},"uagb_featured_image_src":{"full":["https:\/\/promocaododia.com.br\/site\/wp-content\/uploads\/2022\/11\/Fralda-Calca-Pampers-Pants-Tamanho-M-112-Unidades.jpg",600,600,false],"thumbnail":["https:\/\/promocaododia.com.br\/site\/wp-content\/uploads\/2022\/11\/Fralda-Calca-Pampers-Pants-Tamanho-M-112-Unidades-150x150.jpg",150,150,true],"medium":["https:\/\/promocaododia.com.br\/site\/wp-content\/uploads\/2022\/11\/Fralda-Calca-Pampers-Pants-Tamanho-M-112-Unidades-300x300.jpg",300,300,true],"medium_large":["https:\/\/promocaododia.com.br\/site\/wp-content\/uploads\/2022\/11\/Fralda-Calca-Pampers-Pants-Tamanho-M-112-Unidades.jpg",600,600,false],"large":["https:\/\/promocaododia.com.br\/site\/wp-content\/uploads\/2022\/11\/Fralda-Calca-Pampers-Pants-Tamanho-M-112-Unidades.jpg",600,600,false],"1536x1536":["https:\/\/promocaododia.com.br\/site\/wp-content\/uploads\/2022\/11\/Fralda-Calca-Pampers-Pants-Tamanho-M-112-Unidades.jpg",600,600,false],"2048x2048":["https:\/\/promocaododia.com.br\/site\/wp-content\/uploads\/2022\/11\/Fralda-Calca-Pampers-Pants-Tamanho-M-112-Unidades.jpg",600,600,false],"woocommerce_thumbnail":["https:\/\/promocaododia.com.br\/site\/wp-content\/uploads\/2022\/11\/Fralda-Calca-Pampers-Pants-Tamanho-M-112-Unidades-250x250.jpg",250,250,true],"woocommerce_single":["https:\/\/promocaododia.com.br\/site\/wp-content\/uploads\/2022\/11\/Fralda-Calca-Pampers-Pants-Tamanho-M-112-Unidades-250x250.jpg",250,250,true],"woocommerce_gallery_thumbnail":["https:\/\/promocaododia.com.br\/site\/wp-content\/uploads\/2022\/11\/Fralda-Calca-Pampers-Pants-Tamanho-M-112-Unidades-100x100.jpg",100,100,true]},"uagb_author_info":{"display_name":"danilo.gbr","author_link":"https:\/\/promocaododia.com.br\/site\/author\/"},"uagb_comment_info":0,"uagb_excerpt":"A\u00a0Fralda Cal\u00e7a Pants da Pampers\u00a0\u00e9 tudo o que voc\u00ea precisa para trocar o seu beb\u00ea com total praticidade, sem abrir m\u00e3o do conforto dos pequenos! F\u00e1cil de trocar, a\u00a0Fralda Cal\u00e7a Pants\u00a0conta com uma cintura el\u00e1stica 360\u00b0 que se adapta perfeitamente ao corpinho do beb\u00ea e tamb\u00e9m canais de ar que permitem que o ar circule&hellip;","_links":{"self":[{"href":"https:\/\/promocaododia.com.br\/site\/wp-json\/wp\/v2\/product\/1145","targetHints":{"allow":["GET"]}}],"collection":[{"href":"https:\/\/promocaododia.com.br\/site\/wp-json\/wp\/v2\/product"}],"about":[{"href":"https:\/\/promocaododia.com.br\/site\/wp-json\/wp\/v2\/types\/product"}],"wp:featuredmedia":[{"embeddable":true,"href":"https:\/\/promocaododia.com.br\/site\/wp-json\/wp\/v2\/media\/1146"}],"wp:attachment":[{"href":"https:\/\/promocaododia.com.br\/site\/wp-json\/wp\/v2\/media?parent=1145"}],"wp:term":[{"taxonomy":"product_brand","embeddable":true,"href":"https:\/\/promocaododia.com.br\/site\/wp-json\/wp\/v2\/product_brand?post=1145"},{"taxonomy":"product_cat","embeddable":true,"href":"https:\/\/promocaododia.com.br\/site\/wp-json\/wp\/v2\/product_cat?post=1145"},{"taxonomy":"product_tag","embeddable":true,"href":"https:\/\/promocaododia.com.br\/site\/wp-json\/wp\/v2\/product_tag?post=1145"}],"curies":[{"name":"wp","href":"https:\/\/api.w.org\/{rel}","templated":true}]}}