{"id":1154,"date":"2022-11-17T19:17:40","date_gmt":"2022-11-17T22:17:40","guid":{"rendered":"https:\/\/promocaododia.com.br\/site\/?post_type=product&#038;p=1154"},"modified":"2022-11-17T19:17:40","modified_gmt":"2022-11-17T22:17:40","slug":"impressora-multifuncional-epson-ecotank-l3210-tanque-de-tinta-colorida-usb","status":"publish","type":"product","link":"https:\/\/promocaododia.com.br\/site\/produto\/impressora-multifuncional-epson-ecotank-l3210-tanque-de-tinta-colorida-usb\/","title":{"rendered":"Impressora Multifuncional Epson Ecotank L3210 &#8211; Tanque de Tinta Colorida USB"},"content":{"rendered":"<p>A Epson EcoTank L3210 \u00e9 uma impressora multifuncional tanque de tinta 3 em 1 destinada \u00e0 fam\u00edlias, estudantes, e profissionais. Oferece baixo custo de impress\u00e3o gra\u00e7as ao sistema de EcoTank, que imprime at\u00e9 4.500 p\u00e1ginas em preto e 7.500 p\u00e1ginas coloridas com cada kit de garrafas de reposi\u00e7\u00e3o original. A tecnologia Heat-Free da Epson n\u00e3o requer aquecimento da tinta no processo, e com isso garante mais rapidez, economia de energia e confiabilidade \u00e0 impressora. Al\u00e9m disso, a Epson L3210 garante uma experi\u00eancia de abastecimento simples, sem sujeira e sem desperd\u00edcios atrav\u00e9s da tecnologia EcoFit e os tanques frontais permitem f\u00e1cil acesso e visualiza\u00e7\u00e3o dos n\u00edveis de tinta. Projetada para integrar um estilo de vida inteligente, possui conex\u00e3o USB e seu design compacto permite encaixar a multifuncional nos menores espa\u00e7os.<\/p>\n","protected":false},"excerpt":{"rendered":"<p>A Epson EcoTank L3210 \u00e9 uma impressora multifuncional tanque de tinta 3 em 1 destinada \u00e0 fam\u00edlias, estudantes, e profissionais. Oferece baixo custo de impress\u00e3o gra\u00e7as ao sistema de EcoTank, que imprime at\u00e9 4.500 p\u00e1ginas em preto e 7.500 p\u00e1ginas coloridas com cada kit de garrafas de reposi\u00e7\u00e3o original. A tecnologia Heat-Free da Epson n\u00e3o requer aquecimento da tinta no processo, e com isso garante mais rapidez, economia de energia e confiabilidade \u00e0 impressora. Al\u00e9m disso, a Epson L3210 garante uma experi\u00eancia de abastecimento simples, sem sujeira e sem desperd\u00edcios atrav\u00e9s da tecnologia EcoFit e os tanques frontais permitem f\u00e1cil acesso e visualiza\u00e7\u00e3o dos n\u00edveis de tinta. Projetada para integrar um estilo de vida inteligente, possui conex\u00e3o USB e seu design compacto permite encaixar a multifuncional nos menores espa\u00e7os.<\/p>\n","protected":false},"featured_media":1155,"template":"","meta":{"_uag_custom_page_level_css":"","site-sidebar-layout":"default","site-content-layout":"default","ast-site-content-layout":"default","site-content-style":"default","site-sidebar-style":"default","ast-global-header-display":"","ast-banner-title-visibility":"","ast-main-header-display":"","ast-hfb-above-header-display":"","ast-hfb-below-header-display":"","ast-hfb-mobile-header-display":"","site-post-title":"","ast-breadcrumbs-content":"","ast-featured-img":"","footer-sml-layout":"","theme-transparent-header-meta":"default","adv-header-id-meta":"","stick-header-meta":"","header-above-stick-meta":"","header-main-stick-meta":"","header-below-stick-meta":"","astra-migrate-meta-layouts":"default","ast-page-background-enabled":"default","ast-page-background-meta":{"desktop":{"background-color":"","background-image":"","background-repeat":"repeat","background-position":"center center","background-size":"auto","background-attachment":"scroll","background-type":"","background-media":"","overlay-type":"","overlay-color":"","overlay-opacity":"","overlay-gradient":""},"tablet":{"background-color":"","background-image":"","background-repeat":"repeat","background-position":"center center","background-size":"auto","background-attachment":"scroll","background-type":"","background-media":"","overlay-type":"","overlay-color":"","overlay-opacity":"","overlay-gradient":""},"mobile":{"background-color":"","background-image":"","background-repeat":"repeat","background-position":"center center","background-size":"auto","background-attachment":"scroll","background-type":"","background-media":"","overlay-type":"","overlay-color":"","overlay-opacity":"","overlay-gradient":""}},"ast-content-background-meta":{"desktop":{"background-color":"var(--ast-global-color-5)","background-image":"","background-repeat":"repeat","background-position":"center center","background-size":"auto","background-attachment":"scroll","background-type":"","background-media":"","overlay-type":"","overlay-color":"","overlay-opacity":"","overlay-gradient":""},"tablet":{"background-color":"var(--ast-global-color-5)","background-image":"","background-repeat":"repeat","background-position":"center center","background-size":"auto","background-attachment":"scroll","background-type":"","background-media":"","overlay-type":"","overlay-color":"","overlay-opacity":"","overlay-gradient":""},"mobile":{"background-color":"var(--ast-global-color-5)","background-image":"","background-repeat":"repeat","background-position":"center center","background-size":"auto","background-attachment":"scroll","background-type":"","background-media":"","overlay-type":"","overlay-color":"","overlay-opacity":"","overlay-gradient":""}}},"product_brand":[],"product_cat":[186,75],"product_tag":[191,195,189,188,187,194,190,192,193],"class_list":{"0":"post-1154","1":"product","2":"type-product","3":"status-publish","4":"has-post-thumbnail","6":"product_cat-impressoras","7":"product_cat-informatica-e-acessorios","8":"product_tag-colorida","9":"product_tag-digitalizadora","10":"product_tag-ecotank","11":"product_tag-epson","12":"product_tag-impressora","13":"product_tag-multifuncional","14":"product_tag-tanque-de-tinta","15":"product_tag-usb","16":"product_tag-wi-fi","17":"desktop-align-center","18":"tablet-align-left","19":"mobile-align-center","21":"first","22":"instock","23":"sale","24":"shipping-taxable","25":"product-type-external"},"uagb_featured_image_src":{"full":["https:\/\/promocaododia.com.br\/site\/wp-content\/uploads\/2022\/11\/Impressora-Multifuncional-Epson-Ecotank-L3210-Tanque-de-Tinta-Colorida-USB.jpg",600,600,false],"thumbnail":["https:\/\/promocaododia.com.br\/site\/wp-content\/uploads\/2022\/11\/Impressora-Multifuncional-Epson-Ecotank-L3210-Tanque-de-Tinta-Colorida-USB-150x150.jpg",150,150,true],"medium":["https:\/\/promocaododia.com.br\/site\/wp-content\/uploads\/2022\/11\/Impressora-Multifuncional-Epson-Ecotank-L3210-Tanque-de-Tinta-Colorida-USB-300x300.jpg",300,300,true],"medium_large":["https:\/\/promocaododia.com.br\/site\/wp-content\/uploads\/2022\/11\/Impressora-Multifuncional-Epson-Ecotank-L3210-Tanque-de-Tinta-Colorida-USB.jpg",600,600,false],"large":["https:\/\/promocaododia.com.br\/site\/wp-content\/uploads\/2022\/11\/Impressora-Multifuncional-Epson-Ecotank-L3210-Tanque-de-Tinta-Colorida-USB.jpg",600,600,false],"1536x1536":["https:\/\/promocaododia.com.br\/site\/wp-content\/uploads\/2022\/11\/Impressora-Multifuncional-Epson-Ecotank-L3210-Tanque-de-Tinta-Colorida-USB.jpg",600,600,false],"2048x2048":["https:\/\/promocaododia.com.br\/site\/wp-content\/uploads\/2022\/11\/Impressora-Multifuncional-Epson-Ecotank-L3210-Tanque-de-Tinta-Colorida-USB.jpg",600,600,false],"woocommerce_thumbnail":["https:\/\/promocaododia.com.br\/site\/wp-content\/uploads\/2022\/11\/Impressora-Multifuncional-Epson-Ecotank-L3210-Tanque-de-Tinta-Colorida-USB-250x250.jpg",250,250,true],"woocommerce_single":["https:\/\/promocaododia.com.br\/site\/wp-content\/uploads\/2022\/11\/Impressora-Multifuncional-Epson-Ecotank-L3210-Tanque-de-Tinta-Colorida-USB-250x250.jpg",250,250,true],"woocommerce_gallery_thumbnail":["https:\/\/promocaododia.com.br\/site\/wp-content\/uploads\/2022\/11\/Impressora-Multifuncional-Epson-Ecotank-L3210-Tanque-de-Tinta-Colorida-USB-100x100.jpg",100,100,true]},"uagb_author_info":{"display_name":"danilo.gbr","author_link":"https:\/\/promocaododia.com.br\/site\/author\/"},"uagb_comment_info":0,"uagb_excerpt":"A Epson EcoTank L3210 \u00e9 uma impressora multifuncional tanque de tinta 3 em 1 destinada \u00e0 fam\u00edlias, estudantes, e profissionais. Oferece baixo custo de impress\u00e3o gra\u00e7as ao sistema de EcoTank, que imprime at\u00e9 4.500 p\u00e1ginas em preto e 7.500 p\u00e1ginas coloridas com cada kit de garrafas de reposi\u00e7\u00e3o original. A tecnologia Heat-Free da Epson n\u00e3o&hellip;","_links":{"self":[{"href":"https:\/\/promocaododia.com.br\/site\/wp-json\/wp\/v2\/product\/1154","targetHints":{"allow":["GET"]}}],"collection":[{"href":"https:\/\/promocaododia.com.br\/site\/wp-json\/wp\/v2\/product"}],"about":[{"href":"https:\/\/promocaododia.com.br\/site\/wp-json\/wp\/v2\/types\/product"}],"wp:featuredmedia":[{"embeddable":true,"href":"https:\/\/promocaododia.com.br\/site\/wp-json\/wp\/v2\/media\/1155"}],"wp:attachment":[{"href":"https:\/\/promocaododia.com.br\/site\/wp-json\/wp\/v2\/media?parent=1154"}],"wp:term":[{"taxonomy":"product_brand","embeddable":true,"href":"https:\/\/promocaododia.com.br\/site\/wp-json\/wp\/v2\/product_brand?post=1154"},{"taxonomy":"product_cat","embeddable":true,"href":"https:\/\/promocaododia.com.br\/site\/wp-json\/wp\/v2\/product_cat?post=1154"},{"taxonomy":"product_tag","embeddable":true,"href":"https:\/\/promocaododia.com.br\/site\/wp-json\/wp\/v2\/product_tag?post=1154"}],"curies":[{"name":"wp","href":"https:\/\/api.w.org\/{rel}","templated":true}]}}