{"id":1165,"date":"2022-11-18T20:21:26","date_gmt":"2022-11-18T23:21:26","guid":{"rendered":"https:\/\/promocaododia.com.br\/site\/?post_type=product&#038;p=1165"},"modified":"2022-11-18T20:21:26","modified_gmt":"2022-11-18T23:21:26","slug":"cafeteira-nescafe-dolce-gusto-mini-me-preta-automatica-110v-nescafe-dolce-gusto","status":"publish","type":"product","link":"https:\/\/promocaododia.com.br\/site\/produto\/cafeteira-nescafe-dolce-gusto-mini-me-preta-automatica-110v-nescafe-dolce-gusto\/","title":{"rendered":"Cafeteira Nescafe Dolce Gusto Mini Me Preta Autom\u00e1tica (110v) &#8211; Nescaf\u00e9 Dolce Gusto"},"content":{"rendered":"<p>Seja para fazer um caf\u00e9 espresso ou um cappuccino cremoso, apresentamos a Mini Me: a m\u00e1quina de caf\u00e9 que faz muito mais do que caf\u00e9. Quer preparar as suas bebidas favoritas com sabor e economia? A Mini Me \u00e9 perfeita para voc\u00ea, pois ela tem o pre\u00e7o mais acess\u00edvel de toda a linha de m\u00e1quinas autom\u00e1ticas Nescaf\u00e9\u00ae Dolce Gusto\u00ae, ideal para fazer uma deliciosa bebida quente ou fria.<\/p>\n","protected":false},"excerpt":{"rendered":"<p>Seja para fazer um caf\u00e9 espresso ou um cappuccino cremoso, apresentamos a Mini Me: a m\u00e1quina de caf\u00e9 que faz muito mais do que caf\u00e9. Quer preparar as suas bebidas favoritas com sabor e economia? A Mini Me \u00e9 perfeita para voc\u00ea, pois ela tem o pre\u00e7o mais acess\u00edvel de toda a linha de m\u00e1quinas autom\u00e1ticas Nescaf\u00e9\u00ae Dolce Gusto\u00ae, ideal para fazer uma deliciosa bebida quente ou fria.<\/p>\n","protected":false},"featured_media":1166,"template":"","meta":{"_uag_custom_page_level_css":"","site-sidebar-layout":"default","site-content-layout":"default","ast-site-content-layout":"default","site-content-style":"default","site-sidebar-style":"default","ast-global-header-display":"","ast-banner-title-visibility":"","ast-main-header-display":"","ast-hfb-above-header-display":"","ast-hfb-below-header-display":"","ast-hfb-mobile-header-display":"","site-post-title":"","ast-breadcrumbs-content":"","ast-featured-img":"","footer-sml-layout":"","theme-transparent-header-meta":"default","adv-header-id-meta":"","stick-header-meta":"","header-above-stick-meta":"","header-main-stick-meta":"","header-below-stick-meta":"","astra-migrate-meta-layouts":"default","ast-page-background-enabled":"default","ast-page-background-meta":{"desktop":{"background-color":"","background-image":"","background-repeat":"repeat","background-position":"center center","background-size":"auto","background-attachment":"scroll","background-type":"","background-media":"","overlay-type":"","overlay-color":"","overlay-opacity":"","overlay-gradient":""},"tablet":{"background-color":"","background-image":"","background-repeat":"repeat","background-position":"center center","background-size":"auto","background-attachment":"scroll","background-type":"","background-media":"","overlay-type":"","overlay-color":"","overlay-opacity":"","overlay-gradient":""},"mobile":{"background-color":"","background-image":"","background-repeat":"repeat","background-position":"center center","background-size":"auto","background-attachment":"scroll","background-type":"","background-media":"","overlay-type":"","overlay-color":"","overlay-opacity":"","overlay-gradient":""}},"ast-content-background-meta":{"desktop":{"background-color":"var(--ast-global-color-5)","background-image":"","background-repeat":"repeat","background-position":"center center","background-size":"auto","background-attachment":"scroll","background-type":"","background-media":"","overlay-type":"","overlay-color":"","overlay-opacity":"","overlay-gradient":""},"tablet":{"background-color":"var(--ast-global-color-5)","background-image":"","background-repeat":"repeat","background-position":"center center","background-size":"auto","background-attachment":"scroll","background-type":"","background-media":"","overlay-type":"","overlay-color":"","overlay-opacity":"","overlay-gradient":""},"mobile":{"background-color":"var(--ast-global-color-5)","background-image":"","background-repeat":"repeat","background-position":"center center","background-size":"auto","background-attachment":"scroll","background-type":"","background-media":"","overlay-type":"","overlay-color":"","overlay-opacity":"","overlay-gradient":""}}},"product_brand":[],"product_cat":[526,28],"product_tag":[533,527,534,535],"class_list":{"0":"post-1165","1":"product","2":"type-product","3":"status-publish","4":"has-post-thumbnail","6":"product_cat-cafeteira","7":"product_cat-eletrodomesticos","8":"product_tag-cafe-expresso","9":"product_tag-cafeteira","10":"product_tag-dolce-gusto","11":"product_tag-nescafe","12":"desktop-align-center","13":"tablet-align-left","14":"mobile-align-center","16":"first","17":"instock","18":"sale","19":"shipping-taxable","20":"product-type-external"},"uagb_featured_image_src":{"full":["https:\/\/promocaododia.com.br\/site\/wp-content\/uploads\/2022\/11\/Cafeteira-Nescafe-Dolce-Gusto-Mini-Me-Preta-Automatica-110v-Nescafe-Dolce-Gusto.jpg",600,600,false],"thumbnail":["https:\/\/promocaododia.com.br\/site\/wp-content\/uploads\/2022\/11\/Cafeteira-Nescafe-Dolce-Gusto-Mini-Me-Preta-Automatica-110v-Nescafe-Dolce-Gusto-150x150.jpg",150,150,true],"medium":["https:\/\/promocaododia.com.br\/site\/wp-content\/uploads\/2022\/11\/Cafeteira-Nescafe-Dolce-Gusto-Mini-Me-Preta-Automatica-110v-Nescafe-Dolce-Gusto-300x300.jpg",300,300,true],"medium_large":["https:\/\/promocaododia.com.br\/site\/wp-content\/uploads\/2022\/11\/Cafeteira-Nescafe-Dolce-Gusto-Mini-Me-Preta-Automatica-110v-Nescafe-Dolce-Gusto.jpg",600,600,false],"large":["https:\/\/promocaododia.com.br\/site\/wp-content\/uploads\/2022\/11\/Cafeteira-Nescafe-Dolce-Gusto-Mini-Me-Preta-Automatica-110v-Nescafe-Dolce-Gusto.jpg",600,600,false],"1536x1536":["https:\/\/promocaododia.com.br\/site\/wp-content\/uploads\/2022\/11\/Cafeteira-Nescafe-Dolce-Gusto-Mini-Me-Preta-Automatica-110v-Nescafe-Dolce-Gusto.jpg",600,600,false],"2048x2048":["https:\/\/promocaododia.com.br\/site\/wp-content\/uploads\/2022\/11\/Cafeteira-Nescafe-Dolce-Gusto-Mini-Me-Preta-Automatica-110v-Nescafe-Dolce-Gusto.jpg",600,600,false],"woocommerce_thumbnail":["https:\/\/promocaododia.com.br\/site\/wp-content\/uploads\/2022\/11\/Cafeteira-Nescafe-Dolce-Gusto-Mini-Me-Preta-Automatica-110v-Nescafe-Dolce-Gusto-250x250.jpg",250,250,true],"woocommerce_single":["https:\/\/promocaododia.com.br\/site\/wp-content\/uploads\/2022\/11\/Cafeteira-Nescafe-Dolce-Gusto-Mini-Me-Preta-Automatica-110v-Nescafe-Dolce-Gusto-250x250.jpg",250,250,true],"woocommerce_gallery_thumbnail":["https:\/\/promocaododia.com.br\/site\/wp-content\/uploads\/2022\/11\/Cafeteira-Nescafe-Dolce-Gusto-Mini-Me-Preta-Automatica-110v-Nescafe-Dolce-Gusto-100x100.jpg",100,100,true]},"uagb_author_info":{"display_name":"danilo.gbr","author_link":"https:\/\/promocaododia.com.br\/site\/author\/"},"uagb_comment_info":0,"uagb_excerpt":"Seja para fazer um caf\u00e9 espresso ou um cappuccino cremoso, apresentamos a Mini Me: a m\u00e1quina de caf\u00e9 que faz muito mais do que caf\u00e9. Quer preparar as suas bebidas favoritas com sabor e economia? A Mini Me \u00e9 perfeita para voc\u00ea, pois ela tem o pre\u00e7o mais acess\u00edvel de toda a linha de m\u00e1quinas&hellip;","_links":{"self":[{"href":"https:\/\/promocaododia.com.br\/site\/wp-json\/wp\/v2\/product\/1165","targetHints":{"allow":["GET"]}}],"collection":[{"href":"https:\/\/promocaododia.com.br\/site\/wp-json\/wp\/v2\/product"}],"about":[{"href":"https:\/\/promocaododia.com.br\/site\/wp-json\/wp\/v2\/types\/product"}],"wp:featuredmedia":[{"embeddable":true,"href":"https:\/\/promocaododia.com.br\/site\/wp-json\/wp\/v2\/media\/1166"}],"wp:attachment":[{"href":"https:\/\/promocaododia.com.br\/site\/wp-json\/wp\/v2\/media?parent=1165"}],"wp:term":[{"taxonomy":"product_brand","embeddable":true,"href":"https:\/\/promocaododia.com.br\/site\/wp-json\/wp\/v2\/product_brand?post=1165"},{"taxonomy":"product_cat","embeddable":true,"href":"https:\/\/promocaododia.com.br\/site\/wp-json\/wp\/v2\/product_cat?post=1165"},{"taxonomy":"product_tag","embeddable":true,"href":"https:\/\/promocaododia.com.br\/site\/wp-json\/wp\/v2\/product_tag?post=1165"}],"curies":[{"name":"wp","href":"https:\/\/api.w.org\/{rel}","templated":true}]}}