{"id":1195,"date":"2022-11-21T19:47:55","date_gmt":"2022-11-21T22:47:55","guid":{"rendered":"https:\/\/promocaododia.com.br\/site\/?post_type=product&#038;p=1195"},"modified":"2022-11-21T19:47:55","modified_gmt":"2022-11-21T22:47:55","slug":"echo-dot-4a-geracao-smart-speaker-com-alexa-cor-branca","status":"publish","type":"product","link":"https:\/\/promocaododia.com.br\/site\/produto\/echo-dot-4a-geracao-smart-speaker-com-alexa-cor-branca\/","title":{"rendered":"Echo Dot (4\u00aa Gera\u00e7\u00e3o): Smart Speaker com Alexa &#8211; Cor Branca"},"content":{"rendered":"<div id=\"featurebullets_feature_div\" class=\"celwidget\" data-feature-name=\"featurebullets\" data-csa-c-type=\"widget\" data-csa-c-content-id=\"featurebullets\" data-csa-c-slot-id=\"featurebullets_feature_div\" data-csa-c-asin=\"B084KQBYYM\" data-csa-c-is-in-initial-active-row=\"false\" data-csa-c-id=\"dh0xrd-gr695s-kbd9jh-yzlgk8\" data-cel-widget=\"featurebullets_feature_div\">\n<div id=\"feature-bullets\" class=\"a-section a-spacing-medium a-spacing-top-small\">\n<ul class=\"a-unordered-list a-vertical a-spacing-mini\">\n<li><span class=\"a-list-item\">Conhe\u00e7a o Echo Dot (4\u00aa Gera\u00e7\u00e3o): nosso smart speaker com Alexa de maior sucesso ainda melhor. O novo design de \u00e1udio com direcionamento frontal (1 speaker de 1,6&#8243;) garante mais graves e um som completo.<\/span><\/li>\n<li><span class=\"a-list-item\">Controle m\u00fasicas apenas com sua voz. Ou\u00e7a m\u00fasicas do Amazon Music, Apple Music, Spotify, Deezer e outros por toda sua casa com o recurso m\u00fasica multiambiente ou ainda escute esta\u00e7\u00f5es de r\u00e1dios.<\/span><\/li>\n<li><span class=\"a-list-item\">Sempre pronta para ajudar: pe\u00e7a para a Alexa tocar m\u00fasicas, responder perguntas, ler as not\u00edcias, checar a previs\u00e3o do tempo, criar alarmes, controlar dispositivos de casa inteligente compat\u00edveis e muito mais.<\/span><\/li>\n<li><span class=\"a-list-item\">Controle sua casa inteligente: com sua voz, controle facilmente dispositivos compat\u00edveis e pe\u00e7a \u00e0 Alexa para acender as luzes, trancar portas e muito mais. \u201cAlexa, ligue a TV\u201d.<\/span><\/li>\n<li><span class=\"a-list-item\">Fa\u00e7a chamadas para amigos e familiares com o comando de voz atrav\u00e9s do aplicativo Alexa ou outros dispositivos Echo compat\u00edveis. Use o Drop In para se conectar rapidamente a outro dispositivo Echo ou avise que o jantar est\u00e1 pronto para sua fam\u00edlia.<\/span><\/li>\n<li><span class=\"a-list-item\">Desenvolvido para proteger sua privacidade: Os dispositivos Alexa e Echo s\u00e3o desenvolvidos com m\u00faltiplas camadas de privacidade, incluindo o bot\u00e3o para desligar o microfone que o desconecta eletronicamente.<\/span><\/li>\n<\/ul>\n<\/div>\n<\/div>\n<div id=\"provenanceCertifications_feature_div\" class=\"celwidget\" data-feature-name=\"provenanceCertifications\" data-csa-c-type=\"widget\" data-csa-c-content-id=\"provenanceCertifications\" data-csa-c-slot-id=\"provenanceCertifications_feature_div\" data-csa-c-asin=\"B084KQBYYM\" data-csa-c-is-in-initial-active-row=\"false\" data-csa-c-id=\"u1clva-v3vbjx-2dv5qu-c6dk63\" data-cel-widget=\"provenanceCertifications_feature_div\"><\/div>\n<div id=\"atfCenter11_feature_div\" class=\"celwidget\" data-feature-name=\"atfCenter11\" data-csa-c-type=\"widget\" data-csa-c-content-id=\"atfCenter11\" data-csa-c-slot-id=\"atfCenter11_feature_div\" data-csa-c-asin=\"B084KQBYYM\" data-csa-c-is-in-initial-active-row=\"false\" data-csa-c-id=\"mix7od-477cn-9sjug5-3d0qqo\" data-cel-widget=\"atfCenter11_feature_div\"><\/div>\n<div id=\"atfCenter12_feature_div\" class=\"celwidget\" data-feature-name=\"atfCenter12\" data-csa-c-type=\"widget\" data-csa-c-content-id=\"atfCenter12\" data-csa-c-slot-id=\"atfCenter12_feature_div\" data-csa-c-asin=\"B084KQBYYM\" data-csa-c-is-in-initial-active-row=\"false\" data-csa-c-id=\"e9hjju-ndxa6u-6lhezi-s2xglr\" data-cel-widget=\"atfCenter12_feature_div\"><\/div>\n<div id=\"vendorPoweredCoupon_feature_div\" class=\"celwidget\" data-feature-name=\"vendorPoweredCoupon\" data-csa-c-type=\"widget\" data-csa-c-content-id=\"vendorPoweredCoupon\" data-csa-c-slot-id=\"vendorPoweredCoupon_feature_div\" data-csa-c-asin=\"B084KQBYYM\" data-csa-c-is-in-initial-active-row=\"false\" data-csa-c-id=\"pdhui4-zf7hiz-q63bi-pp4tks\" data-cel-widget=\"vendorPoweredCoupon_feature_div\"><\/div>\n<div id=\"amazon-devices-legal-only-no-merchandising_feature_div\" class=\"celwidget\" data-feature-name=\"amazon-devices-legal-only-no-merchandising\" data-csa-c-type=\"widget\" data-csa-c-content-id=\"amazon-devices-legal-only-no-merchandising\" data-csa-c-slot-id=\"amazon-devices-legal-only-no-merchandising_feature_div\" data-csa-c-asin=\"B084KQBYYM\" data-csa-c-is-in-initial-active-row=\"false\" data-csa-c-id=\"73h5kg-v3skmh-rqg0t0-76idqu\" data-cel-widget=\"amazon-devices-legal-only-no-merchandising_feature_div\"><\/div>\n<div id=\"extendWhatYouOwn_feature_div\" class=\"celwidget\" data-feature-name=\"extendWhatYouOwn\" data-csa-c-type=\"widget\" data-csa-c-content-id=\"extendWhatYouOwn\" data-csa-c-slot-id=\"extendWhatYouOwn_feature_div\" data-csa-c-asin=\"B084KQBYYM\" data-csa-c-is-in-initial-active-row=\"false\" data-csa-c-id=\"amtvm1-9ate0u-tijye5-59qqg\" data-cel-widget=\"extendWhatYouOwn_feature_div\"><\/div>\n<div id=\"atfCenter13_feature_div\" class=\"celwidget\" data-feature-name=\"atfCenter13\" data-csa-c-type=\"widget\" data-csa-c-content-id=\"atfCenter13\" data-csa-c-slot-id=\"atfCenter13_feature_div\" data-csa-c-asin=\"B084KQBYYM\" data-csa-c-is-in-initial-active-row=\"false\" data-csa-c-id=\"w0zos4-vi2rk6-f3dppm-wttsv7\" data-cel-widget=\"atfCenter13_feature_div\">\n<div id=\"content-grid-widget-v1.0\">\n<div id=\"\" class=\"content-grid-wrapper mako-v2\">\n<div class=\"content-grid-row-wrapper \" data-lazy-loading-background-image=\"\">\n<div class=\"a-row\">\n<div class=\"content-grid-col-wrapper override-column-spacing\">\n<div class=\"a-column a-span12 block-content block-type-text textalign-left\">\n<div class=\"content-grid-block\">\n<p>Queremos que voc\u00ea saiba<\/p>\n<\/div>\n<\/div>\n<\/div>\n<\/div>\n<\/div>\n<div class=\"content-grid-row-wrapper \" data-lazy-loading-background-image=\"\">\n<div class=\"a-row\">\n<div class=\"content-grid-col-wrapper override-column-spacing\">\n<div class=\"a-column a-span12 block-content block-type-text textalign-left\">\n<div class=\"content-grid-block\">\n<p>Este dispositivo Echo precisa estar conectado ao wifi e a uma tomada para funcionar (cabo e fonte de energia inclusos na caixa).<\/p>\n<\/div>\n<\/div>\n<\/div>\n<\/div>\n<\/div>\n<\/div>\n<\/div>\n<\/div>\n","protected":false},"excerpt":{"rendered":"<p>Conhe\u00e7a o Echo Dot (4\u00aa Gera\u00e7\u00e3o): nosso smart speaker com Alexa de maior sucesso ainda melhor. O novo design de \u00e1udio com direcionamento frontal (1 speaker de 1,6&#8243;) garante mais graves e um som completo. Controle m\u00fasicas apenas com sua voz. Ou\u00e7a m\u00fasicas do Amazon Music, Apple Music, Spotify, Deezer e outros por toda sua casa com o recurso m\u00fasica multiambiente ou ainda escute esta\u00e7\u00f5es de r\u00e1dios. Sempre pronta para ajudar: pe\u00e7a para a Alexa tocar m\u00fasicas, responder perguntas, ler as not\u00edcias, checar a previs\u00e3o do tempo, criar alarmes, controlar dispositivos de casa inteligente compat\u00edveis e muito mais. Controle sua casa inteligente: com sua voz, controle facilmente dispositivos compat\u00edveis e pe\u00e7a \u00e0 Alexa para acender as luzes, trancar portas e muito mais. \u201cAlexa, ligue a TV\u201d. Fa\u00e7a chamadas para amigos e familiares com o comando de voz atrav\u00e9s do aplicativo Alexa ou outros dispositivos Echo compat\u00edveis. Use o Drop In para se conectar rapidamente a outro dispositivo Echo ou avise que o jantar est\u00e1 pronto para sua fam\u00edlia. Desenvolvido para proteger sua privacidade: Os dispositivos Alexa e Echo s\u00e3o desenvolvidos com m\u00faltiplas camadas de privacidade, incluindo o bot\u00e3o para desligar o microfone que o desconecta eletronicamente. Queremos que voc\u00ea saiba Este dispositivo Echo precisa estar conectado ao wifi e a uma tomada para funcionar (cabo e fonte de energia inclusos na caixa).<\/p>\n","protected":false},"featured_media":1196,"template":"","meta":{"_uag_custom_page_level_css":"","site-sidebar-layout":"default","site-content-layout":"default","ast-site-content-layout":"default","site-content-style":"default","site-sidebar-style":"default","ast-global-header-display":"","ast-banner-title-visibility":"","ast-main-header-display":"","ast-hfb-above-header-display":"","ast-hfb-below-header-display":"","ast-hfb-mobile-header-display":"","site-post-title":"","ast-breadcrumbs-content":"","ast-featured-img":"","footer-sml-layout":"","theme-transparent-header-meta":"default","adv-header-id-meta":"","stick-header-meta":"","header-above-stick-meta":"","header-main-stick-meta":"","header-below-stick-meta":"","astra-migrate-meta-layouts":"default","ast-page-background-enabled":"default","ast-page-background-meta":{"desktop":{"background-color":"","background-image":"","background-repeat":"repeat","background-position":"center center","background-size":"auto","background-attachment":"scroll","background-type":"","background-media":"","overlay-type":"","overlay-color":"","overlay-opacity":"","overlay-gradient":""},"tablet":{"background-color":"","background-image":"","background-repeat":"repeat","background-position":"center center","background-size":"auto","background-attachment":"scroll","background-type":"","background-media":"","overlay-type":"","overlay-color":"","overlay-opacity":"","overlay-gradient":""},"mobile":{"background-color":"","background-image":"","background-repeat":"repeat","background-position":"center center","background-size":"auto","background-attachment":"scroll","background-type":"","background-media":"","overlay-type":"","overlay-color":"","overlay-opacity":"","overlay-gradient":""}},"ast-content-background-meta":{"desktop":{"background-color":"var(--ast-global-color-5)","background-image":"","background-repeat":"repeat","background-position":"center center","background-size":"auto","background-attachment":"scroll","background-type":"","background-media":"","overlay-type":"","overlay-color":"","overlay-opacity":"","overlay-gradient":""},"tablet":{"background-color":"var(--ast-global-color-5)","background-image":"","background-repeat":"repeat","background-position":"center center","background-size":"auto","background-attachment":"scroll","background-type":"","background-media":"","overlay-type":"","overlay-color":"","overlay-opacity":"","overlay-gradient":""},"mobile":{"background-color":"var(--ast-global-color-5)","background-image":"","background-repeat":"repeat","background-position":"center center","background-size":"auto","background-attachment":"scroll","background-type":"","background-media":"","overlay-type":"","overlay-color":"","overlay-opacity":"","overlay-gradient":""}}},"product_brand":[],"product_cat":[26,173,53,231],"product_tag":[131,174,176,177,175,178],"class_list":{"0":"post-1195","1":"product","2":"type-product","3":"status-publish","4":"has-post-thumbnail","6":"product_cat-casa-inteligente","7":"product_cat-echo-dot","8":"product_cat-eletroportateis","9":"product_cat-som","10":"product_tag-alexa","11":"product_tag-amazon","12":"product_tag-automacao","13":"product_tag-caixa-de-som","14":"product_tag-casa-inteligente","15":"product_tag-echo-dot","16":"desktop-align-center","17":"tablet-align-left","18":"mobile-align-center","20":"first","21":"instock","22":"sale","23":"shipping-taxable","24":"product-type-external"},"uagb_featured_image_src":{"full":["https:\/\/promocaododia.com.br\/site\/wp-content\/uploads\/2022\/11\/Echo-Dot-4a-Geracao-Smart-Speaker-com-Alexa-Cor-Branca.jpg",600,600,false],"thumbnail":["https:\/\/promocaododia.com.br\/site\/wp-content\/uploads\/2022\/11\/Echo-Dot-4a-Geracao-Smart-Speaker-com-Alexa-Cor-Branca-150x150.jpg",150,150,true],"medium":["https:\/\/promocaododia.com.br\/site\/wp-content\/uploads\/2022\/11\/Echo-Dot-4a-Geracao-Smart-Speaker-com-Alexa-Cor-Branca-300x300.jpg",300,300,true],"medium_large":["https:\/\/promocaododia.com.br\/site\/wp-content\/uploads\/2022\/11\/Echo-Dot-4a-Geracao-Smart-Speaker-com-Alexa-Cor-Branca.jpg",600,600,false],"large":["https:\/\/promocaododia.com.br\/site\/wp-content\/uploads\/2022\/11\/Echo-Dot-4a-Geracao-Smart-Speaker-com-Alexa-Cor-Branca.jpg",600,600,false],"1536x1536":["https:\/\/promocaododia.com.br\/site\/wp-content\/uploads\/2022\/11\/Echo-Dot-4a-Geracao-Smart-Speaker-com-Alexa-Cor-Branca.jpg",600,600,false],"2048x2048":["https:\/\/promocaododia.com.br\/site\/wp-content\/uploads\/2022\/11\/Echo-Dot-4a-Geracao-Smart-Speaker-com-Alexa-Cor-Branca.jpg",600,600,false],"woocommerce_thumbnail":["https:\/\/promocaododia.com.br\/site\/wp-content\/uploads\/2022\/11\/Echo-Dot-4a-Geracao-Smart-Speaker-com-Alexa-Cor-Branca-250x250.jpg",250,250,true],"woocommerce_single":["https:\/\/promocaododia.com.br\/site\/wp-content\/uploads\/2022\/11\/Echo-Dot-4a-Geracao-Smart-Speaker-com-Alexa-Cor-Branca-250x250.jpg",250,250,true],"woocommerce_gallery_thumbnail":["https:\/\/promocaododia.com.br\/site\/wp-content\/uploads\/2022\/11\/Echo-Dot-4a-Geracao-Smart-Speaker-com-Alexa-Cor-Branca-100x100.jpg",100,100,true]},"uagb_author_info":{"display_name":"danilo.gbr","author_link":"https:\/\/promocaododia.com.br\/site\/author\/"},"uagb_comment_info":0,"uagb_excerpt":"Conhe\u00e7a o Echo Dot (4\u00aa Gera\u00e7\u00e3o): nosso smart speaker com Alexa de maior sucesso ainda melhor. O novo design de \u00e1udio com direcionamento frontal (1 speaker de 1,6&#8243;) garante mais graves e um som completo. Controle m\u00fasicas apenas com sua voz. Ou\u00e7a m\u00fasicas do Amazon Music, Apple Music, Spotify, Deezer e outros por toda sua&hellip;","_links":{"self":[{"href":"https:\/\/promocaododia.com.br\/site\/wp-json\/wp\/v2\/product\/1195","targetHints":{"allow":["GET"]}}],"collection":[{"href":"https:\/\/promocaododia.com.br\/site\/wp-json\/wp\/v2\/product"}],"about":[{"href":"https:\/\/promocaododia.com.br\/site\/wp-json\/wp\/v2\/types\/product"}],"wp:featuredmedia":[{"embeddable":true,"href":"https:\/\/promocaododia.com.br\/site\/wp-json\/wp\/v2\/media\/1196"}],"wp:attachment":[{"href":"https:\/\/promocaododia.com.br\/site\/wp-json\/wp\/v2\/media?parent=1195"}],"wp:term":[{"taxonomy":"product_brand","embeddable":true,"href":"https:\/\/promocaododia.com.br\/site\/wp-json\/wp\/v2\/product_brand?post=1195"},{"taxonomy":"product_cat","embeddable":true,"href":"https:\/\/promocaododia.com.br\/site\/wp-json\/wp\/v2\/product_cat?post=1195"},{"taxonomy":"product_tag","embeddable":true,"href":"https:\/\/promocaododia.com.br\/site\/wp-json\/wp\/v2\/product_tag?post=1195"}],"curies":[{"name":"wp","href":"https:\/\/api.w.org\/{rel}","templated":true}]}}