{"id":1212,"date":"2022-11-23T18:15:13","date_gmt":"2022-11-23T21:15:13","guid":{"rendered":"https:\/\/promocaododia.com.br\/site\/?post_type=product&#038;p=1212"},"modified":"2022-11-23T18:15:13","modified_gmt":"2022-11-23T21:15:13","slug":"fritadeira-eletrica-sem-oleo-airfryer-3-5l-gourmet-best","status":"publish","type":"product","link":"https:\/\/promocaododia.com.br\/site\/produto\/fritadeira-eletrica-sem-oleo-airfryer-3-5l-gourmet-best\/","title":{"rendered":"Fritadeira El\u00e9trica Sem \u00d3leo Airfryer 3.5l Gourmet Best"},"content":{"rendered":"<p>At\u00e9 80% menos gordura na sua cozinha, sem perder o sabor e a qualidade ao fritar alimentos.<\/p>\n<p>Voc\u00ea e a sua fam\u00edlia dando &#8220;start&#8221; em uma vida mais saud\u00e1vel!<\/p>\n<p>A Fritadeira Best Fryer HF-50518GY possui tecnologia por circula\u00e7\u00e3o de ar quente de alta velocidade, que permite fritar deliciosos alimentos sem gordura, os deixando crocantes e sem prejudicar a sua sa\u00fade. Al\u00e9m disso, ela se destaca por ser f\u00e1cil de limpar e pelo rendimento de alta pot\u00eancia para coc\u00e7\u00e3o r\u00e1pida.<\/p>\n<p>Al\u00e9m dos benef\u00edcios j\u00e1 citados, este produto apresenta:<\/p>\n<p>Desligamento autom\u00e1tico;<\/p>\n<p>Ajuste de tempo e temperatura;<\/p>\n<p>-Cesta para alimentos antiaderente (facilita a limpeza);<\/p>\n<p>-Base antideslizante;<\/p>\n<p>ATEN\u00c7\u00c3O:<\/p>\n<p>N\u00e3o nos responsabilizamos pela instala\u00e7\u00e3o do produto.<\/p>\n<p>Imagens meramente ilustrativas.<\/p>\n<p>Evitar o uso de substancias abrasivas na limpeza.<\/p>\n<p>INFORMA\u00c7\u00d5ES T\u00c9CNICAS- AIR FRY:<\/p>\n<p>Modelo: HF-50518GY<\/p>\n<p>Cor: Preto<\/p>\n<p>Composi\u00e7\u00e3o: Metal e Pl\u00e1stico<\/p>\n<p>Capacidade Total:3,5 litros<\/p>\n<p>Pot\u00eancia: 1400W<\/p>\n<p>De embutir: N\u00e3o<\/p>\n<p>Dimens\u00f5es do cesto (cm): 21,0 (A) x 10,5 (P)<\/p>\n<p>Dimens\u00f5es da embalagem (cm): 31,0 (L) x 37,0 (A) x 31,0 (P)<\/p>\n<p>Peso do produto sem embalagem (kg): 4,3<\/p>\n<p>Garantia: 12 meses<\/p>\n","protected":false},"excerpt":{"rendered":"<p>At\u00e9 80% menos gordura na sua cozinha, sem perder o sabor e a qualidade ao fritar alimentos. Voc\u00ea e a sua fam\u00edlia dando &#8220;start&#8221; em uma vida mais saud\u00e1vel! A Fritadeira Best Fryer HF-50518GY possui tecnologia por circula\u00e7\u00e3o de ar quente de alta velocidade, que permite fritar deliciosos alimentos sem gordura, os deixando crocantes e sem prejudicar a sua sa\u00fade. Al\u00e9m disso, ela se destaca por ser f\u00e1cil de limpar e pelo rendimento de alta pot\u00eancia para coc\u00e7\u00e3o r\u00e1pida. Al\u00e9m dos benef\u00edcios j\u00e1 citados, este produto apresenta: Desligamento autom\u00e1tico; Ajuste de tempo e temperatura; -Cesta para alimentos antiaderente (facilita a limpeza); -Base antideslizante; ATEN\u00c7\u00c3O: N\u00e3o nos responsabilizamos pela instala\u00e7\u00e3o do produto. Imagens meramente ilustrativas. Evitar o uso de substancias abrasivas na limpeza. INFORMA\u00c7\u00d5ES T\u00c9CNICAS- AIR FRY: Modelo: HF-50518GY Cor: Preto Composi\u00e7\u00e3o: Metal e Pl\u00e1stico Capacidade Total:3,5 litros Pot\u00eancia: 1400W De embutir: N\u00e3o Dimens\u00f5es do cesto (cm): 21,0 (A) x 10,5 (P) Dimens\u00f5es da embalagem (cm): 31,0 (L) x 37,0 (A) x 31,0 (P) Peso do produto sem embalagem (kg): 4,3 Garantia: 12 meses<\/p>\n","protected":false},"featured_media":1213,"template":"","meta":{"_uag_custom_page_level_css":"","site-sidebar-layout":"default","site-content-layout":"default","ast-site-content-layout":"default","site-content-style":"default","site-sidebar-style":"default","ast-global-header-display":"","ast-banner-title-visibility":"","ast-main-header-display":"","ast-hfb-above-header-display":"","ast-hfb-below-header-display":"","ast-hfb-mobile-header-display":"","site-post-title":"","ast-breadcrumbs-content":"","ast-featured-img":"","footer-sml-layout":"","theme-transparent-header-meta":"default","adv-header-id-meta":"","stick-header-meta":"","header-above-stick-meta":"","header-main-stick-meta":"","header-below-stick-meta":"","astra-migrate-meta-layouts":"default","ast-page-background-enabled":"default","ast-page-background-meta":{"desktop":{"background-color":"","background-image":"","background-repeat":"repeat","background-position":"center center","background-size":"auto","background-attachment":"scroll","background-type":"","background-media":"","overlay-type":"","overlay-color":"","overlay-opacity":"","overlay-gradient":""},"tablet":{"background-color":"","background-image":"","background-repeat":"repeat","background-position":"center center","background-size":"auto","background-attachment":"scroll","background-type":"","background-media":"","overlay-type":"","overlay-color":"","overlay-opacity":"","overlay-gradient":""},"mobile":{"background-color":"","background-image":"","background-repeat":"repeat","background-position":"center center","background-size":"auto","background-attachment":"scroll","background-type":"","background-media":"","overlay-type":"","overlay-color":"","overlay-opacity":"","overlay-gradient":""}},"ast-content-background-meta":{"desktop":{"background-color":"var(--ast-global-color-5)","background-image":"","background-repeat":"repeat","background-position":"center center","background-size":"auto","background-attachment":"scroll","background-type":"","background-media":"","overlay-type":"","overlay-color":"","overlay-opacity":"","overlay-gradient":""},"tablet":{"background-color":"var(--ast-global-color-5)","background-image":"","background-repeat":"repeat","background-position":"center center","background-size":"auto","background-attachment":"scroll","background-type":"","background-media":"","overlay-type":"","overlay-color":"","overlay-opacity":"","overlay-gradient":""},"mobile":{"background-color":"var(--ast-global-color-5)","background-image":"","background-repeat":"repeat","background-position":"center center","background-size":"auto","background-attachment":"scroll","background-type":"","background-media":"","overlay-type":"","overlay-color":"","overlay-opacity":"","overlay-gradient":""}}},"product_brand":[],"product_cat":[28,110],"product_tag":[113,112,111,114],"class_list":{"0":"post-1212","1":"product","2":"type-product","3":"status-publish","4":"has-post-thumbnail","6":"product_cat-eletrodomesticos","7":"product_cat-fritadeira","8":"product_tag-air-fryer","9":"product_tag-airfryer","10":"product_tag-fritadeira","11":"product_tag-sem-oleo","12":"desktop-align-center","13":"tablet-align-left","14":"mobile-align-center","16":"first","17":"instock","18":"sale","19":"shipping-taxable","20":"product-type-external"},"uagb_featured_image_src":{"full":["https:\/\/promocaododia.com.br\/site\/wp-content\/uploads\/2022\/11\/Fritadeira-Eletrica-Sem-Oleo-Airfryer-3.5l-Gourmet-Best.jpg",600,600,false],"thumbnail":["https:\/\/promocaododia.com.br\/site\/wp-content\/uploads\/2022\/11\/Fritadeira-Eletrica-Sem-Oleo-Airfryer-3.5l-Gourmet-Best-150x150.jpg",150,150,true],"medium":["https:\/\/promocaododia.com.br\/site\/wp-content\/uploads\/2022\/11\/Fritadeira-Eletrica-Sem-Oleo-Airfryer-3.5l-Gourmet-Best-300x300.jpg",300,300,true],"medium_large":["https:\/\/promocaododia.com.br\/site\/wp-content\/uploads\/2022\/11\/Fritadeira-Eletrica-Sem-Oleo-Airfryer-3.5l-Gourmet-Best.jpg",600,600,false],"large":["https:\/\/promocaododia.com.br\/site\/wp-content\/uploads\/2022\/11\/Fritadeira-Eletrica-Sem-Oleo-Airfryer-3.5l-Gourmet-Best.jpg",600,600,false],"1536x1536":["https:\/\/promocaododia.com.br\/site\/wp-content\/uploads\/2022\/11\/Fritadeira-Eletrica-Sem-Oleo-Airfryer-3.5l-Gourmet-Best.jpg",600,600,false],"2048x2048":["https:\/\/promocaododia.com.br\/site\/wp-content\/uploads\/2022\/11\/Fritadeira-Eletrica-Sem-Oleo-Airfryer-3.5l-Gourmet-Best.jpg",600,600,false],"woocommerce_thumbnail":["https:\/\/promocaododia.com.br\/site\/wp-content\/uploads\/2022\/11\/Fritadeira-Eletrica-Sem-Oleo-Airfryer-3.5l-Gourmet-Best-250x250.jpg",250,250,true],"woocommerce_single":["https:\/\/promocaododia.com.br\/site\/wp-content\/uploads\/2022\/11\/Fritadeira-Eletrica-Sem-Oleo-Airfryer-3.5l-Gourmet-Best-250x250.jpg",250,250,true],"woocommerce_gallery_thumbnail":["https:\/\/promocaododia.com.br\/site\/wp-content\/uploads\/2022\/11\/Fritadeira-Eletrica-Sem-Oleo-Airfryer-3.5l-Gourmet-Best-100x100.jpg",100,100,true]},"uagb_author_info":{"display_name":"danilo.gbr","author_link":"https:\/\/promocaododia.com.br\/site\/author\/"},"uagb_comment_info":0,"uagb_excerpt":"At\u00e9 80% menos gordura na sua cozinha, sem perder o sabor e a qualidade ao fritar alimentos. Voc\u00ea e a sua fam\u00edlia dando &#8220;start&#8221; em uma vida mais saud\u00e1vel! A Fritadeira Best Fryer HF-50518GY possui tecnologia por circula\u00e7\u00e3o de ar quente de alta velocidade, que permite fritar deliciosos alimentos sem gordura, os deixando crocantes e&hellip;","_links":{"self":[{"href":"https:\/\/promocaododia.com.br\/site\/wp-json\/wp\/v2\/product\/1212","targetHints":{"allow":["GET"]}}],"collection":[{"href":"https:\/\/promocaododia.com.br\/site\/wp-json\/wp\/v2\/product"}],"about":[{"href":"https:\/\/promocaododia.com.br\/site\/wp-json\/wp\/v2\/types\/product"}],"wp:featuredmedia":[{"embeddable":true,"href":"https:\/\/promocaododia.com.br\/site\/wp-json\/wp\/v2\/media\/1213"}],"wp:attachment":[{"href":"https:\/\/promocaododia.com.br\/site\/wp-json\/wp\/v2\/media?parent=1212"}],"wp:term":[{"taxonomy":"product_brand","embeddable":true,"href":"https:\/\/promocaododia.com.br\/site\/wp-json\/wp\/v2\/product_brand?post=1212"},{"taxonomy":"product_cat","embeddable":true,"href":"https:\/\/promocaododia.com.br\/site\/wp-json\/wp\/v2\/product_cat?post=1212"},{"taxonomy":"product_tag","embeddable":true,"href":"https:\/\/promocaododia.com.br\/site\/wp-json\/wp\/v2\/product_tag?post=1212"}],"curies":[{"name":"wp","href":"https:\/\/api.w.org\/{rel}","templated":true}]}}