{"id":1220,"date":"2022-11-23T21:10:22","date_gmt":"2022-11-24T00:10:22","guid":{"rendered":"https:\/\/promocaododia.com.br\/site\/?post_type=product&#038;p=1220"},"modified":"2022-11-23T21:10:23","modified_gmt":"2022-11-24T00:10:23","slug":"ideapad-3i-com-intel-core-i3-1115g4-4gb-de-ram-ssd-128gb-tela-de-15-prata","status":"publish","type":"product","link":"https:\/\/promocaododia.com.br\/site\/produto\/ideapad-3i-com-intel-core-i3-1115g4-4gb-de-ram-ssd-128gb-tela-de-15-prata\/","title":{"rendered":"IdeaPad 3i com Intel\u00ae Core\u2122 i3-1115G4, 4GB de RAM, SSD 128GB, tela de 15&#8243; &#8211; Prata"},"content":{"rendered":"<ul class=\"configuratorItem-mtmTable\">\n<li class=\"configuratorItem-mtmTable-row cf\" data-pn=\"Processor\">\n<div id=\"configuratorItem-mtmTable-text\" class=\"configuratorItem-mtmTable-text\">\n<h4 class=\"configuratorItem-mtmTable-title\" data-term=\"Processador\">Processador<\/h4>\n<p class=\"configuratorItem-mtmTable-description\">Processador Intel\u00ae Core\u2122 i3-1115G4 de 11\u00aa gera\u00e7\u00e3o (3,00 GHz at\u00e9 4,10 GHz)<\/p>\n<\/div>\n<\/li>\n<li class=\"configuratorItem-mtmTable-row cf\" data-pn=\"Operating System\">\n<div id=\"configuratorItem-mtmTable-icon\" class=\"configuratorItem-mtmTable-icon\"><\/div>\n<div id=\"configuratorItem-mtmTable-text\" class=\"configuratorItem-mtmTable-text\">\n<h4 class=\"configuratorItem-mtmTable-title\" data-term=\"Sistema Operacional\">Sistema Operacional<\/h4>\n<p class=\"configuratorItem-mtmTable-description\">Linux<\/p>\n<\/div>\n<\/li>\n<li class=\"configuratorItem-mtmTable-row cf\" data-pn=\"Display Type\">\n<div id=\"configuratorItem-mtmTable-icon\" class=\"configuratorItem-mtmTable-icon\"><\/div>\n<div id=\"configuratorItem-mtmTable-text\" class=\"configuratorItem-mtmTable-text\">\n<h4 class=\"configuratorItem-mtmTable-title\" data-term=\"Tela\">Tela<\/h4>\n<p class=\"configuratorItem-mtmTable-description\">15.6&#8243; Full HD (1920 x 1080) Antirreflexo<\/p>\n<\/div>\n<\/li>\n<li class=\"configuratorItem-mtmTable-row cf\" data-pn=\"Memory\">\n<div id=\"configuratorItem-mtmTable-icon\" class=\"configuratorItem-mtmTable-icon\"><\/div>\n<div id=\"configuratorItem-mtmTable-text\" class=\"configuratorItem-mtmTable-text\">\n<h4 class=\"configuratorItem-mtmTable-title\" data-term=\"Mem\u00f3ria\">Mem\u00f3ria<\/h4>\n<p class=\"configuratorItem-mtmTable-description\">4 GB Soldado DDR4 3200MHz<\/p>\n<\/div>\n<\/li>\n<li class=\"configuratorItem-mtmTable-row cf\" data-pn=\"Hard Drive\">\n<div id=\"configuratorItem-mtmTable-icon\" class=\"configuratorItem-mtmTable-icon\"><\/div>\n<div id=\"configuratorItem-mtmTable-text\" class=\"configuratorItem-mtmTable-text\">\n<h4 class=\"configuratorItem-mtmTable-title\" data-term=\"Armazenamento\">Armazenamento<\/h4>\n<p class=\"configuratorItem-mtmTable-description\">128 GB SSD<\/p>\n<\/div>\n<\/li>\n<li class=\"configuratorItem-mtmTable-row cf\" data-pn=\"Warranty\">\n<div id=\"configuratorItem-mtmTable-icon\" class=\"configuratorItem-mtmTable-icon\"><\/div>\n<div id=\"configuratorItem-mtmTable-text\" class=\"configuratorItem-mtmTable-text\">\n<h4 class=\"configuratorItem-mtmTable-title\" data-term=\"Garantia\">Garantia<\/h4>\n<p class=\"configuratorItem-mtmTable-description\">1 ano<\/p>\n<\/div>\n<\/li>\n<li class=\"configuratorItem-mtmTable-row cf\" data-pn=\"Speaker\">\n<div id=\"configuratorItem-mtmTable-icon\" class=\"configuratorItem-mtmTable-icon\"><\/div>\n<div id=\"configuratorItem-mtmTable-text\" class=\"configuratorItem-mtmTable-text\">\n<h4 class=\"configuratorItem-mtmTable-title\" data-term=\"Alto falante\">Alto falante<\/h4>\n<p class=\"configuratorItem-mtmTable-description\">Alto-falantes (2x 1.5W)<\/p>\n<\/div>\n<\/li>\n<li class=\"configuratorItem-mtmTable-row cf\" data-pn=\"AC Adapter\">\n<div id=\"configuratorItem-mtmTable-icon\" class=\"configuratorItem-mtmTable-icon\"><\/div>\n<div id=\"configuratorItem-mtmTable-text\" class=\"configuratorItem-mtmTable-text\">\n<h4 class=\"configuratorItem-mtmTable-title\" data-term=\"Carregador\">Carregador<\/h4>\n<p class=\"configuratorItem-mtmTable-description\">65W<\/p>\n<\/div>\n<\/li>\n<li class=\"configuratorItem-mtmTable-row cf\" data-pn=\"Graphics\">\n<div id=\"configuratorItem-mtmTable-icon\" class=\"configuratorItem-mtmTable-icon\"><\/div>\n<div id=\"configuratorItem-mtmTable-text\" class=\"configuratorItem-mtmTable-text\">\n<h4 class=\"configuratorItem-mtmTable-title\" data-term=\"Placa de V\u00eddeo\">Placa de V\u00eddeo<\/h4>\n<p class=\"configuratorItem-mtmTable-description\">Placa de v\u00eddeo Intel UHD Graphics<\/p>\n<\/div>\n<\/li>\n<li class=\"configuratorItem-mtmTable-row cf\" data-pn=\"Ports\">\n<div id=\"configuratorItem-mtmTable-icon\" class=\"configuratorItem-mtmTable-icon\"><\/div>\n<div id=\"configuratorItem-mtmTable-text\" class=\"configuratorItem-mtmTable-text\">\n<h4 class=\"configuratorItem-mtmTable-title\" data-term=\"Portas\">Portas<\/h4>\n<p class=\"configuratorItem-mtmTable-description\">1xUSB 2.0, 1xUSB 3.2 Gen 1, 1xHDMI 1.4b, 1xConector de energia, 1xUSB-C 3.2 Gen 1, 1xCombo jack Microfone\/Headset (3.5mm), 1xLeitor de cart\u00f5es<\/p>\n<\/div>\n<\/li>\n<li class=\"configuratorItem-mtmTable-row cf\" data-pn=\"Battery\">\n<div id=\"configuratorItem-mtmTable-icon\" class=\"configuratorItem-mtmTable-icon\"><\/div>\n<div id=\"configuratorItem-mtmTable-text\" class=\"configuratorItem-mtmTable-text\">\n<h4 class=\"configuratorItem-mtmTable-title\" data-term=\"Bateria\">Bateria<\/h4>\n<p class=\"configuratorItem-mtmTable-description\">2 c\u00e9lulas 38 Wh<\/p>\n<\/div>\n<\/li>\n<li class=\"configuratorItem-mtmTable-row cf\" data-pn=\"Camera\">\n<div id=\"configuratorItem-mtmTable-icon\" class=\"configuratorItem-mtmTable-icon\"><\/div>\n<div id=\"configuratorItem-mtmTable-text\" class=\"configuratorItem-mtmTable-text\">\n<h4 class=\"configuratorItem-mtmTable-title\" data-term=\"Outros\">Outros<\/h4>\n<p class=\"configuratorItem-mtmTable-description\">C\u00e2mera 720p HD com porta de privacidade<\/p>\n<\/div>\n<\/li>\n<li class=\"configuratorItem-mtmTable-row cf\" data-pn=\"Keyboard\">\n<div id=\"configuratorItem-mtmTable-icon\" class=\"configuratorItem-mtmTable-icon\"><\/div>\n<div id=\"configuratorItem-mtmTable-text\" class=\"configuratorItem-mtmTable-text\">\n<h4 class=\"configuratorItem-mtmTable-title\" data-term=\"Teclado\">Teclado<\/h4>\n<p class=\"configuratorItem-mtmTable-description\">Teclado Padr\u00e3o Brasil, Portugu\u00eas (BR) + Teclado Num\u00e9rico<\/p>\n<\/div>\n<\/li>\n<li class=\"configuratorItem-mtmTable-row cf\" data-pn=\"Pointing Device\">\n<div id=\"configuratorItem-mtmTable-icon\" class=\"configuratorItem-mtmTable-icon\"><\/div>\n<div id=\"configuratorItem-mtmTable-text\" class=\"configuratorItem-mtmTable-text\">\n<h4 class=\"configuratorItem-mtmTable-title\" data-term=\"Dispositivo Apontador\">Dispositivo Apontador<\/h4>\n<p class=\"configuratorItem-mtmTable-description\">TouchPad<\/p>\n<\/div>\n<\/li>\n<li class=\"configuratorItem-mtmTable-row cf\" data-pn=\"WLAN\">\n<div id=\"configuratorItem-mtmTable-icon\" class=\"configuratorItem-mtmTable-icon\"><\/div>\n<div id=\"configuratorItem-mtmTable-text\" class=\"configuratorItem-mtmTable-text\">\n<h4 class=\"configuratorItem-mtmTable-title\" data-term=\"Conectividade\">Conectividade<\/h4>\n<p class=\"configuratorItem-mtmTable-description\">11AC (2&#215;2) &amp; Bluetooth\u00ae 5.0<\/p>\n<\/div>\n<\/li>\n<\/ul>\n","protected":false},"excerpt":{"rendered":"<p>Processador Processador Intel\u00ae Core\u2122 i3-1115G4 de 11\u00aa gera\u00e7\u00e3o (3,00 GHz at\u00e9 4,10 GHz) Sistema Operacional Linux Tela 15.6&#8243; Full HD (1920 x 1080) Antirreflexo Mem\u00f3ria 4 GB Soldado DDR4 3200MHz Armazenamento 128 GB SSD Garantia 1 ano Alto falante Alto-falantes (2x 1.5W) Carregador 65W Placa de V\u00eddeo Placa de v\u00eddeo Intel UHD Graphics Portas 1xUSB 2.0, 1xUSB 3.2 Gen 1, 1xHDMI 1.4b, 1xConector de energia, 1xUSB-C 3.2 Gen 1, 1xCombo jack Microfone\/Headset (3.5mm), 1xLeitor de cart\u00f5es Bateria 2 c\u00e9lulas 38 Wh Outros C\u00e2mera 720p HD com porta de privacidade Teclado Teclado Padr\u00e3o Brasil, Portugu\u00eas (BR) + Teclado Num\u00e9rico Dispositivo Apontador TouchPad Conectividade 11AC (2&#215;2) &amp; Bluetooth\u00ae 5.0<\/p>\n","protected":false},"featured_media":1221,"template":"","meta":{"_uag_custom_page_level_css":"","site-sidebar-layout":"default","site-content-layout":"default","ast-site-content-layout":"default","site-content-style":"default","site-sidebar-style":"default","ast-global-header-display":"","ast-banner-title-visibility":"","ast-main-header-display":"","ast-hfb-above-header-display":"","ast-hfb-below-header-display":"","ast-hfb-mobile-header-display":"","site-post-title":"","ast-breadcrumbs-content":"","ast-featured-img":"","footer-sml-layout":"","theme-transparent-header-meta":"default","adv-header-id-meta":"","stick-header-meta":"","header-above-stick-meta":"","header-main-stick-meta":"","header-below-stick-meta":"","astra-migrate-meta-layouts":"default","ast-page-background-enabled":"default","ast-page-background-meta":{"desktop":{"background-color":"","background-image":"","background-repeat":"repeat","background-position":"center center","background-size":"auto","background-attachment":"scroll","background-type":"","background-media":"","overlay-type":"","overlay-color":"","overlay-opacity":"","overlay-gradient":""},"tablet":{"background-color":"","background-image":"","background-repeat":"repeat","background-position":"center center","background-size":"auto","background-attachment":"scroll","background-type":"","background-media":"","overlay-type":"","overlay-color":"","overlay-opacity":"","overlay-gradient":""},"mobile":{"background-color":"","background-image":"","background-repeat":"repeat","background-position":"center center","background-size":"auto","background-attachment":"scroll","background-type":"","background-media":"","overlay-type":"","overlay-color":"","overlay-opacity":"","overlay-gradient":""}},"ast-content-background-meta":{"desktop":{"background-color":"var(--ast-global-color-5)","background-image":"","background-repeat":"repeat","background-position":"center center","background-size":"auto","background-attachment":"scroll","background-type":"","background-media":"","overlay-type":"","overlay-color":"","overlay-opacity":"","overlay-gradient":""},"tablet":{"background-color":"var(--ast-global-color-5)","background-image":"","background-repeat":"repeat","background-position":"center center","background-size":"auto","background-attachment":"scroll","background-type":"","background-media":"","overlay-type":"","overlay-color":"","overlay-opacity":"","overlay-gradient":""},"mobile":{"background-color":"var(--ast-global-color-5)","background-image":"","background-repeat":"repeat","background-position":"center center","background-size":"auto","background-attachment":"scroll","background-type":"","background-media":"","overlay-type":"","overlay-color":"","overlay-opacity":"","overlay-gradient":""}}},"product_brand":[],"product_cat":[75,62],"product_tag":[238,161,82,353],"class_list":{"0":"post-1220","1":"product","2":"type-product","3":"status-publish","4":"has-post-thumbnail","6":"product_cat-informatica-e-acessorios","7":"product_cat-notebook","8":"product_tag-4gb-ram","9":"product_tag-core-i3","10":"product_tag-notebook","11":"product_tag-ssd","12":"desktop-align-center","13":"tablet-align-left","14":"mobile-align-center","16":"first","17":"instock","18":"sale","19":"shipping-taxable","20":"product-type-external"},"uagb_featured_image_src":{"full":["https:\/\/promocaododia.com.br\/site\/wp-content\/uploads\/2022\/11\/IdeaPad-3i-com-Intel\u00ae-Core\u2122-i3-1115G4-4GB-de-RAM-SSD-128GB-tela-de-15-Prata.jpg",600,600,false],"thumbnail":["https:\/\/promocaododia.com.br\/site\/wp-content\/uploads\/2022\/11\/IdeaPad-3i-com-Intel\u00ae-Core\u2122-i3-1115G4-4GB-de-RAM-SSD-128GB-tela-de-15-Prata-150x150.jpg",150,150,true],"medium":["https:\/\/promocaododia.com.br\/site\/wp-content\/uploads\/2022\/11\/IdeaPad-3i-com-Intel\u00ae-Core\u2122-i3-1115G4-4GB-de-RAM-SSD-128GB-tela-de-15-Prata-300x300.jpg",300,300,true],"medium_large":["https:\/\/promocaododia.com.br\/site\/wp-content\/uploads\/2022\/11\/IdeaPad-3i-com-Intel\u00ae-Core\u2122-i3-1115G4-4GB-de-RAM-SSD-128GB-tela-de-15-Prata.jpg",600,600,false],"large":["https:\/\/promocaododia.com.br\/site\/wp-content\/uploads\/2022\/11\/IdeaPad-3i-com-Intel\u00ae-Core\u2122-i3-1115G4-4GB-de-RAM-SSD-128GB-tela-de-15-Prata.jpg",600,600,false],"1536x1536":["https:\/\/promocaododia.com.br\/site\/wp-content\/uploads\/2022\/11\/IdeaPad-3i-com-Intel\u00ae-Core\u2122-i3-1115G4-4GB-de-RAM-SSD-128GB-tela-de-15-Prata.jpg",600,600,false],"2048x2048":["https:\/\/promocaododia.com.br\/site\/wp-content\/uploads\/2022\/11\/IdeaPad-3i-com-Intel\u00ae-Core\u2122-i3-1115G4-4GB-de-RAM-SSD-128GB-tela-de-15-Prata.jpg",600,600,false],"woocommerce_thumbnail":["https:\/\/promocaododia.com.br\/site\/wp-content\/uploads\/2022\/11\/IdeaPad-3i-com-Intel\u00ae-Core\u2122-i3-1115G4-4GB-de-RAM-SSD-128GB-tela-de-15-Prata-250x250.jpg",250,250,true],"woocommerce_single":["https:\/\/promocaododia.com.br\/site\/wp-content\/uploads\/2022\/11\/IdeaPad-3i-com-Intel\u00ae-Core\u2122-i3-1115G4-4GB-de-RAM-SSD-128GB-tela-de-15-Prata-250x250.jpg",250,250,true],"woocommerce_gallery_thumbnail":["https:\/\/promocaododia.com.br\/site\/wp-content\/uploads\/2022\/11\/IdeaPad-3i-com-Intel\u00ae-Core\u2122-i3-1115G4-4GB-de-RAM-SSD-128GB-tela-de-15-Prata-100x100.jpg",100,100,true]},"uagb_author_info":{"display_name":"danilo.gbr","author_link":"https:\/\/promocaododia.com.br\/site\/author\/"},"uagb_comment_info":0,"uagb_excerpt":"Processador Processador Intel\u00ae Core\u2122 i3-1115G4 de 11\u00aa gera\u00e7\u00e3o (3,00 GHz at\u00e9 4,10 GHz) Sistema Operacional Linux Tela 15.6&#8243; Full HD (1920 x 1080) Antirreflexo Mem\u00f3ria 4 GB Soldado DDR4 3200MHz Armazenamento 128 GB SSD Garantia 1 ano Alto falante Alto-falantes (2x 1.5W) Carregador 65W Placa de V\u00eddeo Placa de v\u00eddeo Intel UHD Graphics Portas 1xUSB&hellip;","_links":{"self":[{"href":"https:\/\/promocaododia.com.br\/site\/wp-json\/wp\/v2\/product\/1220","targetHints":{"allow":["GET"]}}],"collection":[{"href":"https:\/\/promocaododia.com.br\/site\/wp-json\/wp\/v2\/product"}],"about":[{"href":"https:\/\/promocaododia.com.br\/site\/wp-json\/wp\/v2\/types\/product"}],"wp:featuredmedia":[{"embeddable":true,"href":"https:\/\/promocaododia.com.br\/site\/wp-json\/wp\/v2\/media\/1221"}],"wp:attachment":[{"href":"https:\/\/promocaododia.com.br\/site\/wp-json\/wp\/v2\/media?parent=1220"}],"wp:term":[{"taxonomy":"product_brand","embeddable":true,"href":"https:\/\/promocaododia.com.br\/site\/wp-json\/wp\/v2\/product_brand?post=1220"},{"taxonomy":"product_cat","embeddable":true,"href":"https:\/\/promocaododia.com.br\/site\/wp-json\/wp\/v2\/product_cat?post=1220"},{"taxonomy":"product_tag","embeddable":true,"href":"https:\/\/promocaododia.com.br\/site\/wp-json\/wp\/v2\/product_tag?post=1220"}],"curies":[{"name":"wp","href":"https:\/\/api.w.org\/{rel}","templated":true}]}}