{"id":1230,"date":"2022-11-24T19:59:28","date_gmt":"2022-11-24T22:59:28","guid":{"rendered":"https:\/\/promocaododia.com.br\/site\/?post_type=product&#038;p=1230"},"modified":"2022-11-24T19:59:28","modified_gmt":"2022-11-24T22:59:28","slug":"fire-tv-stick-lite-streaming-em-full-hd-com-alexa-com-controle-remoto-lite-por-voz-com-alexa-sem-controles-de-tv","status":"publish","type":"product","link":"https:\/\/promocaododia.com.br\/site\/produto\/fire-tv-stick-lite-streaming-em-full-hd-com-alexa-com-controle-remoto-lite-por-voz-com-alexa-sem-controles-de-tv\/","title":{"rendered":"Fire TV Stick Lite | Streaming em Full HD com Alexa | Com Controle Remoto Lite por Voz com Alexa (sem controles de TV)"},"content":{"rendered":"<div id=\"featurebullets_feature_div\" class=\"celwidget\" data-feature-name=\"featurebullets\" data-csa-c-type=\"widget\" data-csa-c-content-id=\"featurebullets\" data-csa-c-slot-id=\"featurebullets_feature_div\" data-csa-c-asin=\"B091G767YB\" data-csa-c-is-in-initial-active-row=\"false\" data-csa-c-id=\"lla0lz-jwcmhn-puyrf6-nnxcip\" data-cel-widget=\"featurebullets_feature_div\">\n<div id=\"feature-bullets\" class=\"a-section a-spacing-medium a-spacing-top-small\">\n<ul class=\"a-unordered-list a-vertical a-spacing-mini\">\n<li><span class=\"a-list-item\">Fire TV com Alexa: aproveite streaming r\u00e1pido e em Full HD. Vem com o novo Controle Remoto Lite por Voz com Alexa (sem controles de TV).<\/span><\/li>\n<li><span class=\"a-list-item\">Mantenha o bot\u00e3o de voz pressionado e pe\u00e7a para Alexa para buscar e iniciar conte\u00fado facilmente no Prime Video, Netflix e YouTube.<\/span><\/li>\n<li><span class=\"a-list-item\">Centenas de canais, skills de Alexa e principais aplicativos, incluindo Prime Video, Netflix, YouTube, Disney+, Amazon Music, Spotify e Vivo Play. Taxas de assinatura podem ser aplicadas. Mais de 100.000 filmes e epis\u00f3dios de s\u00e9ries inclusos na assinatura do Amazon Prime.<\/span><\/li>\n<li><span class=\"a-list-item\">TV ao vivo e esportes com Vivo Play, Star+ e outros. Taxas de assinatura podem ser aplicadas. TV gr\u00e1tis: assista a conte\u00fados gratuitos com VIX, Pluto TV e Red Bull TV.<\/span><\/li>\n<li><span class=\"a-list-item\">Ou\u00e7a m\u00fasica: Amazon Music, Spotify, Vevo e outros servi\u00e7os de streaming. Taxas de assinatura podem ser aplicadas.<\/span><\/li>\n<li><span class=\"a-list-item\">Simples e intuitivo. Acesse facilmente seus aplicativos e conte\u00fados favoritos atrav\u00e9s do In\u00edcio.<\/span><\/li>\n<li><span class=\"a-list-item\">F\u00e1cil de configurar e discreto: conecte atr\u00e1s de sua televis\u00e3o, ligue a TV e conecte-se \u00e0 internet para configurar.<\/span><\/li>\n<li><span class=\"a-list-item\">Pareie seu Fire TV Stick Lite com um Echo para usar o controle de voz com m\u00e3os livres do seu Fire TV com Alexa. Controle sua casa inteligente &#8211; Pe\u00e7a para Alexa para acender as luzes, mostrar c\u00e2meras, tocar m\u00fasicas, informar a previs\u00e3o do tempo e mais.<\/span><\/li>\n<\/ul>\n<\/div>\n<\/div>\n<div id=\"extendWhatYouOwn_feature_div\" class=\"celwidget\" data-feature-name=\"extendWhatYouOwn\" data-csa-c-type=\"widget\" data-csa-c-content-id=\"extendWhatYouOwn\" data-csa-c-slot-id=\"extendWhatYouOwn_feature_div\" data-csa-c-asin=\"B091G767YB\" data-csa-c-is-in-initial-active-row=\"false\" data-csa-c-id=\"ryn9mx-lmto0e-ugj12-3328ok\" data-cel-widget=\"extendWhatYouOwn_feature_div\"><span style=\"font-size: 1.5em; font-weight: bold;\">Queremos que voc\u00ea saiba<\/span><\/div>\n<div id=\"atfCenter13_feature_div\" class=\"celwidget\" data-feature-name=\"atfCenter13\" data-csa-c-type=\"widget\" data-csa-c-content-id=\"atfCenter13\" data-csa-c-slot-id=\"atfCenter13_feature_div\" data-csa-c-asin=\"B091G767YB\" data-csa-c-is-in-initial-active-row=\"false\" data-csa-c-id=\"wo98ud-5030h2-w264ew-izvved\" data-cel-widget=\"atfCenter13_feature_div\">\n<div id=\"content-grid-widget-v1.0\">\n<div id=\"\" class=\"content-grid-wrapper mako-v2\">\n<div class=\"content-grid-row-wrapper \" data-lazy-loading-background-image=\"\">\n<div class=\"a-row\">\n<div class=\"content-grid-col-wrapper override-column-spacing\">\n<div class=\"a-column a-span12 block-content block-type-text textalign-left\">\n<div class=\"content-grid-block\">\n<p>Os bot\u00f5es de aplicativos do controle remoto podem variar.<br \/>\nAlguns servi\u00e7os podem exigir assinaturas ou taxas separadas.<br \/>\nO Controle Remoto Lite por Voz com Alexa incluso n\u00e3o permite ligar ou ajustar o volume da TV via bot\u00e3o ou por comando de voz da Alexa. Se voc\u00ea deseja esses recursos, sugerimos o\u00a0<a href=\"https:\/\/www.amazon.com.br\/dp\/B08C1K6LB2\">Fire TV Stick<\/a>, que inclui o Controle Remoto por Voz com Alexa (com comandos de TV).<\/p>\n<\/div>\n<\/div>\n<\/div>\n<\/div>\n<\/div>\n<\/div>\n<\/div>\n<\/div>\n","protected":false},"excerpt":{"rendered":"<p>Fire TV com Alexa: aproveite streaming r\u00e1pido e em Full HD. Vem com o novo Controle Remoto Lite por Voz com Alexa (sem controles de TV). Mantenha o bot\u00e3o de voz pressionado e pe\u00e7a para Alexa para buscar e iniciar conte\u00fado facilmente no Prime Video, Netflix e YouTube. Centenas de canais, skills de Alexa e principais aplicativos, incluindo Prime Video, Netflix, YouTube, Disney+, Amazon Music, Spotify e Vivo Play. Taxas de assinatura podem ser aplicadas. Mais de 100.000 filmes e epis\u00f3dios de s\u00e9ries inclusos na assinatura do Amazon Prime. TV ao vivo e esportes com Vivo Play, Star+ e outros. Taxas de assinatura podem ser aplicadas. TV gr\u00e1tis: assista a conte\u00fados gratuitos com VIX, Pluto TV e Red Bull TV. Ou\u00e7a m\u00fasica: Amazon Music, Spotify, Vevo e outros servi\u00e7os de streaming. Taxas de assinatura podem ser aplicadas. Simples e intuitivo. Acesse facilmente seus aplicativos e conte\u00fados favoritos atrav\u00e9s do In\u00edcio. F\u00e1cil de configurar e discreto: conecte atr\u00e1s de sua televis\u00e3o, ligue a TV e conecte-se \u00e0 internet para configurar. Pareie seu Fire TV Stick Lite com um Echo para usar o controle de voz com m\u00e3os livres do seu Fire TV com Alexa. Controle sua casa inteligente &#8211; Pe\u00e7a para Alexa para acender as luzes, mostrar c\u00e2meras, tocar m\u00fasicas, informar a previs\u00e3o do tempo e mais. Queremos que voc\u00ea saiba Os bot\u00f5es de aplicativos do controle remoto podem variar. Alguns servi\u00e7os podem exigir assinaturas ou taxas separadas. O Controle Remoto Lite por Voz com Alexa incluso n\u00e3o permite ligar ou ajustar o volume da TV via bot\u00e3o ou por comando de voz da Alexa. Se voc\u00ea deseja esses recursos, sugerimos o\u00a0Fire TV Stick, que inclui o Controle Remoto por Voz com Alexa (com comandos de TV).<\/p>\n","protected":false},"featured_media":1231,"template":"","meta":{"_uag_custom_page_level_css":"","site-sidebar-layout":"default","site-content-layout":"default","ast-site-content-layout":"default","site-content-style":"default","site-sidebar-style":"default","ast-global-header-display":"","ast-banner-title-visibility":"","ast-main-header-display":"","ast-hfb-above-header-display":"","ast-hfb-below-header-display":"","ast-hfb-mobile-header-display":"","site-post-title":"","ast-breadcrumbs-content":"","ast-featured-img":"","footer-sml-layout":"","theme-transparent-header-meta":"default","adv-header-id-meta":"","stick-header-meta":"","header-above-stick-meta":"","header-main-stick-meta":"","header-below-stick-meta":"","astra-migrate-meta-layouts":"default","ast-page-background-enabled":"default","ast-page-background-meta":{"desktop":{"background-color":"","background-image":"","background-repeat":"repeat","background-position":"center center","background-size":"auto","background-attachment":"scroll","background-type":"","background-media":"","overlay-type":"","overlay-color":"","overlay-opacity":"","overlay-gradient":""},"tablet":{"background-color":"","background-image":"","background-repeat":"repeat","background-position":"center center","background-size":"auto","background-attachment":"scroll","background-type":"","background-media":"","overlay-type":"","overlay-color":"","overlay-opacity":"","overlay-gradient":""},"mobile":{"background-color":"","background-image":"","background-repeat":"repeat","background-position":"center center","background-size":"auto","background-attachment":"scroll","background-type":"","background-media":"","overlay-type":"","overlay-color":"","overlay-opacity":"","overlay-gradient":""}},"ast-content-background-meta":{"desktop":{"background-color":"var(--ast-global-color-5)","background-image":"","background-repeat":"repeat","background-position":"center center","background-size":"auto","background-attachment":"scroll","background-type":"","background-media":"","overlay-type":"","overlay-color":"","overlay-opacity":"","overlay-gradient":""},"tablet":{"background-color":"var(--ast-global-color-5)","background-image":"","background-repeat":"repeat","background-position":"center center","background-size":"auto","background-attachment":"scroll","background-type":"","background-media":"","overlay-type":"","overlay-color":"","overlay-opacity":"","overlay-gradient":""},"mobile":{"background-color":"var(--ast-global-color-5)","background-image":"","background-repeat":"repeat","background-position":"center center","background-size":"auto","background-attachment":"scroll","background-type":"","background-media":"","overlay-type":"","overlay-color":"","overlay-opacity":"","overlay-gradient":""}}},"product_brand":[],"product_cat":[38,362,76],"product_tag":[131,174,363,364],"class_list":{"0":"post-1230","1":"product","2":"type-product","3":"status-publish","4":"has-post-thumbnail","6":"product_cat-eletronicos","7":"product_cat-tv-box-fire-tv","8":"product_cat-tv-e-video","9":"product_tag-alexa","10":"product_tag-amazon","11":"product_tag-fire-tv","12":"product_tag-stick-lite","13":"desktop-align-center","14":"tablet-align-left","15":"mobile-align-center","17":"first","18":"instock","19":"sale","20":"shipping-taxable","21":"product-type-external"},"uagb_featured_image_src":{"full":["https:\/\/promocaododia.com.br\/site\/wp-content\/uploads\/2022\/11\/Fire-TV-Stick-Lite-Streaming-em-Full-HD-com-Alexa-Com-Controle-Remoto-Lite-por-Voz-com-Alexa-.jpg",600,600,false],"thumbnail":["https:\/\/promocaododia.com.br\/site\/wp-content\/uploads\/2022\/11\/Fire-TV-Stick-Lite-Streaming-em-Full-HD-com-Alexa-Com-Controle-Remoto-Lite-por-Voz-com-Alexa--150x150.jpg",150,150,true],"medium":["https:\/\/promocaododia.com.br\/site\/wp-content\/uploads\/2022\/11\/Fire-TV-Stick-Lite-Streaming-em-Full-HD-com-Alexa-Com-Controle-Remoto-Lite-por-Voz-com-Alexa--300x300.jpg",300,300,true],"medium_large":["https:\/\/promocaododia.com.br\/site\/wp-content\/uploads\/2022\/11\/Fire-TV-Stick-Lite-Streaming-em-Full-HD-com-Alexa-Com-Controle-Remoto-Lite-por-Voz-com-Alexa-.jpg",600,600,false],"large":["https:\/\/promocaododia.com.br\/site\/wp-content\/uploads\/2022\/11\/Fire-TV-Stick-Lite-Streaming-em-Full-HD-com-Alexa-Com-Controle-Remoto-Lite-por-Voz-com-Alexa-.jpg",600,600,false],"1536x1536":["https:\/\/promocaododia.com.br\/site\/wp-content\/uploads\/2022\/11\/Fire-TV-Stick-Lite-Streaming-em-Full-HD-com-Alexa-Com-Controle-Remoto-Lite-por-Voz-com-Alexa-.jpg",600,600,false],"2048x2048":["https:\/\/promocaododia.com.br\/site\/wp-content\/uploads\/2022\/11\/Fire-TV-Stick-Lite-Streaming-em-Full-HD-com-Alexa-Com-Controle-Remoto-Lite-por-Voz-com-Alexa-.jpg",600,600,false],"woocommerce_thumbnail":["https:\/\/promocaododia.com.br\/site\/wp-content\/uploads\/2022\/11\/Fire-TV-Stick-Lite-Streaming-em-Full-HD-com-Alexa-Com-Controle-Remoto-Lite-por-Voz-com-Alexa--250x250.jpg",250,250,true],"woocommerce_single":["https:\/\/promocaododia.com.br\/site\/wp-content\/uploads\/2022\/11\/Fire-TV-Stick-Lite-Streaming-em-Full-HD-com-Alexa-Com-Controle-Remoto-Lite-por-Voz-com-Alexa--250x250.jpg",250,250,true],"woocommerce_gallery_thumbnail":["https:\/\/promocaododia.com.br\/site\/wp-content\/uploads\/2022\/11\/Fire-TV-Stick-Lite-Streaming-em-Full-HD-com-Alexa-Com-Controle-Remoto-Lite-por-Voz-com-Alexa--100x100.jpg",100,100,true]},"uagb_author_info":{"display_name":"danilo.gbr","author_link":"https:\/\/promocaododia.com.br\/site\/author\/"},"uagb_comment_info":0,"uagb_excerpt":"Fire TV com Alexa: aproveite streaming r\u00e1pido e em Full HD. Vem com o novo Controle Remoto Lite por Voz com Alexa (sem controles de TV). Mantenha o bot\u00e3o de voz pressionado e pe\u00e7a para Alexa para buscar e iniciar conte\u00fado facilmente no Prime Video, Netflix e YouTube. Centenas de canais, skills de Alexa e&hellip;","_links":{"self":[{"href":"https:\/\/promocaododia.com.br\/site\/wp-json\/wp\/v2\/product\/1230","targetHints":{"allow":["GET"]}}],"collection":[{"href":"https:\/\/promocaododia.com.br\/site\/wp-json\/wp\/v2\/product"}],"about":[{"href":"https:\/\/promocaododia.com.br\/site\/wp-json\/wp\/v2\/types\/product"}],"wp:featuredmedia":[{"embeddable":true,"href":"https:\/\/promocaododia.com.br\/site\/wp-json\/wp\/v2\/media\/1231"}],"wp:attachment":[{"href":"https:\/\/promocaododia.com.br\/site\/wp-json\/wp\/v2\/media?parent=1230"}],"wp:term":[{"taxonomy":"product_brand","embeddable":true,"href":"https:\/\/promocaododia.com.br\/site\/wp-json\/wp\/v2\/product_brand?post=1230"},{"taxonomy":"product_cat","embeddable":true,"href":"https:\/\/promocaododia.com.br\/site\/wp-json\/wp\/v2\/product_cat?post=1230"},{"taxonomy":"product_tag","embeddable":true,"href":"https:\/\/promocaododia.com.br\/site\/wp-json\/wp\/v2\/product_tag?post=1230"}],"curies":[{"name":"wp","href":"https:\/\/api.w.org\/{rel}","templated":true}]}}