{"id":1244,"date":"2022-11-25T19:25:13","date_gmt":"2022-11-25T22:25:13","guid":{"rendered":"https:\/\/promocaododia.com.br\/site\/?post_type=product&#038;p=1244"},"modified":"2022-11-25T19:25:13","modified_gmt":"2022-11-25T22:25:13","slug":"ar-condicionado-split-hi-wall-tcl-12000-btu-h-frio-tac-12csa1-220-volts","status":"publish","type":"product","link":"https:\/\/promocaododia.com.br\/site\/produto\/ar-condicionado-split-hi-wall-tcl-12000-btu-h-frio-tac-12csa1-220-volts\/","title":{"rendered":"Ar Condicionado Split Hi Wall tcl 12000 BTU\/h Frio TAC-12CSA1 \u2013 220 Volts"},"content":{"rendered":"<p>Ar Condicionado Split Hi Wall tcl 12000 BTU\/h Frio TAC-12CSA1 \u2013 220 Volts<\/p>\n<p>Os\u00a0<b>condicionadores de ar tcl\u00a0<\/b>s\u00e3o eficientes e perfeitos para quem busca m\u00e1ximo conforto para o seu lar.<\/p>\n<p>N\u00e3o passe calor, aqui voc\u00ea encontra a sensa\u00e7\u00e3o t\u00e9rmica ideal, com economia e design.<\/p>\n<p><b>Carv\u00e3o Ativado e Filtro Hd S\u00edlver Ion:<\/b><\/p>\n<p>Possui fun\u00e7\u00e3o antibacteriana e libera \u00edon constantemente, sendo desta forma altamente eficaz contra v\u00e1rios tipos de bact\u00e9rias. Assim voc\u00ea tem n\u00e3o s\u00f3 um ambiente fresco, mas, tamb\u00e9m um ar mais puro para respirar e livre de bact\u00e9rias, os melhores recursos para voc\u00ea ter mais qualidade de vida.<\/p>\n<p><b>Modo silencioso:<\/b><\/p>\n<p>Pressione mute para silenciar. Desempenho n\u00e3o intrusivo, inferior a um zumbido normal de um port\u00e1til que assegura concentrar nas coisas importantes.<\/p>\n<p><b>Serpentina de Cobre:<\/b><\/p>\n<p>O ar condicionado com tubo de cobre \u00e9 mais dur\u00e1vel e tem uma melhor efici\u00eancia de refrigera\u00e7\u00e3o.<\/p>\n<p>Imagens meramente ilustrativas.<\/p>\n","protected":false},"excerpt":{"rendered":"<p>Ar Condicionado Split Hi Wall tcl 12000 BTU\/h Frio TAC-12CSA1 \u2013 220 Volts Os\u00a0condicionadores de ar tcl\u00a0s\u00e3o eficientes e perfeitos para quem busca m\u00e1ximo conforto para o seu lar. N\u00e3o passe calor, aqui voc\u00ea encontra a sensa\u00e7\u00e3o t\u00e9rmica ideal, com economia e design. Carv\u00e3o Ativado e Filtro Hd S\u00edlver Ion: Possui fun\u00e7\u00e3o antibacteriana e libera \u00edon constantemente, sendo desta forma altamente eficaz contra v\u00e1rios tipos de bact\u00e9rias. Assim voc\u00ea tem n\u00e3o s\u00f3 um ambiente fresco, mas, tamb\u00e9m um ar mais puro para respirar e livre de bact\u00e9rias, os melhores recursos para voc\u00ea ter mais qualidade de vida. Modo silencioso: Pressione mute para silenciar. Desempenho n\u00e3o intrusivo, inferior a um zumbido normal de um port\u00e1til que assegura concentrar nas coisas importantes. Serpentina de Cobre: O ar condicionado com tubo de cobre \u00e9 mais dur\u00e1vel e tem uma melhor efici\u00eancia de refrigera\u00e7\u00e3o. Imagens meramente ilustrativas.<\/p>\n","protected":false},"featured_media":1245,"template":"","meta":{"_uag_custom_page_level_css":"","site-sidebar-layout":"default","site-content-layout":"default","ast-site-content-layout":"default","site-content-style":"default","site-sidebar-style":"default","ast-global-header-display":"","ast-banner-title-visibility":"","ast-main-header-display":"","ast-hfb-above-header-display":"","ast-hfb-below-header-display":"","ast-hfb-mobile-header-display":"","site-post-title":"","ast-breadcrumbs-content":"","ast-featured-img":"","footer-sml-layout":"","theme-transparent-header-meta":"default","adv-header-id-meta":"","stick-header-meta":"","header-above-stick-meta":"","header-main-stick-meta":"","header-below-stick-meta":"","astra-migrate-meta-layouts":"default","ast-page-background-enabled":"default","ast-page-background-meta":{"desktop":{"background-color":"","background-image":"","background-repeat":"repeat","background-position":"center center","background-size":"auto","background-attachment":"scroll","background-type":"","background-media":"","overlay-type":"","overlay-color":"","overlay-opacity":"","overlay-gradient":""},"tablet":{"background-color":"","background-image":"","background-repeat":"repeat","background-position":"center center","background-size":"auto","background-attachment":"scroll","background-type":"","background-media":"","overlay-type":"","overlay-color":"","overlay-opacity":"","overlay-gradient":""},"mobile":{"background-color":"","background-image":"","background-repeat":"repeat","background-position":"center center","background-size":"auto","background-attachment":"scroll","background-type":"","background-media":"","overlay-type":"","overlay-color":"","overlay-opacity":"","overlay-gradient":""}},"ast-content-background-meta":{"desktop":{"background-color":"var(--ast-global-color-5)","background-image":"","background-repeat":"repeat","background-position":"center center","background-size":"auto","background-attachment":"scroll","background-type":"","background-media":"","overlay-type":"","overlay-color":"","overlay-opacity":"","overlay-gradient":""},"tablet":{"background-color":"var(--ast-global-color-5)","background-image":"","background-repeat":"repeat","background-position":"center center","background-size":"auto","background-attachment":"scroll","background-type":"","background-media":"","overlay-type":"","overlay-color":"","overlay-opacity":"","overlay-gradient":""},"mobile":{"background-color":"var(--ast-global-color-5)","background-image":"","background-repeat":"repeat","background-position":"center center","background-size":"auto","background-attachment":"scroll","background-type":"","background-media":"","overlay-type":"","overlay-color":"","overlay-opacity":"","overlay-gradient":""}}},"product_brand":[],"product_cat":[292,153],"product_tag":[549,293,297,294],"class_list":{"0":"post-1244","1":"product","2":"type-product","3":"status-publish","4":"has-post-thumbnail","6":"product_cat-ar-e-ventilacao","7":"product_cat-casa-e-construcao","8":"product_tag-1200-btus","9":"product_tag-ar-condicionado","10":"product_tag-frio","11":"product_tag-split","12":"desktop-align-center","13":"tablet-align-left","14":"mobile-align-center","16":"first","17":"instock","18":"sale","19":"shipping-taxable","20":"product-type-external"},"uagb_featured_image_src":{"full":["https:\/\/promocaododia.com.br\/site\/wp-content\/uploads\/2022\/11\/Ar-Condicionado-Split-Hi-Wall-tcl-12000-BTU-Frio-TAC-12CSA1-\u2013-220-Volts.jpg",600,600,false],"thumbnail":["https:\/\/promocaododia.com.br\/site\/wp-content\/uploads\/2022\/11\/Ar-Condicionado-Split-Hi-Wall-tcl-12000-BTU-Frio-TAC-12CSA1-\u2013-220-Volts-150x150.jpg",150,150,true],"medium":["https:\/\/promocaododia.com.br\/site\/wp-content\/uploads\/2022\/11\/Ar-Condicionado-Split-Hi-Wall-tcl-12000-BTU-Frio-TAC-12CSA1-\u2013-220-Volts-300x300.jpg",300,300,true],"medium_large":["https:\/\/promocaododia.com.br\/site\/wp-content\/uploads\/2022\/11\/Ar-Condicionado-Split-Hi-Wall-tcl-12000-BTU-Frio-TAC-12CSA1-\u2013-220-Volts.jpg",600,600,false],"large":["https:\/\/promocaododia.com.br\/site\/wp-content\/uploads\/2022\/11\/Ar-Condicionado-Split-Hi-Wall-tcl-12000-BTU-Frio-TAC-12CSA1-\u2013-220-Volts.jpg",600,600,false],"1536x1536":["https:\/\/promocaododia.com.br\/site\/wp-content\/uploads\/2022\/11\/Ar-Condicionado-Split-Hi-Wall-tcl-12000-BTU-Frio-TAC-12CSA1-\u2013-220-Volts.jpg",600,600,false],"2048x2048":["https:\/\/promocaododia.com.br\/site\/wp-content\/uploads\/2022\/11\/Ar-Condicionado-Split-Hi-Wall-tcl-12000-BTU-Frio-TAC-12CSA1-\u2013-220-Volts.jpg",600,600,false],"woocommerce_thumbnail":["https:\/\/promocaododia.com.br\/site\/wp-content\/uploads\/2022\/11\/Ar-Condicionado-Split-Hi-Wall-tcl-12000-BTU-Frio-TAC-12CSA1-\u2013-220-Volts-250x250.jpg",250,250,true],"woocommerce_single":["https:\/\/promocaododia.com.br\/site\/wp-content\/uploads\/2022\/11\/Ar-Condicionado-Split-Hi-Wall-tcl-12000-BTU-Frio-TAC-12CSA1-\u2013-220-Volts-250x250.jpg",250,250,true],"woocommerce_gallery_thumbnail":["https:\/\/promocaododia.com.br\/site\/wp-content\/uploads\/2022\/11\/Ar-Condicionado-Split-Hi-Wall-tcl-12000-BTU-Frio-TAC-12CSA1-\u2013-220-Volts-100x100.jpg",100,100,true]},"uagb_author_info":{"display_name":"danilo.gbr","author_link":"https:\/\/promocaododia.com.br\/site\/author\/"},"uagb_comment_info":0,"uagb_excerpt":"Ar Condicionado Split Hi Wall tcl 12000 BTU\/h Frio TAC-12CSA1 \u2013 220 Volts Os\u00a0condicionadores de ar tcl\u00a0s\u00e3o eficientes e perfeitos para quem busca m\u00e1ximo conforto para o seu lar. N\u00e3o passe calor, aqui voc\u00ea encontra a sensa\u00e7\u00e3o t\u00e9rmica ideal, com economia e design. Carv\u00e3o Ativado e Filtro Hd S\u00edlver Ion: Possui fun\u00e7\u00e3o antibacteriana e libera&hellip;","_links":{"self":[{"href":"https:\/\/promocaododia.com.br\/site\/wp-json\/wp\/v2\/product\/1244","targetHints":{"allow":["GET"]}}],"collection":[{"href":"https:\/\/promocaododia.com.br\/site\/wp-json\/wp\/v2\/product"}],"about":[{"href":"https:\/\/promocaododia.com.br\/site\/wp-json\/wp\/v2\/types\/product"}],"wp:featuredmedia":[{"embeddable":true,"href":"https:\/\/promocaododia.com.br\/site\/wp-json\/wp\/v2\/media\/1245"}],"wp:attachment":[{"href":"https:\/\/promocaododia.com.br\/site\/wp-json\/wp\/v2\/media?parent=1244"}],"wp:term":[{"taxonomy":"product_brand","embeddable":true,"href":"https:\/\/promocaododia.com.br\/site\/wp-json\/wp\/v2\/product_brand?post=1244"},{"taxonomy":"product_cat","embeddable":true,"href":"https:\/\/promocaododia.com.br\/site\/wp-json\/wp\/v2\/product_cat?post=1244"},{"taxonomy":"product_tag","embeddable":true,"href":"https:\/\/promocaododia.com.br\/site\/wp-json\/wp\/v2\/product_tag?post=1244"}],"curies":[{"name":"wp","href":"https:\/\/api.w.org\/{rel}","templated":true}]}}