{"id":1266,"date":"2022-11-26T12:34:31","date_gmt":"2022-11-26T15:34:31","guid":{"rendered":"https:\/\/promocaododia.com.br\/site\/?post_type=product&#038;p=1266"},"modified":"2022-11-26T13:01:34","modified_gmt":"2022-11-26T16:01:34","slug":"torneira-gourmet-prizi-cheff-50cm-bancada-com-spray-monocomando","status":"publish","type":"product","link":"https:\/\/promocaododia.com.br\/site\/produto\/torneira-gourmet-prizi-cheff-50cm-bancada-com-spray-monocomando\/","title":{"rendered":"Torneira Gourmet Prizi Cheff 50cm, Bancada, com Spray, Monocomando"},"content":{"rendered":"<p>Torneira Gourmet Prizi Cheff 50cm, Bancada, com Spray, Monocomando<\/p>\n<p>A Torneira Prizi Cheff possui acionamento monocomando. Al\u00e9m de otimizar ambientes com o seu design moderno, ela \u00e9 equipada com diversas fun\u00e7\u00f5es, como bica m\u00f3vel, que possibilita que sua ducha tenha alcance estendido, oferendo mais facilidade na hora de lavar a lou\u00e7a.<\/p>\n<p>Deixe a sua cozinha ainda mais pr\u00e1tica e impec\u00e1vel com a Torneira Gourmet Prizi Cheff com Spray, Monocomando!<\/p>\n<p>Caracter\u00edsticas:<\/p>\n<p>&#8211; Altura: 50cm<\/p>\n<p>&#8211; Suporte de ducha m\u00f3vel e flex\u00edvel ao longo alcance<\/p>\n<p>&#8211; Duas op\u00e7\u00f5es de jato: concentrado e spray<\/p>\n<p>&#8211; Resistente \u00e0 corros\u00e3o<\/p>\n<p>&#8211; Acionamento monocomando<\/p>\n<p>&#8211; Mecanismo de abertura 1\/4 de volta: maior economia de \u00e1gua<\/p>\n<p>Especifica\u00e7\u00f5es t\u00e9cnicas:<\/p>\n<p>&#8211; Marca: Prizi<\/p>\n<p>&#8211; Modelo: Cheff<\/p>\n<p>&#8211; Refer\u00eancia: KE-6024<\/p>\n<p>&#8211; Cor: Cromada<\/p>\n<p>&#8211; Bitola: 1\/2&#8243;<\/p>\n<p>&#8211; Fura\u00e7\u00e3o da bancada: 3,5 cm<\/p>\n<p>&#8211; Tipo de controle da torneira: Monocomando<\/p>\n<p>&#8211; Tipo de instala\u00e7\u00e3o: Bancada<\/p>\n<p>&#8211; Misturador: Sim<\/p>\n<p>&#8211; \u00c1gua quente e fria: Sim<\/p>\n<p>&#8211; Sa\u00eddas de \u00e1gua: 2<\/p>\n<p>&#8211; Materiais: Corpo em lat\u00e3o e al\u00e7a de zinco<\/p>\n<p>&#8211; Cartucho: Cer\u00e2mico<\/p>\n<p>&#8211; Press\u00e3o para funcionamento: 3 a 40 mca<\/p>\n<p>Garantia do produto:<\/p>\n<p>Garantia legal de 90 dias<\/p>\n<p>Conte\u00fado da caixa:<\/p>\n<p>1 Torneira Gourmet Prizi Cheff, acess\u00f3rios de fixa\u00e7\u00e3o: 2 an\u00e9is O, 1 porca para aperto, 2 flex\u00edveis para liga\u00e7\u00e3o de \u00e1gua quente e fria e manual de instala\u00e7\u00e3o em portugu\u00eas<\/p>\n<p>Observa\u00e7\u00f5es:<\/p>\n<p>O produto n\u00e3o possui aquecimento interno. Para utiliza\u00e7\u00e3o de \u00e1gua quente \u00e9 necess\u00e1rio possuir encanamento com \u00e1gua quente.<\/p>\n<p>Este produto mesmo sendo monocomando (feito para \u00e1gua quente e fria), tamb\u00e9m pode ser utilizado somente com \u00e1gua fria. Nesse caso, \u00e9 necess\u00e1rio a utiliza\u00e7\u00e3o de um &#8220;T&#8221; no encanamento para ser poss\u00edvel a liga\u00e7\u00e3o dos dois flex\u00edveis. Acess\u00f3rio &#8220;T&#8221; n\u00e3o incluso.<\/p>\n<p>Fotos meramente ilustrativas.<\/p>\n<p>Os acess\u00f3rios de decora\u00e7\u00e3o mostrados nas fotos N\u00c3O acompanham o produto.<\/p>\n","protected":false},"excerpt":{"rendered":"<p>Torneira Gourmet Prizi Cheff 50cm, Bancada, com Spray, Monocomando A Torneira Prizi Cheff possui acionamento monocomando. Al\u00e9m de otimizar ambientes com o seu design moderno, ela \u00e9 equipada com diversas fun\u00e7\u00f5es, como bica m\u00f3vel, que possibilita que sua ducha tenha alcance estendido, oferendo mais facilidade na hora de lavar a lou\u00e7a. Deixe a sua cozinha ainda mais pr\u00e1tica e impec\u00e1vel com a Torneira Gourmet Prizi Cheff com Spray, Monocomando! Caracter\u00edsticas: &#8211; Altura: 50cm &#8211; Suporte de ducha m\u00f3vel e flex\u00edvel ao longo alcance &#8211; Duas op\u00e7\u00f5es de jato: concentrado e spray &#8211; Resistente \u00e0 corros\u00e3o &#8211; Acionamento monocomando &#8211; Mecanismo de abertura 1\/4 de volta: maior economia de \u00e1gua Especifica\u00e7\u00f5es t\u00e9cnicas: &#8211; Marca: Prizi &#8211; Modelo: Cheff &#8211; Refer\u00eancia: KE-6024 &#8211; Cor: Cromada &#8211; Bitola: 1\/2&#8243; &#8211; Fura\u00e7\u00e3o da bancada: 3,5 cm &#8211; Tipo de controle da torneira: Monocomando &#8211; Tipo de instala\u00e7\u00e3o: Bancada &#8211; Misturador: Sim &#8211; \u00c1gua quente e fria: Sim &#8211; Sa\u00eddas de \u00e1gua: 2 &#8211; Materiais: Corpo em lat\u00e3o e al\u00e7a de zinco &#8211; Cartucho: Cer\u00e2mico &#8211; Press\u00e3o para funcionamento: 3 a 40 mca Garantia do produto: Garantia legal de 90 dias Conte\u00fado da caixa: 1 Torneira Gourmet Prizi Cheff, acess\u00f3rios de fixa\u00e7\u00e3o: 2 an\u00e9is O, 1 porca para aperto, 2 flex\u00edveis para liga\u00e7\u00e3o de \u00e1gua quente e fria e manual de instala\u00e7\u00e3o em portugu\u00eas Observa\u00e7\u00f5es: O produto n\u00e3o possui aquecimento interno. Para utiliza\u00e7\u00e3o de \u00e1gua quente \u00e9 necess\u00e1rio possuir encanamento com \u00e1gua quente. Este produto mesmo sendo monocomando (feito para \u00e1gua quente e fria), tamb\u00e9m pode ser utilizado somente com \u00e1gua fria. Nesse caso, \u00e9 necess\u00e1rio a utiliza\u00e7\u00e3o de um &#8220;T&#8221; no encanamento para ser poss\u00edvel a liga\u00e7\u00e3o dos dois flex\u00edveis. Acess\u00f3rio &#8220;T&#8221; n\u00e3o incluso. Fotos meramente ilustrativas. Os acess\u00f3rios de decora\u00e7\u00e3o mostrados nas fotos N\u00c3O acompanham o produto.<\/p>\n","protected":false},"featured_media":1277,"template":"","meta":{"_uag_custom_page_level_css":"","site-sidebar-layout":"default","site-content-layout":"default","ast-site-content-layout":"default","site-content-style":"default","site-sidebar-style":"default","ast-global-header-display":"","ast-banner-title-visibility":"","ast-main-header-display":"","ast-hfb-above-header-display":"","ast-hfb-below-header-display":"","ast-hfb-mobile-header-display":"","site-post-title":"","ast-breadcrumbs-content":"","ast-featured-img":"","footer-sml-layout":"","theme-transparent-header-meta":"default","adv-header-id-meta":"","stick-header-meta":"","header-above-stick-meta":"","header-main-stick-meta":"","header-below-stick-meta":"","astra-migrate-meta-layouts":"default","ast-page-background-enabled":"default","ast-page-background-meta":{"desktop":{"background-color":"","background-image":"","background-repeat":"repeat","background-position":"center center","background-size":"auto","background-attachment":"scroll","background-type":"","background-media":"","overlay-type":"","overlay-color":"","overlay-opacity":"","overlay-gradient":""},"tablet":{"background-color":"","background-image":"","background-repeat":"repeat","background-position":"center center","background-size":"auto","background-attachment":"scroll","background-type":"","background-media":"","overlay-type":"","overlay-color":"","overlay-opacity":"","overlay-gradient":""},"mobile":{"background-color":"","background-image":"","background-repeat":"repeat","background-position":"center center","background-size":"auto","background-attachment":"scroll","background-type":"","background-media":"","overlay-type":"","overlay-color":"","overlay-opacity":"","overlay-gradient":""}},"ast-content-background-meta":{"desktop":{"background-color":"var(--ast-global-color-5)","background-image":"","background-repeat":"repeat","background-position":"center center","background-size":"auto","background-attachment":"scroll","background-type":"","background-media":"","overlay-type":"","overlay-color":"","overlay-opacity":"","overlay-gradient":""},"tablet":{"background-color":"var(--ast-global-color-5)","background-image":"","background-repeat":"repeat","background-position":"center center","background-size":"auto","background-attachment":"scroll","background-type":"","background-media":"","overlay-type":"","overlay-color":"","overlay-opacity":"","overlay-gradient":""},"mobile":{"background-color":"var(--ast-global-color-5)","background-image":"","background-repeat":"repeat","background-position":"center center","background-size":"auto","background-attachment":"scroll","background-type":"","background-media":"","overlay-type":"","overlay-color":"","overlay-opacity":"","overlay-gradient":""}}},"product_brand":[],"product_cat":[153,523,18],"product_tag":[489,117],"class_list":{"0":"post-1266","1":"product","2":"type-product","3":"status-publish","4":"has-post-thumbnail","6":"product_cat-casa-e-construcao","7":"product_cat-casa-e-decoracao","8":"product_cat-utensilios-para-cozinhar","9":"product_tag-casa-e-construcao","10":"product_tag-cozinha","11":"desktop-align-center","12":"tablet-align-left","13":"mobile-align-center","15":"first","16":"instock","17":"sale","18":"shipping-taxable","19":"product-type-external"},"uagb_featured_image_src":{"full":["https:\/\/promocaododia.com.br\/site\/wp-content\/uploads\/2022\/11\/Torneira-Gourmet-Prizi-Cheff-50cm-Bancada-com-Spray-Monocomando-1.jpg",600,600,false],"thumbnail":["https:\/\/promocaododia.com.br\/site\/wp-content\/uploads\/2022\/11\/Torneira-Gourmet-Prizi-Cheff-50cm-Bancada-com-Spray-Monocomando-1-150x150.jpg",150,150,true],"medium":["https:\/\/promocaododia.com.br\/site\/wp-content\/uploads\/2022\/11\/Torneira-Gourmet-Prizi-Cheff-50cm-Bancada-com-Spray-Monocomando-1-300x300.jpg",300,300,true],"medium_large":["https:\/\/promocaododia.com.br\/site\/wp-content\/uploads\/2022\/11\/Torneira-Gourmet-Prizi-Cheff-50cm-Bancada-com-Spray-Monocomando-1.jpg",600,600,false],"large":["https:\/\/promocaododia.com.br\/site\/wp-content\/uploads\/2022\/11\/Torneira-Gourmet-Prizi-Cheff-50cm-Bancada-com-Spray-Monocomando-1.jpg",600,600,false],"1536x1536":["https:\/\/promocaododia.com.br\/site\/wp-content\/uploads\/2022\/11\/Torneira-Gourmet-Prizi-Cheff-50cm-Bancada-com-Spray-Monocomando-1.jpg",600,600,false],"2048x2048":["https:\/\/promocaododia.com.br\/site\/wp-content\/uploads\/2022\/11\/Torneira-Gourmet-Prizi-Cheff-50cm-Bancada-com-Spray-Monocomando-1.jpg",600,600,false],"woocommerce_thumbnail":["https:\/\/promocaododia.com.br\/site\/wp-content\/uploads\/2022\/11\/Torneira-Gourmet-Prizi-Cheff-50cm-Bancada-com-Spray-Monocomando-1-250x250.jpg",250,250,true],"woocommerce_single":["https:\/\/promocaododia.com.br\/site\/wp-content\/uploads\/2022\/11\/Torneira-Gourmet-Prizi-Cheff-50cm-Bancada-com-Spray-Monocomando-1-250x250.jpg",250,250,true],"woocommerce_gallery_thumbnail":["https:\/\/promocaododia.com.br\/site\/wp-content\/uploads\/2022\/11\/Torneira-Gourmet-Prizi-Cheff-50cm-Bancada-com-Spray-Monocomando-1-100x100.jpg",100,100,true]},"uagb_author_info":{"display_name":"danilo.gbr","author_link":"https:\/\/promocaododia.com.br\/site\/author\/"},"uagb_comment_info":0,"uagb_excerpt":"Torneira Gourmet Prizi Cheff 50cm, Bancada, com Spray, Monocomando A Torneira Prizi Cheff possui acionamento monocomando. Al\u00e9m de otimizar ambientes com o seu design moderno, ela \u00e9 equipada com diversas fun\u00e7\u00f5es, como bica m\u00f3vel, que possibilita que sua ducha tenha alcance estendido, oferendo mais facilidade na hora de lavar a lou\u00e7a. Deixe a sua cozinha&hellip;","_links":{"self":[{"href":"https:\/\/promocaododia.com.br\/site\/wp-json\/wp\/v2\/product\/1266","targetHints":{"allow":["GET"]}}],"collection":[{"href":"https:\/\/promocaododia.com.br\/site\/wp-json\/wp\/v2\/product"}],"about":[{"href":"https:\/\/promocaododia.com.br\/site\/wp-json\/wp\/v2\/types\/product"}],"wp:featuredmedia":[{"embeddable":true,"href":"https:\/\/promocaododia.com.br\/site\/wp-json\/wp\/v2\/media\/1277"}],"wp:attachment":[{"href":"https:\/\/promocaododia.com.br\/site\/wp-json\/wp\/v2\/media?parent=1266"}],"wp:term":[{"taxonomy":"product_brand","embeddable":true,"href":"https:\/\/promocaododia.com.br\/site\/wp-json\/wp\/v2\/product_brand?post=1266"},{"taxonomy":"product_cat","embeddable":true,"href":"https:\/\/promocaododia.com.br\/site\/wp-json\/wp\/v2\/product_cat?post=1266"},{"taxonomy":"product_tag","embeddable":true,"href":"https:\/\/promocaododia.com.br\/site\/wp-json\/wp\/v2\/product_tag?post=1266"}],"curies":[{"name":"wp","href":"https:\/\/api.w.org\/{rel}","templated":true}]}}