{"id":128,"date":"2021-06-09T09:52:28","date_gmt":"2021-06-09T12:52:28","guid":{"rendered":"https:\/\/promocaododia.com.br\/site\/?post_type=product&#038;p=128"},"modified":"2021-06-09T09:52:28","modified_gmt":"2021-06-09T12:52:28","slug":"smartphone-motorola-one-fusion-128gb-azul-safira-4gb-ram-tela-65-cam-quadrupla-selfie-8mp","status":"publish","type":"product","link":"https:\/\/promocaododia.com.br\/site\/produto\/smartphone-motorola-one-fusion-128gb-azul-safira-4gb-ram-tela-65-cam-quadrupla-selfie-8mp\/","title":{"rendered":"Smartphone Motorola One Fusion 128GB Azul Safira &#8211; 4GB RAM Tela 6,5\u201d C\u00e2m. Qu\u00e1drupla + Selfie 8MP"},"content":{"rendered":"<p>Postado 09\/06\/2021<\/p>\n<div id=\"featurebullets_feature_div\" class=\"celwidget\" data-feature-name=\"featurebullets\" data-csa-c-id=\"xnu2ya-i2i0nx-9ngl3e-p64rjo\" data-cel-widget=\"featurebullets_feature_div\">\n<div id=\"feature-bullets\" class=\"a-section a-spacing-medium a-spacing-top-small\">\n<div class=\"product\">\n<div class=\"ptabs\">\n<div class=\"product-factsheet \" data-factsheet-id=\"144289400\">\n<div class=\"tab-content\">\n<div id=\"tab-descricao144289400\" class=\"tab-pane active\">\n<div id=\"featurebullets_feature_div\" class=\"celwidget\" data-feature-name=\"featurebullets\" data-csa-c-id=\"fb3zky-5wxrt0-eaei8v-a4r30n\" data-cel-widget=\"featurebullets_feature_div\">\n<div id=\"feature-bullets\" class=\"a-section a-spacing-medium a-spacing-top-small\">\n<p>Tenha um smartphone com desempenho super-r\u00e1pido em suas m\u00e3os! O Motorola One Fusion permite que voc\u00ea capture tudo, pois oferece um conjunto de 04 c\u00e2meras na traseira, deixando que sejam feitas desde fotos com a tecnologia Quad Pixel at\u00e9 fotos n\u00edtidas em situa\u00e7\u00f5es de pouca luz. Fa\u00e7a selfies ainda melhores para compartilhar nas redes sociais, atrav\u00e9s da c\u00e2mera de frontal de 8MP. Sua tela de 6,5&#8243; LTPS conta com resolu\u00e7\u00e3o HD+ para garantir uma visualiza\u00e7\u00e3o de tirar o f\u00f4lego ao assistir seus conte\u00fados favoritos. Com 128GB de armazenamento interno, ele \u00e9 ideal para guardar suas fotos, m\u00fasicas ou v\u00eddeos! E se mesmo assim achar pouco, voc\u00ea pode usar um cart\u00e3o MicroSD de at\u00e9 512GB para aumentar essa capacidade. Este produto tem um processador Snapdragon 710 Octa-Core e 4GB de mem\u00f3ria RAM, que responde de maneira r\u00e1pida, desde navega\u00e7\u00e3o na Internet \u00e0 jogos e v\u00eddeos. Fique sempre conectado com a tecnologia 4G em um aparelho dual chip! Tenha bateria para o dia todo, afinal estamos falando de 5000mAh. Esse celular entrega prote\u00e7\u00e3o personalizada com leitor de impress\u00e3o digital, deixando seus conte\u00fados e dados confidenciais protegidos. A cor Azul Safira destaca o design do smartphone, garantindo maior eleg\u00e2ncia em suas m\u00e3os.<\/p>\n<\/div>\n<\/div>\n<\/div>\n<\/div>\n<\/div>\n<\/div>\n<\/div>\n<\/div>\n<\/div>\n<p>A equipe Promo\u00e7\u00f5es do dia divulga produtos de nossos parceiros, sendo a venda e p\u00f3s venda de responsabilidade dos mesmos.<\/p>\n","protected":false},"excerpt":{"rendered":"<p>Postado 09\/06\/2021 Tenha um smartphone com desempenho super-r\u00e1pido em suas m\u00e3os! O Motorola One Fusion permite que voc\u00ea capture tudo, pois oferece um conjunto de 04 c\u00e2meras na traseira, deixando que sejam feitas desde fotos com a tecnologia Quad Pixel at\u00e9 fotos n\u00edtidas em situa\u00e7\u00f5es de pouca luz. Fa\u00e7a selfies ainda melhores para compartilhar nas redes sociais, atrav\u00e9s da c\u00e2mera de frontal de 8MP. Sua tela de 6,5&#8243; LTPS conta com resolu\u00e7\u00e3o HD+ para garantir uma visualiza\u00e7\u00e3o de tirar o f\u00f4lego ao assistir seus conte\u00fados favoritos. Com 128GB de armazenamento interno, ele \u00e9 ideal para guardar suas fotos, m\u00fasicas ou v\u00eddeos! E se mesmo assim achar pouco, voc\u00ea pode usar um cart\u00e3o MicroSD de at\u00e9 512GB para aumentar essa capacidade. Este produto tem um processador Snapdragon 710 Octa-Core e 4GB de mem\u00f3ria RAM, que responde de maneira r\u00e1pida, desde navega\u00e7\u00e3o na Internet \u00e0 jogos e v\u00eddeos. Fique sempre conectado com a tecnologia 4G em um aparelho dual chip! Tenha bateria para o dia todo, afinal estamos falando de 5000mAh. Esse celular entrega prote\u00e7\u00e3o personalizada com leitor de impress\u00e3o digital, deixando seus conte\u00fados e dados confidenciais protegidos. A cor Azul Safira destaca o design do smartphone, garantindo maior eleg\u00e2ncia em suas m\u00e3os. A equipe Promo\u00e7\u00f5es do dia divulga produtos de nossos parceiros, sendo a venda e p\u00f3s venda de responsabilidade dos mesmos.<\/p>\n","protected":false},"featured_media":129,"template":"","meta":{"_uag_custom_page_level_css":"","site-sidebar-layout":"default","site-content-layout":"","ast-site-content-layout":"default","site-content-style":"default","site-sidebar-style":"default","ast-global-header-display":"","ast-banner-title-visibility":"","ast-main-header-display":"","ast-hfb-above-header-display":"","ast-hfb-below-header-display":"","ast-hfb-mobile-header-display":"","site-post-title":"","ast-breadcrumbs-content":"","ast-featured-img":"","footer-sml-layout":"","theme-transparent-header-meta":"","adv-header-id-meta":"","stick-header-meta":"","header-above-stick-meta":"","header-main-stick-meta":"","header-below-stick-meta":"","astra-migrate-meta-layouts":"default","ast-page-background-enabled":"default","ast-page-background-meta":{"desktop":{"background-color":"","background-image":"","background-repeat":"repeat","background-position":"center center","background-size":"auto","background-attachment":"scroll","background-type":"","background-media":"","overlay-type":"","overlay-color":"","overlay-opacity":"","overlay-gradient":""},"tablet":{"background-color":"","background-image":"","background-repeat":"repeat","background-position":"center center","background-size":"auto","background-attachment":"scroll","background-type":"","background-media":"","overlay-type":"","overlay-color":"","overlay-opacity":"","overlay-gradient":""},"mobile":{"background-color":"","background-image":"","background-repeat":"repeat","background-position":"center center","background-size":"auto","background-attachment":"scroll","background-type":"","background-media":"","overlay-type":"","overlay-color":"","overlay-opacity":"","overlay-gradient":""}},"ast-content-background-meta":{"desktop":{"background-color":"var(--ast-global-color-5)","background-image":"","background-repeat":"repeat","background-position":"center center","background-size":"auto","background-attachment":"scroll","background-type":"","background-media":"","overlay-type":"","overlay-color":"","overlay-opacity":"","overlay-gradient":""},"tablet":{"background-color":"var(--ast-global-color-5)","background-image":"","background-repeat":"repeat","background-position":"center center","background-size":"auto","background-attachment":"scroll","background-type":"","background-media":"","overlay-type":"","overlay-color":"","overlay-opacity":"","overlay-gradient":""},"mobile":{"background-color":"var(--ast-global-color-5)","background-image":"","background-repeat":"repeat","background-position":"center center","background-size":"auto","background-attachment":"scroll","background-type":"","background-media":"","overlay-type":"","overlay-color":"","overlay-opacity":"","overlay-gradient":""}}},"product_brand":[],"product_cat":[23,35],"product_tag":[],"class_list":{"0":"post-128","1":"product","2":"type-product","3":"status-publish","4":"has-post-thumbnail","6":"product_cat-celulares-e-tablets","7":"product_cat-smartphone","8":"desktop-align-center","9":"tablet-align-left","10":"mobile-align-center","12":"first","13":"instock","14":"sale","15":"shipping-taxable","16":"product-type-external"},"uagb_featured_image_src":{"full":["https:\/\/promocaododia.com.br\/site\/wp-content\/uploads\/2021\/06\/celular-1.jpg",250,250,false],"thumbnail":["https:\/\/promocaododia.com.br\/site\/wp-content\/uploads\/2021\/06\/celular-1-150x150.jpg",150,150,true],"medium":["https:\/\/promocaododia.com.br\/site\/wp-content\/uploads\/2021\/06\/celular-1.jpg",250,250,false],"medium_large":["https:\/\/promocaododia.com.br\/site\/wp-content\/uploads\/2021\/06\/celular-1.jpg",250,250,false],"large":["https:\/\/promocaododia.com.br\/site\/wp-content\/uploads\/2021\/06\/celular-1.jpg",250,250,false],"1536x1536":["https:\/\/promocaododia.com.br\/site\/wp-content\/uploads\/2021\/06\/celular-1.jpg",250,250,false],"2048x2048":["https:\/\/promocaododia.com.br\/site\/wp-content\/uploads\/2021\/06\/celular-1.jpg",250,250,false],"woocommerce_thumbnail":["https:\/\/promocaododia.com.br\/site\/wp-content\/uploads\/2021\/06\/celular-1-250x250.jpg",250,250,true],"woocommerce_single":["https:\/\/promocaododia.com.br\/site\/wp-content\/uploads\/2021\/06\/celular-1.jpg",250,250,false],"woocommerce_gallery_thumbnail":["https:\/\/promocaododia.com.br\/site\/wp-content\/uploads\/2021\/06\/celular-1-100x100.jpg",100,100,true]},"uagb_author_info":{"display_name":"danilo.gbr","author_link":"https:\/\/promocaododia.com.br\/site\/author\/"},"uagb_comment_info":0,"uagb_excerpt":"Postado 09\/06\/2021 Tenha um smartphone com desempenho super-r\u00e1pido em suas m\u00e3os! O Motorola One Fusion permite que voc\u00ea capture tudo, pois oferece um conjunto de 04 c\u00e2meras na traseira, deixando que sejam feitas desde fotos com a tecnologia Quad Pixel at\u00e9 fotos n\u00edtidas em situa\u00e7\u00f5es de pouca luz. Fa\u00e7a selfies ainda melhores para compartilhar nas&hellip;","_links":{"self":[{"href":"https:\/\/promocaododia.com.br\/site\/wp-json\/wp\/v2\/product\/128","targetHints":{"allow":["GET"]}}],"collection":[{"href":"https:\/\/promocaododia.com.br\/site\/wp-json\/wp\/v2\/product"}],"about":[{"href":"https:\/\/promocaododia.com.br\/site\/wp-json\/wp\/v2\/types\/product"}],"wp:featuredmedia":[{"embeddable":true,"href":"https:\/\/promocaododia.com.br\/site\/wp-json\/wp\/v2\/media\/129"}],"wp:attachment":[{"href":"https:\/\/promocaododia.com.br\/site\/wp-json\/wp\/v2\/media?parent=128"}],"wp:term":[{"taxonomy":"product_brand","embeddable":true,"href":"https:\/\/promocaododia.com.br\/site\/wp-json\/wp\/v2\/product_brand?post=128"},{"taxonomy":"product_cat","embeddable":true,"href":"https:\/\/promocaododia.com.br\/site\/wp-json\/wp\/v2\/product_cat?post=128"},{"taxonomy":"product_tag","embeddable":true,"href":"https:\/\/promocaododia.com.br\/site\/wp-json\/wp\/v2\/product_tag?post=128"}],"curies":[{"name":"wp","href":"https:\/\/api.w.org\/{rel}","templated":true}]}}