{"id":1314,"date":"2022-11-29T19:56:11","date_gmt":"2022-11-29T22:56:11","guid":{"rendered":"https:\/\/promocaododia.com.br\/site\/?post_type=product&#038;p=1314"},"modified":"2022-11-29T19:56:11","modified_gmt":"2022-11-29T22:56:11","slug":"kit-ferramentas-c-200-pcs-titanium-linha-profissional","status":"publish","type":"product","link":"https:\/\/promocaododia.com.br\/site\/produto\/kit-ferramentas-c-200-pcs-titanium-linha-profissional\/","title":{"rendered":"Kit Ferramentas C\/200 P\u00e7s Titanium Linha Profissional"},"content":{"rendered":"<div>1JOGO DE FERRAMENTAS &#8211; 200 PE\u00c7AS<\/div>\n<div>Jogo de ferramentas com 200 pe\u00e7as ideal para uso dom\u00e9stico e hobbies, consertar celular e diversas atividades caseiras produtos profissionais em a\u00e7o carbono.<\/div>\n<div><\/div>\n<div>1 L MINA DE SERRA 10&#8243; X 24 DENTES<\/div>\n<div>1 CHAVE COM ENCAIXE SEXTAVADO 1\/4&#8243;<\/div>\n<div>8 CHAVES ALLEN (POLEGADAS)<\/div>\n<div>8 CHAVES ALLEN (MIL\u00cdMETROS)<\/div>\n<div>6 CHAVES DE PRECIS\u00c3O<\/div>\n<div>1 FITA ISOLANTE<\/div>\n<div>1 ARCO DE SERRA<\/div>\n<div>1 CHAVE TESTE<\/div>\n<div>1 ESTILETE<\/div>\n<div>1 MARTELO<\/div>\n<div>1 ALICATE DE BICO RETO<\/div>\n<div>1 CHAVE PHILLIPS COTOCO<\/div>\n<div>20 BITS<\/div>\n<div>149 FIXADORES<\/div>\n","protected":false},"excerpt":{"rendered":"<p>1JOGO DE FERRAMENTAS &#8211; 200 PE\u00c7AS Jogo de ferramentas com 200 pe\u00e7as ideal para uso dom\u00e9stico e hobbies, consertar celular e diversas atividades caseiras produtos profissionais em a\u00e7o carbono. 1 L MINA DE SERRA 10&#8243; X 24 DENTES 1 CHAVE COM ENCAIXE SEXTAVADO 1\/4&#8243; 8 CHAVES ALLEN (POLEGADAS) 8 CHAVES ALLEN (MIL\u00cdMETROS) 6 CHAVES DE PRECIS\u00c3O 1 FITA ISOLANTE 1 ARCO DE SERRA 1 CHAVE TESTE 1 ESTILETE 1 MARTELO 1 ALICATE DE BICO RETO 1 CHAVE PHILLIPS COTOCO 20 BITS 149 FIXADORES<\/p>\n","protected":false},"featured_media":1315,"template":"","meta":{"_uag_custom_page_level_css":"","site-sidebar-layout":"default","site-content-layout":"default","ast-site-content-layout":"default","site-content-style":"default","site-sidebar-style":"default","ast-global-header-display":"","ast-banner-title-visibility":"","ast-main-header-display":"","ast-hfb-above-header-display":"","ast-hfb-below-header-display":"","ast-hfb-mobile-header-display":"","site-post-title":"","ast-breadcrumbs-content":"","ast-featured-img":"","footer-sml-layout":"","theme-transparent-header-meta":"default","adv-header-id-meta":"","stick-header-meta":"","header-above-stick-meta":"","header-main-stick-meta":"","header-below-stick-meta":"","astra-migrate-meta-layouts":"default","ast-page-background-enabled":"default","ast-page-background-meta":{"desktop":{"background-color":"","background-image":"","background-repeat":"repeat","background-position":"center center","background-size":"auto","background-attachment":"scroll","background-type":"","background-media":"","overlay-type":"","overlay-color":"","overlay-opacity":"","overlay-gradient":""},"tablet":{"background-color":"","background-image":"","background-repeat":"repeat","background-position":"center center","background-size":"auto","background-attachment":"scroll","background-type":"","background-media":"","overlay-type":"","overlay-color":"","overlay-opacity":"","overlay-gradient":""},"mobile":{"background-color":"","background-image":"","background-repeat":"repeat","background-position":"center center","background-size":"auto","background-attachment":"scroll","background-type":"","background-media":"","overlay-type":"","overlay-color":"","overlay-opacity":"","overlay-gradient":""}},"ast-content-background-meta":{"desktop":{"background-color":"var(--ast-global-color-5)","background-image":"","background-repeat":"repeat","background-position":"center center","background-size":"auto","background-attachment":"scroll","background-type":"","background-media":"","overlay-type":"","overlay-color":"","overlay-opacity":"","overlay-gradient":""},"tablet":{"background-color":"var(--ast-global-color-5)","background-image":"","background-repeat":"repeat","background-position":"center center","background-size":"auto","background-attachment":"scroll","background-type":"","background-media":"","overlay-type":"","overlay-color":"","overlay-opacity":"","overlay-gradient":""},"mobile":{"background-color":"var(--ast-global-color-5)","background-image":"","background-repeat":"repeat","background-position":"center center","background-size":"auto","background-attachment":"scroll","background-type":"","background-media":"","overlay-type":"","overlay-color":"","overlay-opacity":"","overlay-gradient":""}}},"product_brand":[],"product_cat":[153,21],"product_tag":[563],"class_list":{"0":"post-1314","1":"product","2":"type-product","3":"status-publish","4":"has-post-thumbnail","6":"product_cat-casa-e-construcao","7":"product_cat-ferramentas-e-construcao","8":"product_tag-kit-de-ferramentas","9":"desktop-align-center","10":"tablet-align-left","11":"mobile-align-center","13":"first","14":"instock","15":"sale","16":"shipping-taxable","17":"product-type-external"},"uagb_featured_image_src":{"full":["https:\/\/promocaododia.com.br\/site\/wp-content\/uploads\/2022\/11\/Kit-Ferramentas-C-200-Pcs-Titanium-Linha-Profissional.jpg",600,600,false],"thumbnail":["https:\/\/promocaododia.com.br\/site\/wp-content\/uploads\/2022\/11\/Kit-Ferramentas-C-200-Pcs-Titanium-Linha-Profissional-150x150.jpg",150,150,true],"medium":["https:\/\/promocaododia.com.br\/site\/wp-content\/uploads\/2022\/11\/Kit-Ferramentas-C-200-Pcs-Titanium-Linha-Profissional-300x300.jpg",300,300,true],"medium_large":["https:\/\/promocaododia.com.br\/site\/wp-content\/uploads\/2022\/11\/Kit-Ferramentas-C-200-Pcs-Titanium-Linha-Profissional.jpg",600,600,false],"large":["https:\/\/promocaododia.com.br\/site\/wp-content\/uploads\/2022\/11\/Kit-Ferramentas-C-200-Pcs-Titanium-Linha-Profissional.jpg",600,600,false],"1536x1536":["https:\/\/promocaododia.com.br\/site\/wp-content\/uploads\/2022\/11\/Kit-Ferramentas-C-200-Pcs-Titanium-Linha-Profissional.jpg",600,600,false],"2048x2048":["https:\/\/promocaododia.com.br\/site\/wp-content\/uploads\/2022\/11\/Kit-Ferramentas-C-200-Pcs-Titanium-Linha-Profissional.jpg",600,600,false],"woocommerce_thumbnail":["https:\/\/promocaododia.com.br\/site\/wp-content\/uploads\/2022\/11\/Kit-Ferramentas-C-200-Pcs-Titanium-Linha-Profissional-250x250.jpg",250,250,true],"woocommerce_single":["https:\/\/promocaododia.com.br\/site\/wp-content\/uploads\/2022\/11\/Kit-Ferramentas-C-200-Pcs-Titanium-Linha-Profissional-250x250.jpg",250,250,true],"woocommerce_gallery_thumbnail":["https:\/\/promocaododia.com.br\/site\/wp-content\/uploads\/2022\/11\/Kit-Ferramentas-C-200-Pcs-Titanium-Linha-Profissional-100x100.jpg",100,100,true]},"uagb_author_info":{"display_name":"danilo.gbr","author_link":"https:\/\/promocaododia.com.br\/site\/author\/"},"uagb_comment_info":0,"uagb_excerpt":"1JOGO DE FERRAMENTAS &#8211; 200 PE\u00c7AS Jogo de ferramentas com 200 pe\u00e7as ideal para uso dom\u00e9stico e hobbies, consertar celular e diversas atividades caseiras produtos profissionais em a\u00e7o carbono. 1 L MINA DE SERRA 10&#8243; X 24 DENTES 1 CHAVE COM ENCAIXE SEXTAVADO 1\/4&#8243; 8 CHAVES ALLEN (POLEGADAS) 8 CHAVES ALLEN (MIL\u00cdMETROS) 6 CHAVES DE&hellip;","_links":{"self":[{"href":"https:\/\/promocaododia.com.br\/site\/wp-json\/wp\/v2\/product\/1314","targetHints":{"allow":["GET"]}}],"collection":[{"href":"https:\/\/promocaododia.com.br\/site\/wp-json\/wp\/v2\/product"}],"about":[{"href":"https:\/\/promocaododia.com.br\/site\/wp-json\/wp\/v2\/types\/product"}],"wp:featuredmedia":[{"embeddable":true,"href":"https:\/\/promocaododia.com.br\/site\/wp-json\/wp\/v2\/media\/1315"}],"wp:attachment":[{"href":"https:\/\/promocaododia.com.br\/site\/wp-json\/wp\/v2\/media?parent=1314"}],"wp:term":[{"taxonomy":"product_brand","embeddable":true,"href":"https:\/\/promocaododia.com.br\/site\/wp-json\/wp\/v2\/product_brand?post=1314"},{"taxonomy":"product_cat","embeddable":true,"href":"https:\/\/promocaododia.com.br\/site\/wp-json\/wp\/v2\/product_cat?post=1314"},{"taxonomy":"product_tag","embeddable":true,"href":"https:\/\/promocaododia.com.br\/site\/wp-json\/wp\/v2\/product_tag?post=1314"}],"curies":[{"name":"wp","href":"https:\/\/api.w.org\/{rel}","templated":true}]}}