{"id":1375,"date":"2022-12-04T17:32:51","date_gmt":"2022-12-04T20:32:51","guid":{"rendered":"https:\/\/promocaododia.com.br\/site\/?post_type=product&#038;p=1375"},"modified":"2022-12-04T17:32:51","modified_gmt":"2022-12-04T20:32:51","slug":"escova-secadora-sublime-liss-mallory-127v-preta-dourada","status":"publish","type":"product","link":"https:\/\/promocaododia.com.br\/site\/produto\/escova-secadora-sublime-liss-mallory-127v-preta-dourada\/","title":{"rendered":"Escova Secadora Sublime Liss Mallory 127v Preta\/dourada"},"content":{"rendered":"<p>Escova Secadora Sublime Liss Mallory 127V Preta\/Dourada<br \/>\ndescri\u00e7\u00e3o do produto<br \/>\n&#8211; A Escova Secadora sublime liss da Mallory pode ser utilizadapara secar, alisar e modelar todos os tipos de cabelos, poisunimos o poder do secador com a praticidade da escova.<br \/>\n&#8211; Escova com cerdas mistas e de dupla altura, que proporcionam maior tra\u00e7\u00e3o e brilho no processo de alisamento dos fios.<br \/>\n&#8211; Este modelo \u00e9 perfeito para quem busca o melhor resultado de uma escova\u00e7\u00e3o.<br \/>\n&#8211; A escova secadora possui 3 temperaturas e um fluxo de ar intenso para garantir uma secagem r\u00e1pida enquanto alinha os fios.<br \/>\n&#8211; A tecnologia de \u00edon Tourmaline libera \u00edons que selam as cut\u00edculas dos fios, garantindo mais brilho e menos frizz.<br \/>\n&#8211; Conta ainda com uma pot\u00eancia de 1.200W e um cabo el\u00e9trico girat\u00f3rio 360\u00b0.<br \/>\n&#8211; Seu cabelo mais sedoso e modelado agora \u00e9 uma realidade.<br \/>\nEspecifica\u00e7\u00f5es T\u00e9cnicas<br \/>\nconsumo kw. H: 1,2<br \/>\nCARACTER\u00cdSTICAS<\/p>\n<p>&#8211; tecnologia \u00edon tourmaline<br \/>\n&#8211; 1.200W de pot\u00eancia<br \/>\n&#8211; cabo el\u00e9trico 360\u00b0<br \/>\n&#8211; 3 temperaturas<br \/>\n&#8211; 2 velocidades<br \/>\n&#8211; cabo de 1,80M<br \/>\n&#8211; cerdas mistas<br \/>\nAVISOS<br \/>\nimagem meramente ilustrativa \/ uso dom\u00e9stico<br \/>\ncor: preto E dourado<br \/>\nconte\u00fado da embalagem<\/p>\n<p>&#8211; tecnologia: \u00edon tourmaline<br \/>\n&#8211; temperaturas: 3<br \/>\n&#8211; cabo el\u00e9trico 360\u00b0<br \/>\n&#8211; material abs\/pl\u00e1stico<br \/>\nitens inclusos:<br \/>\n&#8211; 01 escova secadora sublime liss.<br \/>\n&#8211; 01 manual de instru\u00e7\u00f5es.<\/p>\n","protected":false},"excerpt":{"rendered":"<p>Escova Secadora Sublime Liss Mallory 127V Preta\/Dourada descri\u00e7\u00e3o do produto &#8211; A Escova Secadora sublime liss da Mallory pode ser utilizadapara secar, alisar e modelar todos os tipos de cabelos, poisunimos o poder do secador com a praticidade da escova. &#8211; Escova com cerdas mistas e de dupla altura, que proporcionam maior tra\u00e7\u00e3o e brilho no processo de alisamento dos fios. &#8211; Este modelo \u00e9 perfeito para quem busca o melhor resultado de uma escova\u00e7\u00e3o. &#8211; A escova secadora possui 3 temperaturas e um fluxo de ar intenso para garantir uma secagem r\u00e1pida enquanto alinha os fios. &#8211; A tecnologia de \u00edon Tourmaline libera \u00edons que selam as cut\u00edculas dos fios, garantindo mais brilho e menos frizz. &#8211; Conta ainda com uma pot\u00eancia de 1.200W e um cabo el\u00e9trico girat\u00f3rio 360\u00b0. &#8211; Seu cabelo mais sedoso e modelado agora \u00e9 uma realidade. Especifica\u00e7\u00f5es T\u00e9cnicas consumo kw. H: 1,2 CARACTER\u00cdSTICAS &#8211; tecnologia \u00edon tourmaline &#8211; 1.200W de pot\u00eancia &#8211; cabo el\u00e9trico 360\u00b0 &#8211; 3 temperaturas &#8211; 2 velocidades &#8211; cabo de 1,80M &#8211; cerdas mistas AVISOS imagem meramente ilustrativa \/ uso dom\u00e9stico cor: preto E dourado conte\u00fado da embalagem &#8211; tecnologia: \u00edon tourmaline &#8211; temperaturas: 3 &#8211; cabo el\u00e9trico 360\u00b0 &#8211; material abs\/pl\u00e1stico itens inclusos: &#8211; 01 escova secadora sublime liss. &#8211; 01 manual de instru\u00e7\u00f5es.<\/p>\n","protected":false},"featured_media":1376,"template":"","meta":{"_uag_custom_page_level_css":"","site-sidebar-layout":"default","site-content-layout":"default","ast-site-content-layout":"default","site-content-style":"default","site-sidebar-style":"default","ast-global-header-display":"","ast-banner-title-visibility":"","ast-main-header-display":"","ast-hfb-above-header-display":"","ast-hfb-below-header-display":"","ast-hfb-mobile-header-display":"","site-post-title":"","ast-breadcrumbs-content":"","ast-featured-img":"","footer-sml-layout":"","theme-transparent-header-meta":"default","adv-header-id-meta":"","stick-header-meta":"","header-above-stick-meta":"","header-main-stick-meta":"","header-below-stick-meta":"","astra-migrate-meta-layouts":"default","ast-page-background-enabled":"default","ast-page-background-meta":{"desktop":{"background-color":"","background-image":"","background-repeat":"repeat","background-position":"center center","background-size":"auto","background-attachment":"scroll","background-type":"","background-media":"","overlay-type":"","overlay-color":"","overlay-opacity":"","overlay-gradient":""},"tablet":{"background-color":"","background-image":"","background-repeat":"repeat","background-position":"center center","background-size":"auto","background-attachment":"scroll","background-type":"","background-media":"","overlay-type":"","overlay-color":"","overlay-opacity":"","overlay-gradient":""},"mobile":{"background-color":"","background-image":"","background-repeat":"repeat","background-position":"center center","background-size":"auto","background-attachment":"scroll","background-type":"","background-media":"","overlay-type":"","overlay-color":"","overlay-opacity":"","overlay-gradient":""}},"ast-content-background-meta":{"desktop":{"background-color":"var(--ast-global-color-5)","background-image":"","background-repeat":"repeat","background-position":"center center","background-size":"auto","background-attachment":"scroll","background-type":"","background-media":"","overlay-type":"","overlay-color":"","overlay-opacity":"","overlay-gradient":""},"tablet":{"background-color":"var(--ast-global-color-5)","background-image":"","background-repeat":"repeat","background-position":"center center","background-size":"auto","background-attachment":"scroll","background-type":"","background-media":"","overlay-type":"","overlay-color":"","overlay-opacity":"","overlay-gradient":""},"mobile":{"background-color":"var(--ast-global-color-5)","background-image":"","background-repeat":"repeat","background-position":"center center","background-size":"auto","background-attachment":"scroll","background-type":"","background-media":"","overlay-type":"","overlay-color":"","overlay-opacity":"","overlay-gradient":""}}},"product_brand":[],"product_cat":[33,34],"product_tag":[100,106,101,107],"class_list":{"0":"post-1375","1":"product","2":"type-product","3":"status-publish","4":"has-post-thumbnail","6":"product_cat-beleza-e-perfumaria","7":"product_cat-secador","8":"product_tag-beleza","9":"product_tag-escova-secadora","10":"product_tag-mulher","11":"product_tag-secadora","12":"desktop-align-center","13":"tablet-align-left","14":"mobile-align-center","16":"first","17":"instock","18":"sale","19":"shipping-taxable","20":"product-type-external"},"uagb_featured_image_src":{"full":["https:\/\/promocaododia.com.br\/site\/wp-content\/uploads\/2022\/12\/Escova-Secadora-Sublime-Liss-Mallory-127v-Preta-dourada.jpg",600,600,false],"thumbnail":["https:\/\/promocaododia.com.br\/site\/wp-content\/uploads\/2022\/12\/Escova-Secadora-Sublime-Liss-Mallory-127v-Preta-dourada-150x150.jpg",150,150,true],"medium":["https:\/\/promocaododia.com.br\/site\/wp-content\/uploads\/2022\/12\/Escova-Secadora-Sublime-Liss-Mallory-127v-Preta-dourada-300x300.jpg",300,300,true],"medium_large":["https:\/\/promocaododia.com.br\/site\/wp-content\/uploads\/2022\/12\/Escova-Secadora-Sublime-Liss-Mallory-127v-Preta-dourada.jpg",600,600,false],"large":["https:\/\/promocaododia.com.br\/site\/wp-content\/uploads\/2022\/12\/Escova-Secadora-Sublime-Liss-Mallory-127v-Preta-dourada.jpg",600,600,false],"1536x1536":["https:\/\/promocaododia.com.br\/site\/wp-content\/uploads\/2022\/12\/Escova-Secadora-Sublime-Liss-Mallory-127v-Preta-dourada.jpg",600,600,false],"2048x2048":["https:\/\/promocaododia.com.br\/site\/wp-content\/uploads\/2022\/12\/Escova-Secadora-Sublime-Liss-Mallory-127v-Preta-dourada.jpg",600,600,false],"woocommerce_thumbnail":["https:\/\/promocaododia.com.br\/site\/wp-content\/uploads\/2022\/12\/Escova-Secadora-Sublime-Liss-Mallory-127v-Preta-dourada-250x250.jpg",250,250,true],"woocommerce_single":["https:\/\/promocaododia.com.br\/site\/wp-content\/uploads\/2022\/12\/Escova-Secadora-Sublime-Liss-Mallory-127v-Preta-dourada-250x250.jpg",250,250,true],"woocommerce_gallery_thumbnail":["https:\/\/promocaododia.com.br\/site\/wp-content\/uploads\/2022\/12\/Escova-Secadora-Sublime-Liss-Mallory-127v-Preta-dourada-100x100.jpg",100,100,true]},"uagb_author_info":{"display_name":"danilo.gbr","author_link":"https:\/\/promocaododia.com.br\/site\/author\/"},"uagb_comment_info":0,"uagb_excerpt":"Escova Secadora Sublime Liss Mallory 127V Preta\/Dourada descri\u00e7\u00e3o do produto &#8211; A Escova Secadora sublime liss da Mallory pode ser utilizadapara secar, alisar e modelar todos os tipos de cabelos, poisunimos o poder do secador com a praticidade da escova. &#8211; Escova com cerdas mistas e de dupla altura, que proporcionam maior tra\u00e7\u00e3o e brilho&hellip;","_links":{"self":[{"href":"https:\/\/promocaododia.com.br\/site\/wp-json\/wp\/v2\/product\/1375","targetHints":{"allow":["GET"]}}],"collection":[{"href":"https:\/\/promocaododia.com.br\/site\/wp-json\/wp\/v2\/product"}],"about":[{"href":"https:\/\/promocaododia.com.br\/site\/wp-json\/wp\/v2\/types\/product"}],"wp:featuredmedia":[{"embeddable":true,"href":"https:\/\/promocaododia.com.br\/site\/wp-json\/wp\/v2\/media\/1376"}],"wp:attachment":[{"href":"https:\/\/promocaododia.com.br\/site\/wp-json\/wp\/v2\/media?parent=1375"}],"wp:term":[{"taxonomy":"product_brand","embeddable":true,"href":"https:\/\/promocaododia.com.br\/site\/wp-json\/wp\/v2\/product_brand?post=1375"},{"taxonomy":"product_cat","embeddable":true,"href":"https:\/\/promocaododia.com.br\/site\/wp-json\/wp\/v2\/product_cat?post=1375"},{"taxonomy":"product_tag","embeddable":true,"href":"https:\/\/promocaododia.com.br\/site\/wp-json\/wp\/v2\/product_tag?post=1375"}],"curies":[{"name":"wp","href":"https:\/\/api.w.org\/{rel}","templated":true}]}}