{"id":1403,"date":"2022-12-06T19:20:00","date_gmt":"2022-12-06T22:20:00","guid":{"rendered":"https:\/\/promocaododia.com.br\/site\/?post_type=product&#038;p=1403"},"modified":"2022-12-06T19:20:00","modified_gmt":"2022-12-06T22:20:00","slug":"kit-philco-cacheador-pec12-prancha-ppr07-mulher-maravilha-bivolt","status":"publish","type":"product","link":"https:\/\/promocaododia.com.br\/site\/produto\/kit-philco-cacheador-pec12-prancha-ppr07-mulher-maravilha-bivolt\/","title":{"rendered":"Kit Philco Cacheador Pec12 Prancha Ppr07 Mulher Maravilha Bivolt"},"content":{"rendered":"<p>Kit Philco Cacheador Pec12 E Prancha Ppr07 Mulher Maravilha Bivolt<br \/>\nA for\u00e7a da beleza em um Kit muito especial!!! O Kit Philco Cacheador PEC12 e Prancha PPR07 Mulher Maravilha \u00e9 para real\u00e7ar essa Mulher Maravilha que voc\u00ea \u00e9 diariamente, em qualquer lugar, ganhando tempo e aumentar seu superpoder da beleza. O Cacheador PEC12 da Mulher Maravilha \u00e9 compacto, leve, ergon\u00f4mico e com design diferenciado. O Cacheador \u00e9 ideal para fazer cachos perfeitos e saud\u00e1veis sem nenhuma dificuldade. Possui 2 tamanhos de espiral, podendo ajustar cachos menores ou maiores, como preferir. Sua prote\u00e7\u00e3o conta com revestimento em cer\u00e2mica e presilha, tornando seus cabelos sempre brilhosos com a melhor distribui\u00e7\u00e3o de calor. Cord\u00e3o girat\u00f3rio em 360\u00ba, cacheia todo o cabelo em poucos minutos atingindo a temperatura m\u00e1xima de at\u00e9 180\u00baC. A Prancha PPR07 Mulher Maravilha, conta com poderosos \u00cdons Tourmaline que agem mantendo a umidade natural dos fios e gerando maciez, fazendo com que isso elimine os frizz. As chapas s\u00e3o revestidas de cer\u00e2mica que distribuem melhor o calor proporcionando um liso perfeito com a temperatura de at\u00e9 210\u00b0C, perfeito para todos os tipos de cabelos. Longo alcance, ela tem cord\u00e3o el\u00e9trico de 1,80m sendo girat\u00f3rio para mais mobilidade, luz de funcionamento e trava de fechamento para mais seguran\u00e7a. Cacheador: &#8211; Tubo modelador em cer\u00e2mica; &#8211; Modelador em espiral integrado que facilita a modelagem e protege os dedos de queimaduras durante o uso; &#8211; Presilha para prender os cabelos, facilitando a modelagem; &#8211; Cord\u00e3o rotativo em 360\u00ba; &#8211; Compacto, leve e ergon\u00f4mico; &#8211; Bivolt; &#8211; Bot\u00e3o liga\/desliga; &#8211; Luz indicadora de funcionamento; &#8211; Cacheia todo o cabelo em poucos minutos; &#8211; Temperatura de at\u00e9 180\u00b0C. &#8211; Garantia de 1 ano; Prancha: &#8211; Bivolt autom\u00e1tico; &#8211; Placas com revestimento cer\u00e2mico; &#8211; Aquecimento com ptc, temperatura de at\u00e9 210\u00b0C; &#8211; Luz indicadora de funcionamento; &#8211; Trava para fechamento das placas; &#8211; Cord\u00e3o girat\u00f3rio; &#8211; Cord\u00e3o el\u00e9trico com 1,80M; &#8211; Pintura \u00edon tourmaline; &#8211; Garantia de 1 ano; Oferta enquanto durarem os estoques. Garantia (Dias) &#8211; 360Estado &#8211; NovoModelo &#8211; KitMarca &#8211; PhilcoDescri\u00e7\u00e3o desktop &#8211; Veja como Funciona o Produto Descri\u00e7\u00e3o mobile &#8211; Veja como Funciona o Produto<\/p>\n","protected":false},"excerpt":{"rendered":"<p>Kit Philco Cacheador Pec12 E Prancha Ppr07 Mulher Maravilha Bivolt A for\u00e7a da beleza em um Kit muito especial!!! O Kit Philco Cacheador PEC12 e Prancha PPR07 Mulher Maravilha \u00e9 para real\u00e7ar essa Mulher Maravilha que voc\u00ea \u00e9 diariamente, em qualquer lugar, ganhando tempo e aumentar seu superpoder da beleza. O Cacheador PEC12 da Mulher Maravilha \u00e9 compacto, leve, ergon\u00f4mico e com design diferenciado. O Cacheador \u00e9 ideal para fazer cachos perfeitos e saud\u00e1veis sem nenhuma dificuldade. Possui 2 tamanhos de espiral, podendo ajustar cachos menores ou maiores, como preferir. Sua prote\u00e7\u00e3o conta com revestimento em cer\u00e2mica e presilha, tornando seus cabelos sempre brilhosos com a melhor distribui\u00e7\u00e3o de calor. Cord\u00e3o girat\u00f3rio em 360\u00ba, cacheia todo o cabelo em poucos minutos atingindo a temperatura m\u00e1xima de at\u00e9 180\u00baC. A Prancha PPR07 Mulher Maravilha, conta com poderosos \u00cdons Tourmaline que agem mantendo a umidade natural dos fios e gerando maciez, fazendo com que isso elimine os frizz. As chapas s\u00e3o revestidas de cer\u00e2mica que distribuem melhor o calor proporcionando um liso perfeito com a temperatura de at\u00e9 210\u00b0C, perfeito para todos os tipos de cabelos. Longo alcance, ela tem cord\u00e3o el\u00e9trico de 1,80m sendo girat\u00f3rio para mais mobilidade, luz de funcionamento e trava de fechamento para mais seguran\u00e7a. Cacheador: &#8211; Tubo modelador em cer\u00e2mica; &#8211; Modelador em espiral integrado que facilita a modelagem e protege os dedos de queimaduras durante o uso; &#8211; Presilha para prender os cabelos, facilitando a modelagem; &#8211; Cord\u00e3o rotativo em 360\u00ba; &#8211; Compacto, leve e ergon\u00f4mico; &#8211; Bivolt; &#8211; Bot\u00e3o liga\/desliga; &#8211; Luz indicadora de funcionamento; &#8211; Cacheia todo o cabelo em poucos minutos; &#8211; Temperatura de at\u00e9 180\u00b0C. &#8211; Garantia de 1 ano; Prancha: &#8211; Bivolt autom\u00e1tico; &#8211; Placas com revestimento cer\u00e2mico; &#8211; Aquecimento com ptc, temperatura de at\u00e9 210\u00b0C; &#8211; Luz indicadora de funcionamento; &#8211; Trava para fechamento das placas; &#8211; Cord\u00e3o girat\u00f3rio; &#8211; Cord\u00e3o el\u00e9trico com 1,80M; &#8211; Pintura \u00edon tourmaline; &#8211; Garantia de 1 ano; Oferta enquanto durarem os estoques. Garantia (Dias) &#8211; 360Estado &#8211; NovoModelo &#8211; KitMarca &#8211; PhilcoDescri\u00e7\u00e3o desktop &#8211; Veja como Funciona o Produto Descri\u00e7\u00e3o mobile &#8211; Veja como Funciona o Produto<\/p>\n","protected":false},"featured_media":1404,"template":"","meta":{"_uag_custom_page_level_css":"","site-sidebar-layout":"default","site-content-layout":"default","ast-site-content-layout":"default","site-content-style":"default","site-sidebar-style":"default","ast-global-header-display":"","ast-banner-title-visibility":"","ast-main-header-display":"","ast-hfb-above-header-display":"","ast-hfb-below-header-display":"","ast-hfb-mobile-header-display":"","site-post-title":"","ast-breadcrumbs-content":"","ast-featured-img":"","footer-sml-layout":"","theme-transparent-header-meta":"default","adv-header-id-meta":"","stick-header-meta":"","header-above-stick-meta":"","header-main-stick-meta":"","header-below-stick-meta":"","astra-migrate-meta-layouts":"default","ast-page-background-enabled":"default","ast-page-background-meta":{"desktop":{"background-color":"","background-image":"","background-repeat":"repeat","background-position":"center center","background-size":"auto","background-attachment":"scroll","background-type":"","background-media":"","overlay-type":"","overlay-color":"","overlay-opacity":"","overlay-gradient":""},"tablet":{"background-color":"","background-image":"","background-repeat":"repeat","background-position":"center center","background-size":"auto","background-attachment":"scroll","background-type":"","background-media":"","overlay-type":"","overlay-color":"","overlay-opacity":"","overlay-gradient":""},"mobile":{"background-color":"","background-image":"","background-repeat":"repeat","background-position":"center center","background-size":"auto","background-attachment":"scroll","background-type":"","background-media":"","overlay-type":"","overlay-color":"","overlay-opacity":"","overlay-gradient":""}},"ast-content-background-meta":{"desktop":{"background-color":"var(--ast-global-color-5)","background-image":"","background-repeat":"repeat","background-position":"center center","background-size":"auto","background-attachment":"scroll","background-type":"","background-media":"","overlay-type":"","overlay-color":"","overlay-opacity":"","overlay-gradient":""},"tablet":{"background-color":"var(--ast-global-color-5)","background-image":"","background-repeat":"repeat","background-position":"center center","background-size":"auto","background-attachment":"scroll","background-type":"","background-media":"","overlay-type":"","overlay-color":"","overlay-opacity":"","overlay-gradient":""},"mobile":{"background-color":"var(--ast-global-color-5)","background-image":"","background-repeat":"repeat","background-position":"center center","background-size":"auto","background-attachment":"scroll","background-type":"","background-media":"","overlay-type":"","overlay-color":"","overlay-opacity":"","overlay-gradient":""}}},"product_brand":[],"product_cat":[33,536,34],"product_tag":[100,571,101,572],"class_list":{"0":"post-1403","1":"product","2":"type-product","3":"status-publish","4":"has-post-thumbnail","6":"product_cat-beleza-e-perfumaria","7":"product_cat-cuidados","8":"product_cat-secador","9":"product_tag-beleza","10":"product_tag-cacheador","11":"product_tag-mulher","12":"product_tag-prancha","13":"desktop-align-center","14":"tablet-align-left","15":"mobile-align-center","17":"first","18":"instock","19":"sale","20":"shipping-taxable","21":"product-type-external"},"uagb_featured_image_src":{"full":["https:\/\/promocaododia.com.br\/site\/wp-content\/uploads\/2022\/12\/Kit-Philco-Cacheador-Pec12-Prancha-Ppr07-Mulher-Maravilha-Bivolt.jpg",600,600,false],"thumbnail":["https:\/\/promocaododia.com.br\/site\/wp-content\/uploads\/2022\/12\/Kit-Philco-Cacheador-Pec12-Prancha-Ppr07-Mulher-Maravilha-Bivolt-150x150.jpg",150,150,true],"medium":["https:\/\/promocaododia.com.br\/site\/wp-content\/uploads\/2022\/12\/Kit-Philco-Cacheador-Pec12-Prancha-Ppr07-Mulher-Maravilha-Bivolt-300x300.jpg",300,300,true],"medium_large":["https:\/\/promocaododia.com.br\/site\/wp-content\/uploads\/2022\/12\/Kit-Philco-Cacheador-Pec12-Prancha-Ppr07-Mulher-Maravilha-Bivolt.jpg",600,600,false],"large":["https:\/\/promocaododia.com.br\/site\/wp-content\/uploads\/2022\/12\/Kit-Philco-Cacheador-Pec12-Prancha-Ppr07-Mulher-Maravilha-Bivolt.jpg",600,600,false],"1536x1536":["https:\/\/promocaododia.com.br\/site\/wp-content\/uploads\/2022\/12\/Kit-Philco-Cacheador-Pec12-Prancha-Ppr07-Mulher-Maravilha-Bivolt.jpg",600,600,false],"2048x2048":["https:\/\/promocaododia.com.br\/site\/wp-content\/uploads\/2022\/12\/Kit-Philco-Cacheador-Pec12-Prancha-Ppr07-Mulher-Maravilha-Bivolt.jpg",600,600,false],"woocommerce_thumbnail":["https:\/\/promocaododia.com.br\/site\/wp-content\/uploads\/2022\/12\/Kit-Philco-Cacheador-Pec12-Prancha-Ppr07-Mulher-Maravilha-Bivolt-250x250.jpg",250,250,true],"woocommerce_single":["https:\/\/promocaododia.com.br\/site\/wp-content\/uploads\/2022\/12\/Kit-Philco-Cacheador-Pec12-Prancha-Ppr07-Mulher-Maravilha-Bivolt-250x250.jpg",250,250,true],"woocommerce_gallery_thumbnail":["https:\/\/promocaododia.com.br\/site\/wp-content\/uploads\/2022\/12\/Kit-Philco-Cacheador-Pec12-Prancha-Ppr07-Mulher-Maravilha-Bivolt-100x100.jpg",100,100,true]},"uagb_author_info":{"display_name":"danilo.gbr","author_link":"https:\/\/promocaododia.com.br\/site\/author\/"},"uagb_comment_info":0,"uagb_excerpt":"Kit Philco Cacheador Pec12 E Prancha Ppr07 Mulher Maravilha Bivolt A for\u00e7a da beleza em um Kit muito especial!!! O Kit Philco Cacheador PEC12 e Prancha PPR07 Mulher Maravilha \u00e9 para real\u00e7ar essa Mulher Maravilha que voc\u00ea \u00e9 diariamente, em qualquer lugar, ganhando tempo e aumentar seu superpoder da beleza. O Cacheador PEC12 da Mulher&hellip;","_links":{"self":[{"href":"https:\/\/promocaododia.com.br\/site\/wp-json\/wp\/v2\/product\/1403","targetHints":{"allow":["GET"]}}],"collection":[{"href":"https:\/\/promocaododia.com.br\/site\/wp-json\/wp\/v2\/product"}],"about":[{"href":"https:\/\/promocaododia.com.br\/site\/wp-json\/wp\/v2\/types\/product"}],"wp:featuredmedia":[{"embeddable":true,"href":"https:\/\/promocaododia.com.br\/site\/wp-json\/wp\/v2\/media\/1404"}],"wp:attachment":[{"href":"https:\/\/promocaododia.com.br\/site\/wp-json\/wp\/v2\/media?parent=1403"}],"wp:term":[{"taxonomy":"product_brand","embeddable":true,"href":"https:\/\/promocaododia.com.br\/site\/wp-json\/wp\/v2\/product_brand?post=1403"},{"taxonomy":"product_cat","embeddable":true,"href":"https:\/\/promocaododia.com.br\/site\/wp-json\/wp\/v2\/product_cat?post=1403"},{"taxonomy":"product_tag","embeddable":true,"href":"https:\/\/promocaododia.com.br\/site\/wp-json\/wp\/v2\/product_tag?post=1403"}],"curies":[{"name":"wp","href":"https:\/\/api.w.org\/{rel}","templated":true}]}}