{"id":1410,"date":"2022-12-06T19:33:33","date_gmt":"2022-12-06T22:33:33","guid":{"rendered":"https:\/\/promocaododia.com.br\/site\/?post_type=product&#038;p=1410"},"modified":"2022-12-06T19:33:33","modified_gmt":"2022-12-06T22:33:33","slug":"console-playstation-5-jogo-fifa-23-ps5-sony-2","status":"publish","type":"product","link":"https:\/\/promocaododia.com.br\/site\/produto\/console-playstation-5-jogo-fifa-23-ps5-sony-2\/","title":{"rendered":"Console Playstation 5 + Jogo Fifa 23 &#8211; Ps5 &#8211; SONY"},"content":{"rendered":"<p>PlayStation5<\/p>\n<p>O console PS5 oferece novas possibilidades de jogabilidade que voc\u00ea nunca imaginou. Reproduza jogos para PS5 e PS4 em Blu-ray Disc. Al\u00e9m disso, voc\u00ea tamb\u00e9m pode baixar jogos digitais para PS5 e PS4 pela PlayStation Store.<\/p>\n<p>Experimente o carregamento extremamente r\u00e1pido do SSD de ultra-velocidade, uma imers\u00e3o mais profunda com suporte \u00e0 resposta t\u00e1til, gatilhos adapt\u00e1veis e \u00e1udio 3D. Al\u00e9m de uma gera\u00e7\u00e3o totalmente nova de jogos incr\u00edveis PlayStation\u00ae.<\/p>\n<p>Na velocidade da luz: Domine o poder das CPU e GPU personalizadas e do SSD com E\/S integradas que redefinem as regras do que o console PlayStation pode fazer. Jogos deslumbrantes: Maravilhe-se com os gr\u00e1ficos incr\u00edveis e experimente os recursos do novo PS5. Imers\u00e3o de tirar o f\u00f4lego: Descubra uma experi\u00eancia de jogos ainda mais profunda com a ajuda da resposta t\u00e1til, dos gatilhos adapt\u00e1veis e da tecnologia de \u00e1udio 3D.<\/p>\n<p>FIFA 23<\/p>\n<p>O que \u00e9 o EA SPORTS? FIFA 23? O Jogo de Todo Mundo O EA SPORTS? FIFA 23 coloca o maior jogo do mundo em campo, com torneios da Copa do Mundo FIFA? de futebol masculino e feminino, adi\u00e7\u00e3o de clubes femininos e novas formas de jogar os seus modos favoritos.<\/p>\n<p>Os avan\u00e7os na tecnologia HyperMotion2 trazem ainda mais a\u00e7\u00e3o e realismo do futebol para o campo no PS5. Com o dobro de captura de movimentos do mundo real, agora, mais do que nunca, h\u00e1 mais anima\u00e7\u00f5es de futebol real em cada partida.<\/p>\n<p>Principais recursos do EA SPORTS FIFA 23<\/p>\n<p>Copa do Mundo FIFA? de futebol masculino e feminino Vivencie o auge do futebol internacional com a Copa do Mundo FIFA Qatar 2022? e a Copa do Mundo FIFA Australia e New Zealand 2023? de futebol feminino.<\/p>\n<p>O drama e a emo\u00e7\u00e3o do maior torneio desportivo chegam ao FIFA 23 atrav\u00e9s de atualiza\u00e7\u00f5es p\u00f3s-lan\u00e7amento, sem custos adicionais. * Futebol feminino<\/p>\n<p>Jogue pela primeira vez na hist\u00f3ria da EA SPORTS? FIFA com equipes do futebol feminino.<\/p>\n<p>O futebol feminino faz sua estreia no FIFA 23. Desenvolvido pela HyperMotion2, o jogo de futebol feminino do FIFA 23 combina a captura dedicada de partidas 11v11 com tecnologia de aprendizado de m\u00e1quina de ponta para revelar anima\u00e7\u00f5es novas e aut\u00eanticas, especificamente para o futebol feminino no FIFA 23.<\/p>\n<p>SSD ultrarr\u00e1pido: Maximize suas sess\u00f5es de jogo com tempo de carregamento praticamente instant\u00e2neo para jogos do PS5? instalados. E\/S integrada: A integra\u00e7\u00e3o personalizada dos sistemas de console PS5? permite que os criadores extraiam dados do SSD t\u00e3o r\u00e1pido que eles podem desenvolver jogos de formas que antes seriam imposs\u00edveis.<\/p>\n<p>&#8220;Ray Tracing&#8221; (Rastreamento de raios): Mergulhe em mundos com um n\u00edvel in\u00e9dito de realismo enquanto os raios de luz s\u00e3o simulados individualmente, criando sombras e reflexos realistas em jogos compat\u00edveis com PS5?.<\/p>\n<p>Jogos para TVs 4K : Curta seus jogos favoritos do PS5? na sua incr\u00edvel TV 4K. At\u00e9 120 qps com sa\u00edda em 120 Hz: Desfrute da fluidez e taxa de quadros de at\u00e9 120 qps em jogos compat\u00edveis, com suporte a sa\u00edda de 120 Hz em telas 4K.<\/p>\n<p>Tecnologia HDR: Com uma TV HDR, os jogos compat\u00edveis do PS5? exibem uma variedade de cores inacreditavelmente vibrantes e realistas. Sa\u00edda em 8K: Os consoles PS5? oferecem suporte \u00e0 sa\u00edda 8K, para que voc\u00ea possa jogar na sua tela com resolu\u00e7\u00e3o de 4320p.<\/p>\n<p>Tempest 3D AudioTech: Mergulhe em palcos sonoros que far\u00e3o voc\u00ea acreditar que os sons est\u00e3o vindo de todas as dire\u00e7\u00f5es. Seja com seus fones de ouvido ou os alto-falantes de sua TV, seu ambiente ganhar\u00e1 vida com o Tempest 3D AudioTech em jogos compat\u00edveis. Resposta t\u00e1til: Experimente a resposta t\u00e1til com o controle sem fio DualSense em jogos selecionados do PS5 e sinta o impacto de suas a\u00e7\u00f5es no jogo atrav\u00e9s da resposta sensorial din\u00e2mica.<\/p>\n<p>Gatilhos adapt\u00e1veis: Assuma o controle com os imersivos gatilhos adapt\u00e1veis, agora com n\u00edveis din\u00e2micos de resist\u00eancia que simulam o impacto f\u00edsico das atividades em jogos selecionados do PS5.<\/p>\n<p>Inclui:<\/p>\n<p>Console PlayStation\u00ae5<\/p>\n<p>Voucher do jogo FIFA 23<\/p>\n<p>Controle sem fio DualSense?<\/p>\n<p>825GB SSD<\/p>\n<p>Base<\/p>\n<p>Cabo HDMI\u00ae<\/p>\n<p>Cabo de energia AC<\/p>\n<p>Cabo USB<\/p>\n<p>Materiais impressos<\/p>\n<p>ASTRO&#8217;s PLAYROOM (jogo pr\u00e9-instalado). O console pode precisar ser atualizado para a vers\u00e3o mais recente do software do sistema. Necess\u00e1rio conex\u00e3o com a Internet.<\/p>\n","protected":false},"excerpt":{"rendered":"<p>PlayStation5 O console PS5 oferece novas possibilidades de jogabilidade que voc\u00ea nunca imaginou. Reproduza jogos para PS5 e PS4 em Blu-ray Disc. Al\u00e9m disso, voc\u00ea tamb\u00e9m pode baixar jogos digitais para PS5 e PS4 pela PlayStation Store. Experimente o carregamento extremamente r\u00e1pido do SSD de ultra-velocidade, uma imers\u00e3o mais profunda com suporte \u00e0 resposta t\u00e1til, gatilhos adapt\u00e1veis e \u00e1udio 3D. Al\u00e9m de uma gera\u00e7\u00e3o totalmente nova de jogos incr\u00edveis PlayStation\u00ae. Na velocidade da luz: Domine o poder das CPU e GPU personalizadas e do SSD com E\/S integradas que redefinem as regras do que o console PlayStation pode fazer. Jogos deslumbrantes: Maravilhe-se com os gr\u00e1ficos incr\u00edveis e experimente os recursos do novo PS5. Imers\u00e3o de tirar o f\u00f4lego: Descubra uma experi\u00eancia de jogos ainda mais profunda com a ajuda da resposta t\u00e1til, dos gatilhos adapt\u00e1veis e da tecnologia de \u00e1udio 3D. FIFA 23 O que \u00e9 o EA SPORTS? FIFA 23? O Jogo de Todo Mundo O EA SPORTS? FIFA 23 coloca o maior jogo do mundo em campo, com torneios da Copa do Mundo FIFA? de futebol masculino e feminino, adi\u00e7\u00e3o de clubes femininos e novas formas de jogar os seus modos favoritos. Os avan\u00e7os na tecnologia HyperMotion2 trazem ainda mais a\u00e7\u00e3o e realismo do futebol para o campo no PS5. Com o dobro de captura de movimentos do mundo real, agora, mais do que nunca, h\u00e1 mais anima\u00e7\u00f5es de futebol real em cada partida. Principais recursos do EA SPORTS FIFA 23 Copa do Mundo FIFA? de futebol masculino e feminino Vivencie o auge do futebol internacional com a Copa do Mundo FIFA Qatar 2022? e a Copa do Mundo FIFA Australia e New Zealand 2023? de futebol feminino. O drama e a emo\u00e7\u00e3o do maior torneio desportivo chegam ao FIFA 23 atrav\u00e9s de atualiza\u00e7\u00f5es p\u00f3s-lan\u00e7amento, sem custos adicionais. * Futebol feminino Jogue pela primeira vez na hist\u00f3ria da EA SPORTS? FIFA com equipes do futebol feminino. O futebol feminino faz sua estreia no FIFA 23. Desenvolvido pela HyperMotion2, o jogo de futebol feminino do FIFA 23 combina a captura dedicada de partidas 11v11 com tecnologia de aprendizado de m\u00e1quina de ponta para revelar anima\u00e7\u00f5es novas e aut\u00eanticas, especificamente para o futebol feminino no FIFA 23. SSD ultrarr\u00e1pido: Maximize suas sess\u00f5es de jogo com tempo de carregamento praticamente instant\u00e2neo para jogos do PS5? instalados. E\/S integrada: A integra\u00e7\u00e3o personalizada dos sistemas de console PS5? permite que os criadores extraiam dados do SSD t\u00e3o r\u00e1pido que eles podem desenvolver jogos de formas que antes seriam imposs\u00edveis. &#8220;Ray Tracing&#8221; (Rastreamento de raios): Mergulhe em mundos com um n\u00edvel in\u00e9dito de realismo enquanto os raios de luz s\u00e3o simulados individualmente, criando sombras e reflexos realistas em jogos compat\u00edveis com PS5?. Jogos para TVs 4K : Curta seus jogos favoritos do PS5? na sua incr\u00edvel TV 4K. At\u00e9 120 qps com sa\u00edda em 120 Hz: Desfrute da fluidez e taxa de quadros de at\u00e9 120 qps em jogos compat\u00edveis, com suporte a sa\u00edda de 120 Hz em telas 4K. Tecnologia HDR: Com uma TV HDR, os jogos compat\u00edveis do PS5? exibem uma variedade de cores inacreditavelmente vibrantes e realistas. Sa\u00edda em 8K: Os consoles PS5? oferecem suporte \u00e0 sa\u00edda 8K, para que voc\u00ea possa jogar na sua tela com resolu\u00e7\u00e3o de 4320p. Tempest 3D AudioTech: Mergulhe em palcos sonoros que far\u00e3o voc\u00ea acreditar que os sons est\u00e3o vindo de todas as dire\u00e7\u00f5es. Seja com seus fones de ouvido ou os alto-falantes de sua TV, seu ambiente ganhar\u00e1 vida com o Tempest 3D AudioTech em jogos compat\u00edveis. Resposta t\u00e1til: Experimente a resposta t\u00e1til com o controle sem fio DualSense em jogos selecionados do PS5 e sinta o impacto de suas a\u00e7\u00f5es no jogo atrav\u00e9s da resposta sensorial din\u00e2mica. Gatilhos adapt\u00e1veis: Assuma o controle com os imersivos gatilhos adapt\u00e1veis, agora com n\u00edveis din\u00e2micos de resist\u00eancia que simulam o impacto f\u00edsico das atividades em jogos selecionados do PS5. Inclui: Console PlayStation\u00ae5 Voucher do jogo FIFA 23 Controle sem fio DualSense? 825GB SSD Base Cabo HDMI\u00ae Cabo de energia AC Cabo USB Materiais impressos ASTRO&#8217;s PLAYROOM (jogo pr\u00e9-instalado). O console pode precisar ser atualizado para a vers\u00e3o mais recente do software do sistema. Necess\u00e1rio conex\u00e3o com a Internet.<\/p>\n","protected":false},"featured_media":1411,"template":"","meta":{"_uag_custom_page_level_css":"","site-sidebar-layout":"default","site-content-layout":"default","ast-site-content-layout":"default","site-content-style":"default","site-sidebar-style":"default","ast-global-header-display":"","ast-banner-title-visibility":"","ast-main-header-display":"","ast-hfb-above-header-display":"","ast-hfb-below-header-display":"","ast-hfb-mobile-header-display":"","site-post-title":"","ast-breadcrumbs-content":"","ast-featured-img":"","footer-sml-layout":"","theme-transparent-header-meta":"default","adv-header-id-meta":"","stick-header-meta":"","header-above-stick-meta":"","header-main-stick-meta":"","header-below-stick-meta":"","astra-migrate-meta-layouts":"default","ast-page-background-enabled":"default","ast-page-background-meta":{"desktop":{"background-color":"","background-image":"","background-repeat":"repeat","background-position":"center center","background-size":"auto","background-attachment":"scroll","background-type":"","background-media":"","overlay-type":"","overlay-color":"","overlay-opacity":"","overlay-gradient":""},"tablet":{"background-color":"","background-image":"","background-repeat":"repeat","background-position":"center center","background-size":"auto","background-attachment":"scroll","background-type":"","background-media":"","overlay-type":"","overlay-color":"","overlay-opacity":"","overlay-gradient":""},"mobile":{"background-color":"","background-image":"","background-repeat":"repeat","background-position":"center center","background-size":"auto","background-attachment":"scroll","background-type":"","background-media":"","overlay-type":"","overlay-color":"","overlay-opacity":"","overlay-gradient":""}},"ast-content-background-meta":{"desktop":{"background-color":"var(--ast-global-color-5)","background-image":"","background-repeat":"repeat","background-position":"center center","background-size":"auto","background-attachment":"scroll","background-type":"","background-media":"","overlay-type":"","overlay-color":"","overlay-opacity":"","overlay-gradient":""},"tablet":{"background-color":"var(--ast-global-color-5)","background-image":"","background-repeat":"repeat","background-position":"center center","background-size":"auto","background-attachment":"scroll","background-type":"","background-media":"","overlay-type":"","overlay-color":"","overlay-opacity":"","overlay-gradient":""},"mobile":{"background-color":"var(--ast-global-color-5)","background-image":"","background-repeat":"repeat","background-position":"center center","background-size":"auto","background-attachment":"scroll","background-type":"","background-media":"","overlay-type":"","overlay-color":"","overlay-opacity":"","overlay-gradient":""}}},"product_brand":[],"product_cat":[38,244,251],"product_tag":[253,254],"class_list":{"0":"post-1410","1":"product","2":"type-product","3":"status-publish","4":"has-post-thumbnail","6":"product_cat-eletronicos","7":"product_cat-games","8":"product_cat-playstation","9":"product_tag-playstation-5","10":"product_tag-video-game","11":"desktop-align-center","12":"tablet-align-left","13":"mobile-align-center","15":"first","16":"instock","17":"sale","18":"shipping-taxable","19":"product-type-external"},"uagb_featured_image_src":{"full":["https:\/\/promocaododia.com.br\/site\/wp-content\/uploads\/2022\/12\/Console-Playstation-5-Jogo-Fifa-23-Ps5-SONY.jpg",600,600,false],"thumbnail":["https:\/\/promocaododia.com.br\/site\/wp-content\/uploads\/2022\/12\/Console-Playstation-5-Jogo-Fifa-23-Ps5-SONY-150x150.jpg",150,150,true],"medium":["https:\/\/promocaododia.com.br\/site\/wp-content\/uploads\/2022\/12\/Console-Playstation-5-Jogo-Fifa-23-Ps5-SONY-300x300.jpg",300,300,true],"medium_large":["https:\/\/promocaododia.com.br\/site\/wp-content\/uploads\/2022\/12\/Console-Playstation-5-Jogo-Fifa-23-Ps5-SONY.jpg",600,600,false],"large":["https:\/\/promocaododia.com.br\/site\/wp-content\/uploads\/2022\/12\/Console-Playstation-5-Jogo-Fifa-23-Ps5-SONY.jpg",600,600,false],"1536x1536":["https:\/\/promocaododia.com.br\/site\/wp-content\/uploads\/2022\/12\/Console-Playstation-5-Jogo-Fifa-23-Ps5-SONY.jpg",600,600,false],"2048x2048":["https:\/\/promocaododia.com.br\/site\/wp-content\/uploads\/2022\/12\/Console-Playstation-5-Jogo-Fifa-23-Ps5-SONY.jpg",600,600,false],"woocommerce_thumbnail":["https:\/\/promocaododia.com.br\/site\/wp-content\/uploads\/2022\/12\/Console-Playstation-5-Jogo-Fifa-23-Ps5-SONY-250x250.jpg",250,250,true],"woocommerce_single":["https:\/\/promocaododia.com.br\/site\/wp-content\/uploads\/2022\/12\/Console-Playstation-5-Jogo-Fifa-23-Ps5-SONY-250x250.jpg",250,250,true],"woocommerce_gallery_thumbnail":["https:\/\/promocaododia.com.br\/site\/wp-content\/uploads\/2022\/12\/Console-Playstation-5-Jogo-Fifa-23-Ps5-SONY-100x100.jpg",100,100,true]},"uagb_author_info":{"display_name":"danilo.gbr","author_link":"https:\/\/promocaododia.com.br\/site\/author\/"},"uagb_comment_info":0,"uagb_excerpt":"PlayStation5 O console PS5 oferece novas possibilidades de jogabilidade que voc\u00ea nunca imaginou. Reproduza jogos para PS5 e PS4 em Blu-ray Disc. Al\u00e9m disso, voc\u00ea tamb\u00e9m pode baixar jogos digitais para PS5 e PS4 pela PlayStation Store. Experimente o carregamento extremamente r\u00e1pido do SSD de ultra-velocidade, uma imers\u00e3o mais profunda com suporte \u00e0 resposta t\u00e1til,&hellip;","_links":{"self":[{"href":"https:\/\/promocaododia.com.br\/site\/wp-json\/wp\/v2\/product\/1410","targetHints":{"allow":["GET"]}}],"collection":[{"href":"https:\/\/promocaododia.com.br\/site\/wp-json\/wp\/v2\/product"}],"about":[{"href":"https:\/\/promocaododia.com.br\/site\/wp-json\/wp\/v2\/types\/product"}],"wp:featuredmedia":[{"embeddable":true,"href":"https:\/\/promocaododia.com.br\/site\/wp-json\/wp\/v2\/media\/1411"}],"wp:attachment":[{"href":"https:\/\/promocaododia.com.br\/site\/wp-json\/wp\/v2\/media?parent=1410"}],"wp:term":[{"taxonomy":"product_brand","embeddable":true,"href":"https:\/\/promocaododia.com.br\/site\/wp-json\/wp\/v2\/product_brand?post=1410"},{"taxonomy":"product_cat","embeddable":true,"href":"https:\/\/promocaododia.com.br\/site\/wp-json\/wp\/v2\/product_cat?post=1410"},{"taxonomy":"product_tag","embeddable":true,"href":"https:\/\/promocaododia.com.br\/site\/wp-json\/wp\/v2\/product_tag?post=1410"}],"curies":[{"name":"wp","href":"https:\/\/api.w.org\/{rel}","templated":true}]}}