{"id":1444,"date":"2022-12-13T19:33:49","date_gmt":"2022-12-13T22:33:49","guid":{"rendered":"https:\/\/promocaododia.com.br\/site\/?post_type=product&#038;p=1444"},"modified":"2022-12-13T19:33:49","modified_gmt":"2022-12-13T22:33:49","slug":"kit-colchao-cama-box-emma-duo-casal-138x188cm","status":"publish","type":"product","link":"https:\/\/promocaododia.com.br\/site\/produto\/kit-colchao-cama-box-emma-duo-casal-138x188cm\/","title":{"rendered":"Kit Colch\u00e3o + Cama Box Emma Duo Casal (138x188cm)"},"content":{"rendered":"<p>CAMA BOX MONT\u00c1VEL:Com design inovador e sofisticado, a Emma traz a primeira cama box mont\u00e1vel do mercado. Ideal para todos os tipos de colch\u00f5es, ela \u00e9 f\u00e1cil de ser montada, desmontada e transportada.<\/p>\n<p>CAMA COM MAT\u00c9RIA PRIMA ECOL\u00d3GICA: Produzida com madeira de eucalipto 100% reflorestada e sem tratamentos qu\u00edmicos, ela \u00e9 ecologicamente sustent\u00e1vel e oferece qualidade e estabilidade.<\/p>\n<p>COLCH\u00c3O DUPLA FACE:Pois \u00e9! O colch\u00e3o Emma Duo \u00e9 dupla face, permitindo que voc\u00ea vire o colch\u00e3o para usar o lado que preferir. Macio ou firme? Voc\u00ea quem sabe! Ideal para casais exigentes.<\/p>\n<p>REDUZ DORES NAS COSTAS:Devido \u00e0 sua densidade progressiva, o Emma Duo \u00e9 ideal para pessoas com dores nas costas, pois \u00e9 firme e distribui o peso igualmente em toda a sua superf\u00edcie.<\/p>\n<p>EXPERIMENTE EM CASA:Garantimos seu dinheiro de volta e buscamos o produto na sua casa se voc\u00ea n\u00e3o gostar. O per\u00edodo de experimenta\u00e7\u00e3o\u00e9 de 14 noites para a cama e 100 noites para o colch\u00e3o EMMA.<\/p>\n","protected":false},"excerpt":{"rendered":"<p>CAMA BOX MONT\u00c1VEL:Com design inovador e sofisticado, a Emma traz a primeira cama box mont\u00e1vel do mercado. Ideal para todos os tipos de colch\u00f5es, ela \u00e9 f\u00e1cil de ser montada, desmontada e transportada. CAMA COM MAT\u00c9RIA PRIMA ECOL\u00d3GICA: Produzida com madeira de eucalipto 100% reflorestada e sem tratamentos qu\u00edmicos, ela \u00e9 ecologicamente sustent\u00e1vel e oferece qualidade e estabilidade. COLCH\u00c3O DUPLA FACE:Pois \u00e9! O colch\u00e3o Emma Duo \u00e9 dupla face, permitindo que voc\u00ea vire o colch\u00e3o para usar o lado que preferir. Macio ou firme? Voc\u00ea quem sabe! Ideal para casais exigentes. REDUZ DORES NAS COSTAS:Devido \u00e0 sua densidade progressiva, o Emma Duo \u00e9 ideal para pessoas com dores nas costas, pois \u00e9 firme e distribui o peso igualmente em toda a sua superf\u00edcie. EXPERIMENTE EM CASA:Garantimos seu dinheiro de volta e buscamos o produto na sua casa se voc\u00ea n\u00e3o gostar. O per\u00edodo de experimenta\u00e7\u00e3o\u00e9 de 14 noites para a cama e 100 noites para o colch\u00e3o EMMA.<\/p>\n","protected":false},"featured_media":1445,"template":"","meta":{"_uag_custom_page_level_css":"","site-sidebar-layout":"default","site-content-layout":"default","ast-site-content-layout":"default","site-content-style":"default","site-sidebar-style":"default","ast-global-header-display":"","ast-banner-title-visibility":"","ast-main-header-display":"","ast-hfb-above-header-display":"","ast-hfb-below-header-display":"","ast-hfb-mobile-header-display":"","site-post-title":"","ast-breadcrumbs-content":"","ast-featured-img":"","footer-sml-layout":"","theme-transparent-header-meta":"default","adv-header-id-meta":"","stick-header-meta":"","header-above-stick-meta":"","header-main-stick-meta":"","header-below-stick-meta":"","astra-migrate-meta-layouts":"default","ast-page-background-enabled":"default","ast-page-background-meta":{"desktop":{"background-color":"","background-image":"","background-repeat":"repeat","background-position":"center center","background-size":"auto","background-attachment":"scroll","background-type":"","background-media":"","overlay-type":"","overlay-color":"","overlay-opacity":"","overlay-gradient":""},"tablet":{"background-color":"","background-image":"","background-repeat":"repeat","background-position":"center center","background-size":"auto","background-attachment":"scroll","background-type":"","background-media":"","overlay-type":"","overlay-color":"","overlay-opacity":"","overlay-gradient":""},"mobile":{"background-color":"","background-image":"","background-repeat":"repeat","background-position":"center center","background-size":"auto","background-attachment":"scroll","background-type":"","background-media":"","overlay-type":"","overlay-color":"","overlay-opacity":"","overlay-gradient":""}},"ast-content-background-meta":{"desktop":{"background-color":"var(--ast-global-color-5)","background-image":"","background-repeat":"repeat","background-position":"center center","background-size":"auto","background-attachment":"scroll","background-type":"","background-media":"","overlay-type":"","overlay-color":"","overlay-opacity":"","overlay-gradient":""},"tablet":{"background-color":"var(--ast-global-color-5)","background-image":"","background-repeat":"repeat","background-position":"center center","background-size":"auto","background-attachment":"scroll","background-type":"","background-media":"","overlay-type":"","overlay-color":"","overlay-opacity":"","overlay-gradient":""},"mobile":{"background-color":"var(--ast-global-color-5)","background-image":"","background-repeat":"repeat","background-position":"center center","background-size":"auto","background-attachment":"scroll","background-type":"","background-media":"","overlay-type":"","overlay-color":"","overlay-opacity":"","overlay-gradient":""}}},"product_brand":[],"product_cat":[44,446],"product_tag":[343,335,340,449],"class_list":{"0":"post-1444","1":"product","2":"type-product","3":"status-publish","4":"has-post-thumbnail","6":"product_cat-moveis","7":"product_cat-quarto","8":"product_tag-cama","9":"product_tag-casal","10":"product_tag-jogo-de-cama-casal","11":"product_tag-moveis","12":"desktop-align-center","13":"tablet-align-left","14":"mobile-align-center","16":"first","17":"instock","18":"sale","19":"shipping-taxable","20":"product-type-external"},"uagb_featured_image_src":{"full":["https:\/\/promocaododia.com.br\/site\/wp-content\/uploads\/2022\/12\/Kit-Colchao-Cama-Box-Emma-Duo-Casal-138x188cm.jpg",600,600,false],"thumbnail":["https:\/\/promocaododia.com.br\/site\/wp-content\/uploads\/2022\/12\/Kit-Colchao-Cama-Box-Emma-Duo-Casal-138x188cm-150x150.jpg",150,150,true],"medium":["https:\/\/promocaododia.com.br\/site\/wp-content\/uploads\/2022\/12\/Kit-Colchao-Cama-Box-Emma-Duo-Casal-138x188cm-300x300.jpg",300,300,true],"medium_large":["https:\/\/promocaododia.com.br\/site\/wp-content\/uploads\/2022\/12\/Kit-Colchao-Cama-Box-Emma-Duo-Casal-138x188cm.jpg",600,600,false],"large":["https:\/\/promocaododia.com.br\/site\/wp-content\/uploads\/2022\/12\/Kit-Colchao-Cama-Box-Emma-Duo-Casal-138x188cm.jpg",600,600,false],"1536x1536":["https:\/\/promocaododia.com.br\/site\/wp-content\/uploads\/2022\/12\/Kit-Colchao-Cama-Box-Emma-Duo-Casal-138x188cm.jpg",600,600,false],"2048x2048":["https:\/\/promocaododia.com.br\/site\/wp-content\/uploads\/2022\/12\/Kit-Colchao-Cama-Box-Emma-Duo-Casal-138x188cm.jpg",600,600,false],"woocommerce_thumbnail":["https:\/\/promocaododia.com.br\/site\/wp-content\/uploads\/2022\/12\/Kit-Colchao-Cama-Box-Emma-Duo-Casal-138x188cm-250x250.jpg",250,250,true],"woocommerce_single":["https:\/\/promocaododia.com.br\/site\/wp-content\/uploads\/2022\/12\/Kit-Colchao-Cama-Box-Emma-Duo-Casal-138x188cm-250x250.jpg",250,250,true],"woocommerce_gallery_thumbnail":["https:\/\/promocaododia.com.br\/site\/wp-content\/uploads\/2022\/12\/Kit-Colchao-Cama-Box-Emma-Duo-Casal-138x188cm-100x100.jpg",100,100,true]},"uagb_author_info":{"display_name":"danilo.gbr","author_link":"https:\/\/promocaododia.com.br\/site\/author\/"},"uagb_comment_info":0,"uagb_excerpt":"CAMA BOX MONT\u00c1VEL:Com design inovador e sofisticado, a Emma traz a primeira cama box mont\u00e1vel do mercado. Ideal para todos os tipos de colch\u00f5es, ela \u00e9 f\u00e1cil de ser montada, desmontada e transportada. CAMA COM MAT\u00c9RIA PRIMA ECOL\u00d3GICA: Produzida com madeira de eucalipto 100% reflorestada e sem tratamentos qu\u00edmicos, ela \u00e9 ecologicamente sustent\u00e1vel e oferece&hellip;","_links":{"self":[{"href":"https:\/\/promocaododia.com.br\/site\/wp-json\/wp\/v2\/product\/1444","targetHints":{"allow":["GET"]}}],"collection":[{"href":"https:\/\/promocaododia.com.br\/site\/wp-json\/wp\/v2\/product"}],"about":[{"href":"https:\/\/promocaododia.com.br\/site\/wp-json\/wp\/v2\/types\/product"}],"wp:featuredmedia":[{"embeddable":true,"href":"https:\/\/promocaododia.com.br\/site\/wp-json\/wp\/v2\/media\/1445"}],"wp:attachment":[{"href":"https:\/\/promocaododia.com.br\/site\/wp-json\/wp\/v2\/media?parent=1444"}],"wp:term":[{"taxonomy":"product_brand","embeddable":true,"href":"https:\/\/promocaododia.com.br\/site\/wp-json\/wp\/v2\/product_brand?post=1444"},{"taxonomy":"product_cat","embeddable":true,"href":"https:\/\/promocaododia.com.br\/site\/wp-json\/wp\/v2\/product_cat?post=1444"},{"taxonomy":"product_tag","embeddable":true,"href":"https:\/\/promocaododia.com.br\/site\/wp-json\/wp\/v2\/product_tag?post=1444"}],"curies":[{"name":"wp","href":"https:\/\/api.w.org\/{rel}","templated":true}]}}