{"id":1467,"date":"2022-12-19T20:30:17","date_gmt":"2022-12-19T23:30:17","guid":{"rendered":"https:\/\/promocaododia.com.br\/site\/?post_type=product&#038;p=1467"},"modified":"2022-12-19T20:31:00","modified_gmt":"2022-12-19T23:31:00","slug":"kit-bolsas-grande-bau-carteira-feminina-willibags","status":"publish","type":"product","link":"https:\/\/promocaododia.com.br\/site\/produto\/kit-bolsas-grande-bau-carteira-feminina-willibags\/","title":{"rendered":"Kit Bolsas Grande + Bau + Carteira Feminina Willibags"},"content":{"rendered":"<p>*** ATEN\u00c7\u00c3O N\u00c3O E POSSIVEL ALTERA\u00c7OES DE CORES OU MODELO DE KITS ***<\/p>\n<p>Bolsa Sacola Grande<\/p>\n<p>Altura: 28cm<\/p>\n<p>Largura: 35cm<\/p>\n<p>Profundidade: 12cm<\/p>\n<p>Bolsa Tote M\u00e9dia<\/p>\n<p>Altura: 21cm<\/p>\n<p>Largura: 28cm<\/p>\n<p>Profundidade: 10cm<\/p>\n<p>N\u00e9cessaire<\/p>\n<p>Altura: 16cm<\/p>\n<p>Largura: 27cm<\/p>\n<p>Profundidade: 1,5 cm<\/p>\n<p>Carteira<\/p>\n<p>Altura: 10cm<\/p>\n<p>Largura: 19cm<\/p>\n<p>Profundidade: 1,5<\/p>\n","protected":false},"excerpt":{"rendered":"<p>*** ATEN\u00c7\u00c3O N\u00c3O E POSSIVEL ALTERA\u00c7OES DE CORES OU MODELO DE KITS *** Bolsa Sacola Grande Altura: 28cm Largura: 35cm Profundidade: 12cm Bolsa Tote M\u00e9dia Altura: 21cm Largura: 28cm Profundidade: 10cm N\u00e9cessaire Altura: 16cm Largura: 27cm Profundidade: 1,5 cm Carteira Altura: 10cm Largura: 19cm Profundidade: 1,5<\/p>\n","protected":false},"featured_media":1468,"template":"","meta":{"_uag_custom_page_level_css":"","site-sidebar-layout":"default","site-content-layout":"default","ast-site-content-layout":"default","site-content-style":"default","site-sidebar-style":"default","ast-global-header-display":"","ast-banner-title-visibility":"","ast-main-header-display":"","ast-hfb-above-header-display":"","ast-hfb-below-header-display":"","ast-hfb-mobile-header-display":"","site-post-title":"","ast-breadcrumbs-content":"","ast-featured-img":"","footer-sml-layout":"","theme-transparent-header-meta":"default","adv-header-id-meta":"","stick-header-meta":"","header-above-stick-meta":"","header-main-stick-meta":"","header-below-stick-meta":"","astra-migrate-meta-layouts":"default","ast-page-background-enabled":"default","ast-page-background-meta":{"desktop":{"background-color":"","background-image":"","background-repeat":"repeat","background-position":"center center","background-size":"auto","background-attachment":"scroll","background-type":"","background-media":"","overlay-type":"","overlay-color":"","overlay-opacity":"","overlay-gradient":""},"tablet":{"background-color":"","background-image":"","background-repeat":"repeat","background-position":"center center","background-size":"auto","background-attachment":"scroll","background-type":"","background-media":"","overlay-type":"","overlay-color":"","overlay-opacity":"","overlay-gradient":""},"mobile":{"background-color":"","background-image":"","background-repeat":"repeat","background-position":"center center","background-size":"auto","background-attachment":"scroll","background-type":"","background-media":"","overlay-type":"","overlay-color":"","overlay-opacity":"","overlay-gradient":""}},"ast-content-background-meta":{"desktop":{"background-color":"var(--ast-global-color-5)","background-image":"","background-repeat":"repeat","background-position":"center center","background-size":"auto","background-attachment":"scroll","background-type":"","background-media":"","overlay-type":"","overlay-color":"","overlay-opacity":"","overlay-gradient":""},"tablet":{"background-color":"var(--ast-global-color-5)","background-image":"","background-repeat":"repeat","background-position":"center center","background-size":"auto","background-attachment":"scroll","background-type":"","background-media":"","overlay-type":"","overlay-color":"","overlay-opacity":"","overlay-gradient":""},"mobile":{"background-color":"var(--ast-global-color-5)","background-image":"","background-repeat":"repeat","background-position":"center center","background-size":"auto","background-attachment":"scroll","background-type":"","background-media":"","overlay-type":"","overlay-color":"","overlay-opacity":"","overlay-gradient":""}}},"product_brand":[],"product_cat":[42,30],"product_tag":[349,351,182,119,184],"class_list":{"0":"post-1467","1":"product","2":"type-product","3":"status-publish","4":"has-post-thumbnail","6":"product_cat-bolsas","7":"product_cat-moda","8":"product_tag-bolsa","9":"product_tag-duchico","10":"product_tag-feminina","11":"product_tag-kit","12":"product_tag-moda","13":"desktop-align-center","14":"tablet-align-left","15":"mobile-align-center","17":"first","18":"instock","19":"sale","20":"shipping-taxable","21":"product-type-external"},"uagb_featured_image_src":{"full":["https:\/\/promocaododia.com.br\/site\/wp-content\/uploads\/2022\/12\/Kit-Bolsas-Grande-Bau-Carteira-Feminina-Willibags-..jpg",600,600,false],"thumbnail":["https:\/\/promocaododia.com.br\/site\/wp-content\/uploads\/2022\/12\/Kit-Bolsas-Grande-Bau-Carteira-Feminina-Willibags-.-150x150.jpg",150,150,true],"medium":["https:\/\/promocaododia.com.br\/site\/wp-content\/uploads\/2022\/12\/Kit-Bolsas-Grande-Bau-Carteira-Feminina-Willibags-.-300x300.jpg",300,300,true],"medium_large":["https:\/\/promocaododia.com.br\/site\/wp-content\/uploads\/2022\/12\/Kit-Bolsas-Grande-Bau-Carteira-Feminina-Willibags-..jpg",600,600,false],"large":["https:\/\/promocaododia.com.br\/site\/wp-content\/uploads\/2022\/12\/Kit-Bolsas-Grande-Bau-Carteira-Feminina-Willibags-..jpg",600,600,false],"1536x1536":["https:\/\/promocaododia.com.br\/site\/wp-content\/uploads\/2022\/12\/Kit-Bolsas-Grande-Bau-Carteira-Feminina-Willibags-..jpg",600,600,false],"2048x2048":["https:\/\/promocaododia.com.br\/site\/wp-content\/uploads\/2022\/12\/Kit-Bolsas-Grande-Bau-Carteira-Feminina-Willibags-..jpg",600,600,false],"woocommerce_thumbnail":["https:\/\/promocaododia.com.br\/site\/wp-content\/uploads\/2022\/12\/Kit-Bolsas-Grande-Bau-Carteira-Feminina-Willibags-.-250x250.jpg",250,250,true],"woocommerce_single":["https:\/\/promocaododia.com.br\/site\/wp-content\/uploads\/2022\/12\/Kit-Bolsas-Grande-Bau-Carteira-Feminina-Willibags-.-250x250.jpg",250,250,true],"woocommerce_gallery_thumbnail":["https:\/\/promocaododia.com.br\/site\/wp-content\/uploads\/2022\/12\/Kit-Bolsas-Grande-Bau-Carteira-Feminina-Willibags-.-100x100.jpg",100,100,true]},"uagb_author_info":{"display_name":"danilo.gbr","author_link":"https:\/\/promocaododia.com.br\/site\/author\/"},"uagb_comment_info":0,"uagb_excerpt":"*** ATEN\u00c7\u00c3O N\u00c3O E POSSIVEL ALTERA\u00c7OES DE CORES OU MODELO DE KITS *** Bolsa Sacola Grande Altura: 28cm Largura: 35cm Profundidade: 12cm Bolsa Tote M\u00e9dia Altura: 21cm Largura: 28cm Profundidade: 10cm N\u00e9cessaire Altura: 16cm Largura: 27cm Profundidade: 1,5 cm Carteira Altura: 10cm Largura: 19cm Profundidade: 1,5","_links":{"self":[{"href":"https:\/\/promocaododia.com.br\/site\/wp-json\/wp\/v2\/product\/1467","targetHints":{"allow":["GET"]}}],"collection":[{"href":"https:\/\/promocaododia.com.br\/site\/wp-json\/wp\/v2\/product"}],"about":[{"href":"https:\/\/promocaododia.com.br\/site\/wp-json\/wp\/v2\/types\/product"}],"wp:featuredmedia":[{"embeddable":true,"href":"https:\/\/promocaododia.com.br\/site\/wp-json\/wp\/v2\/media\/1468"}],"wp:attachment":[{"href":"https:\/\/promocaododia.com.br\/site\/wp-json\/wp\/v2\/media?parent=1467"}],"wp:term":[{"taxonomy":"product_brand","embeddable":true,"href":"https:\/\/promocaododia.com.br\/site\/wp-json\/wp\/v2\/product_brand?post=1467"},{"taxonomy":"product_cat","embeddable":true,"href":"https:\/\/promocaododia.com.br\/site\/wp-json\/wp\/v2\/product_cat?post=1467"},{"taxonomy":"product_tag","embeddable":true,"href":"https:\/\/promocaododia.com.br\/site\/wp-json\/wp\/v2\/product_tag?post=1467"}],"curies":[{"name":"wp","href":"https:\/\/api.w.org\/{rel}","templated":true}]}}