{"id":1469,"date":"2022-12-19T20:36:01","date_gmt":"2022-12-19T23:36:01","guid":{"rendered":"https:\/\/promocaododia.com.br\/site\/?post_type=product&#038;p=1469"},"modified":"2022-12-19T20:41:39","modified_gmt":"2022-12-19T23:41:39","slug":"smartphone-samsung-galaxy-m53-5g-128gb-8gb-ram-tela-infinita-de-6-7","status":"publish","type":"product","link":"https:\/\/promocaododia.com.br\/site\/produto\/smartphone-samsung-galaxy-m53-5g-128gb-8gb-ram-tela-infinita-de-6-7\/","title":{"rendered":"Smartphone Samsung Galaxy M53 5g 128gb 5g Wi-Fi Tela 6.7&#8221; Dual Chip 8gb Ram C\u00e2mera + Selfie 32mp &#8211; Azul"},"content":{"rendered":"<p>Modelo:SM-M536B Smartphone Samsung Galaxy M53 5G, 128GB, 8GB, Processador Octa-Core, At\u00e9 2 dias de bateria, C\u00e2mera Qu\u00e1drupla Traseira de 108MP +8MP + 2MP + 2MP, Selfie de 32MP, Tela Infinita de 6.7&#8243; 120Hz, Dual Chip, 4 gera\u00e7\u00f5es de atualiza\u00e7\u00f5es Android, 5 anos de atualiza\u00e7\u00f5es de seguran\u00e7a. Hiper-R\u00e1pido e inovador. Em 5G, seu mundo se torna um Galaxy. Conex\u00e3o hiper-r\u00e1pida significa transmiss\u00e3o e compartilhamento cont\u00ednuos com seus amigos e familiares. Fa\u00e7a mais com a performance poderosa do processador. Se voc\u00ea est\u00e1 focado em uma tarefa ou em v\u00e1rias ao mesmo tempo, n\u00e3o precisa se preocupar: o Galaxy M53 5G oferece um grande aumento de desempenho gra\u00e7as ao avan\u00e7ado processador Octa-Core somado a muita mem\u00f3ria RAM. Muita mem\u00f3ria RAM e ainda a disponibilidade de RAM Plus significam ainda mais poder. O Galaxy M53 5G l\u00ea de forma inteligente o padr\u00e3o de uso do seu celular para fornecer mem\u00f3ria RAM virtual extra, permitindo que voc\u00ea alterne entre aplicativos de maneira fluida e aproveite ao m\u00e1ximo o potencial multitarefas do seu smartphone. Armazene mais, apague menos. \u00c9 muito. Com 128 GB de armazenamento interno e suporte para um cart\u00e3o microSD de at\u00e9 1 TB, voc\u00ea tem espa\u00e7o para todos os seus momentos preciosos. Design com apar\u00eancia minimalista. O design de qualidade do Galaxy M53 5G vem com bordas suaves e arredondadas e uma moldura mais fina, com um visual minimalista da c\u00e2mera. O M53 5G combina cores contempor\u00e2neas com um acabamento fosco na parte de tr\u00e1s, suave ao toque. Uma vis\u00e3o verdadeiramente cinematogr\u00e1fica do seu mundo. Expanda sua vis\u00e3o com o display gigante e imersivo de 6,7 polegadas. Nele, o design quase sem moldura expande as propor\u00e7\u00f5es do seu smartphone e voc\u00ea perceber\u00e1 a mudan\u00e7a para a melhor. Mesmo ao ar livre, voc\u00ea pode experimentar tudo o que ama em cores vivas e realistas com o display FHD+ Super AMOLED Plus. Rolagem suave. Assista a qualquer coisa no display Super AMOLED Plus de 120 Hz do seu Galaxy para ver como a suavidade agora \u00e9 uma experi\u00eancia visual com menos desfoque, mais detalhes e contraste v\u00edvido. 4 C\u00e2meras e m\u00faltiplas perspectivas. O sistema de c\u00e2mera multilentes do Galaxy M53 5G aprimora as fotos. Capture momentos inesquec\u00edveis com detalhes n\u00edtidos gra\u00e7as \u00e0 C\u00e2mera Grande-angular de 108 MP de alta resolu\u00e7\u00e3o. Personalize o foco com a C\u00e2mera de Profundidade e aproxime-se dos detalhes com a C\u00e2mera Macro. Como capturar detalhes que fazem toda a diferen\u00e7a. Testemunhe a diferen\u00e7a. O novo sensor de alta resolu\u00e7\u00e3o de 108MP do Galaxy M53 5G captura detalhes impressionantes em fotos extremamente n\u00edtidas e com maior luminosidade mesmo em ambientes mais escuros. Al\u00e9m disso, o zoom proporciona a visualiza\u00e7\u00e3o de detalhes incr\u00edveis, como voc\u00ea nunca imaginou, em fotos sem ru\u00eddo. Rosto em destaque. Voc\u00ea pode destacar os atributos delicados que tornam cada rosto \u00fanico usando a c\u00e2mera de lente dupla com tecnologia de IA, composta por lentes amplas e de profundidade. Desfoque suavemente o fundo com efeitos bokeh e destaque os detalhes que d\u00e3o vida ao interior do quadro. Bateria durante seu dia. Uma bateria de 5.000 mAh (padr\u00e3o)1 para mais tempo de streaming, compartilhamento, jogos e muito mais. Carregue rapidamente seu Galaxy com o Super Fast Charging de at\u00e9 25 W e permita uma economia de energia adapt\u00e1vel para melhorar o desempenho geral da bateria. V\u00e1 al\u00e9m da experi\u00eancia auditiva comum com Dolby Atmos. Com o Dolby Atmos, o som ser\u00e1 pleno, alto, parecendo envolver voc\u00ea na cena. Aperfei\u00e7oe sua noite de cinema ou seus jogos favoritos com um som cinematogr\u00e1fico que mergulha voc\u00ea na cena.<\/p>\n","protected":false},"excerpt":{"rendered":"<p>Modelo:SM-M536B Smartphone Samsung Galaxy M53 5G, 128GB, 8GB, Processador Octa-Core, At\u00e9 2 dias de bateria, C\u00e2mera Qu\u00e1drupla Traseira de 108MP +8MP + 2MP + 2MP, Selfie de 32MP, Tela Infinita de 6.7&#8243; 120Hz, Dual Chip, 4 gera\u00e7\u00f5es de atualiza\u00e7\u00f5es Android, 5 anos de atualiza\u00e7\u00f5es de seguran\u00e7a. Hiper-R\u00e1pido e inovador. Em 5G, seu mundo se torna um Galaxy. Conex\u00e3o hiper-r\u00e1pida significa transmiss\u00e3o e compartilhamento cont\u00ednuos com seus amigos e familiares. Fa\u00e7a mais com a performance poderosa do processador. Se voc\u00ea est\u00e1 focado em uma tarefa ou em v\u00e1rias ao mesmo tempo, n\u00e3o precisa se preocupar: o Galaxy M53 5G oferece um grande aumento de desempenho gra\u00e7as ao avan\u00e7ado processador Octa-Core somado a muita mem\u00f3ria RAM. Muita mem\u00f3ria RAM e ainda a disponibilidade de RAM Plus significam ainda mais poder. O Galaxy M53 5G l\u00ea de forma inteligente o padr\u00e3o de uso do seu celular para fornecer mem\u00f3ria RAM virtual extra, permitindo que voc\u00ea alterne entre aplicativos de maneira fluida e aproveite ao m\u00e1ximo o potencial multitarefas do seu smartphone. Armazene mais, apague menos. \u00c9 muito. Com 128 GB de armazenamento interno e suporte para um cart\u00e3o microSD de at\u00e9 1 TB, voc\u00ea tem espa\u00e7o para todos os seus momentos preciosos. Design com apar\u00eancia minimalista. O design de qualidade do Galaxy M53 5G vem com bordas suaves e arredondadas e uma moldura mais fina, com um visual minimalista da c\u00e2mera. O M53 5G combina cores contempor\u00e2neas com um acabamento fosco na parte de tr\u00e1s, suave ao toque. Uma vis\u00e3o verdadeiramente cinematogr\u00e1fica do seu mundo. Expanda sua vis\u00e3o com o display gigante e imersivo de 6,7 polegadas. Nele, o design quase sem moldura expande as propor\u00e7\u00f5es do seu smartphone e voc\u00ea perceber\u00e1 a mudan\u00e7a para a melhor. Mesmo ao ar livre, voc\u00ea pode experimentar tudo o que ama em cores vivas e realistas com o display FHD+ Super AMOLED Plus. Rolagem suave. Assista a qualquer coisa no display Super AMOLED Plus de 120 Hz do seu Galaxy para ver como a suavidade agora \u00e9 uma experi\u00eancia visual com menos desfoque, mais detalhes e contraste v\u00edvido. 4 C\u00e2meras e m\u00faltiplas perspectivas. O sistema de c\u00e2mera multilentes do Galaxy M53 5G aprimora as fotos. Capture momentos inesquec\u00edveis com detalhes n\u00edtidos gra\u00e7as \u00e0 C\u00e2mera Grande-angular de 108 MP de alta resolu\u00e7\u00e3o. Personalize o foco com a C\u00e2mera de Profundidade e aproxime-se dos detalhes com a C\u00e2mera Macro. Como capturar detalhes que fazem toda a diferen\u00e7a. Testemunhe a diferen\u00e7a. O novo sensor de alta resolu\u00e7\u00e3o de 108MP do Galaxy M53 5G captura detalhes impressionantes em fotos extremamente n\u00edtidas e com maior luminosidade mesmo em ambientes mais escuros. Al\u00e9m disso, o zoom proporciona a visualiza\u00e7\u00e3o de detalhes incr\u00edveis, como voc\u00ea nunca imaginou, em fotos sem ru\u00eddo. Rosto em destaque. Voc\u00ea pode destacar os atributos delicados que tornam cada rosto \u00fanico usando a c\u00e2mera de lente dupla com tecnologia de IA, composta por lentes amplas e de profundidade. Desfoque suavemente o fundo com efeitos bokeh e destaque os detalhes que d\u00e3o vida ao interior do quadro. Bateria durante seu dia. Uma bateria de 5.000 mAh (padr\u00e3o)1 para mais tempo de streaming, compartilhamento, jogos e muito mais. Carregue rapidamente seu Galaxy com o Super Fast Charging de at\u00e9 25 W e permita uma economia de energia adapt\u00e1vel para melhorar o desempenho geral da bateria. V\u00e1 al\u00e9m da experi\u00eancia auditiva comum com Dolby Atmos. Com o Dolby Atmos, o som ser\u00e1 pleno, alto, parecendo envolver voc\u00ea na cena. Aperfei\u00e7oe sua noite de cinema ou seus jogos favoritos com um som cinematogr\u00e1fico que mergulha voc\u00ea na cena.<\/p>\n","protected":false},"featured_media":1471,"template":"","meta":{"_uag_custom_page_level_css":"","site-sidebar-layout":"default","site-content-layout":"default","ast-site-content-layout":"default","site-content-style":"default","site-sidebar-style":"default","ast-global-header-display":"","ast-banner-title-visibility":"","ast-main-header-display":"","ast-hfb-above-header-display":"","ast-hfb-below-header-display":"","ast-hfb-mobile-header-display":"","site-post-title":"","ast-breadcrumbs-content":"","ast-featured-img":"","footer-sml-layout":"","theme-transparent-header-meta":"default","adv-header-id-meta":"","stick-header-meta":"","header-above-stick-meta":"","header-main-stick-meta":"","header-below-stick-meta":"","astra-migrate-meta-layouts":"default","ast-page-background-enabled":"default","ast-page-background-meta":{"desktop":{"background-color":"","background-image":"","background-repeat":"repeat","background-position":"center center","background-size":"auto","background-attachment":"scroll","background-type":"","background-media":"","overlay-type":"","overlay-color":"","overlay-opacity":"","overlay-gradient":""},"tablet":{"background-color":"","background-image":"","background-repeat":"repeat","background-position":"center center","background-size":"auto","background-attachment":"scroll","background-type":"","background-media":"","overlay-type":"","overlay-color":"","overlay-opacity":"","overlay-gradient":""},"mobile":{"background-color":"","background-image":"","background-repeat":"repeat","background-position":"center center","background-size":"auto","background-attachment":"scroll","background-type":"","background-media":"","overlay-type":"","overlay-color":"","overlay-opacity":"","overlay-gradient":""}},"ast-content-background-meta":{"desktop":{"background-color":"var(--ast-global-color-5)","background-image":"","background-repeat":"repeat","background-position":"center center","background-size":"auto","background-attachment":"scroll","background-type":"","background-media":"","overlay-type":"","overlay-color":"","overlay-opacity":"","overlay-gradient":""},"tablet":{"background-color":"var(--ast-global-color-5)","background-image":"","background-repeat":"repeat","background-position":"center center","background-size":"auto","background-attachment":"scroll","background-type":"","background-media":"","overlay-type":"","overlay-color":"","overlay-opacity":"","overlay-gradient":""},"mobile":{"background-color":"var(--ast-global-color-5)","background-image":"","background-repeat":"repeat","background-position":"center center","background-size":"auto","background-attachment":"scroll","background-type":"","background-media":"","overlay-type":"","overlay-color":"","overlay-opacity":"","overlay-gradient":""}}},"product_brand":[],"product_cat":[23,24,35],"product_tag":[260,91,89,88],"class_list":{"0":"post-1469","1":"product","2":"type-product","3":"status-publish","4":"has-post-thumbnail","6":"product_cat-celulares-e-tablets","7":"product_cat-iphone","8":"product_cat-smartphone","9":"product_tag-128gb","10":"product_tag-celular","11":"product_tag-samsung","12":"product_tag-samsung-galaxy","13":"desktop-align-center","14":"tablet-align-left","15":"mobile-align-center","17":"first","18":"instock","19":"sale","20":"shipping-taxable","21":"product-type-external"},"uagb_featured_image_src":{"full":["https:\/\/promocaododia.com.br\/site\/wp-content\/uploads\/2022\/12\/Smartphone-Samsung-Galaxy-M53-5G-128GB-8GB-RAM-Tela-Infinita-de-6.7-1.jpg",600,600,false],"thumbnail":["https:\/\/promocaododia.com.br\/site\/wp-content\/uploads\/2022\/12\/Smartphone-Samsung-Galaxy-M53-5G-128GB-8GB-RAM-Tela-Infinita-de-6.7-1-150x150.jpg",150,150,true],"medium":["https:\/\/promocaododia.com.br\/site\/wp-content\/uploads\/2022\/12\/Smartphone-Samsung-Galaxy-M53-5G-128GB-8GB-RAM-Tela-Infinita-de-6.7-1-300x300.jpg",300,300,true],"medium_large":["https:\/\/promocaododia.com.br\/site\/wp-content\/uploads\/2022\/12\/Smartphone-Samsung-Galaxy-M53-5G-128GB-8GB-RAM-Tela-Infinita-de-6.7-1.jpg",600,600,false],"large":["https:\/\/promocaododia.com.br\/site\/wp-content\/uploads\/2022\/12\/Smartphone-Samsung-Galaxy-M53-5G-128GB-8GB-RAM-Tela-Infinita-de-6.7-1.jpg",600,600,false],"1536x1536":["https:\/\/promocaododia.com.br\/site\/wp-content\/uploads\/2022\/12\/Smartphone-Samsung-Galaxy-M53-5G-128GB-8GB-RAM-Tela-Infinita-de-6.7-1.jpg",600,600,false],"2048x2048":["https:\/\/promocaododia.com.br\/site\/wp-content\/uploads\/2022\/12\/Smartphone-Samsung-Galaxy-M53-5G-128GB-8GB-RAM-Tela-Infinita-de-6.7-1.jpg",600,600,false],"woocommerce_thumbnail":["https:\/\/promocaododia.com.br\/site\/wp-content\/uploads\/2022\/12\/Smartphone-Samsung-Galaxy-M53-5G-128GB-8GB-RAM-Tela-Infinita-de-6.7-1-250x250.jpg",250,250,true],"woocommerce_single":["https:\/\/promocaododia.com.br\/site\/wp-content\/uploads\/2022\/12\/Smartphone-Samsung-Galaxy-M53-5G-128GB-8GB-RAM-Tela-Infinita-de-6.7-1-250x250.jpg",250,250,true],"woocommerce_gallery_thumbnail":["https:\/\/promocaododia.com.br\/site\/wp-content\/uploads\/2022\/12\/Smartphone-Samsung-Galaxy-M53-5G-128GB-8GB-RAM-Tela-Infinita-de-6.7-1-100x100.jpg",100,100,true]},"uagb_author_info":{"display_name":"danilo.gbr","author_link":"https:\/\/promocaododia.com.br\/site\/author\/"},"uagb_comment_info":0,"uagb_excerpt":"Modelo:SM-M536B Smartphone Samsung Galaxy M53 5G, 128GB, 8GB, Processador Octa-Core, At\u00e9 2 dias de bateria, C\u00e2mera Qu\u00e1drupla Traseira de 108MP +8MP + 2MP + 2MP, Selfie de 32MP, Tela Infinita de 6.7&#8243; 120Hz, Dual Chip, 4 gera\u00e7\u00f5es de atualiza\u00e7\u00f5es Android, 5 anos de atualiza\u00e7\u00f5es de seguran\u00e7a. Hiper-R\u00e1pido e inovador. Em 5G, seu mundo se torna&hellip;","_links":{"self":[{"href":"https:\/\/promocaododia.com.br\/site\/wp-json\/wp\/v2\/product\/1469","targetHints":{"allow":["GET"]}}],"collection":[{"href":"https:\/\/promocaododia.com.br\/site\/wp-json\/wp\/v2\/product"}],"about":[{"href":"https:\/\/promocaododia.com.br\/site\/wp-json\/wp\/v2\/types\/product"}],"wp:featuredmedia":[{"embeddable":true,"href":"https:\/\/promocaododia.com.br\/site\/wp-json\/wp\/v2\/media\/1471"}],"wp:attachment":[{"href":"https:\/\/promocaododia.com.br\/site\/wp-json\/wp\/v2\/media?parent=1469"}],"wp:term":[{"taxonomy":"product_brand","embeddable":true,"href":"https:\/\/promocaododia.com.br\/site\/wp-json\/wp\/v2\/product_brand?post=1469"},{"taxonomy":"product_cat","embeddable":true,"href":"https:\/\/promocaododia.com.br\/site\/wp-json\/wp\/v2\/product_cat?post=1469"},{"taxonomy":"product_tag","embeddable":true,"href":"https:\/\/promocaododia.com.br\/site\/wp-json\/wp\/v2\/product_tag?post=1469"}],"curies":[{"name":"wp","href":"https:\/\/api.w.org\/{rel}","templated":true}]}}