{"id":263,"date":"2021-06-15T01:00:18","date_gmt":"2021-06-15T04:00:18","guid":{"rendered":"https:\/\/promocaododia.com.br\/site\/?post_type=product&#038;p=263"},"modified":"2021-06-15T01:00:18","modified_gmt":"2021-06-15T04:00:18","slug":"um-caminho-para-a-liberdade","status":"publish","type":"product","link":"https:\/\/promocaododia.com.br\/site\/produto\/um-caminho-para-a-liberdade\/","title":{"rendered":"Um Caminho Para A Liberdade"},"content":{"rendered":"<p>Postado 15\/06\/2021<\/p>\n<p><b>Cinco mulheres v\u00e3o enfrentar uma cidade inteira por amor aos livros. E juntas v\u00e3o descobrir o poder do conhecimento, da liberdade e da amizade.<\/b><\/p>\n<p>Em uma \u00e9poca em que n\u00e3o seguir os costumes e a religi\u00e3o era transgress\u00e3o grav\u00edssima, o caminho de um grupo de mulheres se cruza de maneira inesperada. A d\u00e9cada de 1930 est\u00e1 chegando ao fim, e, em uma pequena cidade do interior dos Estados Unidos, a ideia de que as mo\u00e7as administrem uma biblioteca itinerante desafia o status quo.<\/p>\n<p>Com o compromisso de levar livros para os moradores mais pobres da regi\u00e3o, Margery, Alice, Beth, Sophia e Izzy aceitam trabalhar na biblioteca. E \u00e0 medida que enfrentam in\u00fameras dificuldades, como aprender a cavalgar, percorrer rotas de dif\u00edcil acesso e suportar o preconceito dos mais conservadores, elas fortalecem o la\u00e7o que as une e descobrem mais sobre si mesmas. Em pouco tempo, toda a cidade se volta contra o grupo, colocando em risco a sobreviv\u00eancia do projeto. E as mulheres v\u00e3o se perguntar mais uma vez se o poder das palavras ser\u00e1 suficiente para salv\u00e1-las.<\/p>\n<p>Inspirado em uma hist\u00f3ria real,\u00a0<i>Um caminho para a liberdade<\/i>\u00a0fala de lealdade, independ\u00eancia e justi\u00e7a. Com uma trama envolvente e emocionante, Jojo Moyes faz o leitor refletir sobre as redes de apoio e amizade entre mulheres e como \u00e9 preciso ir al\u00e9m dos nossos \u2014 supostos \u2014 limites. Afinal, conquistar a liberdade nunca \u00e9 f\u00e1cil.<\/p>\n<p>A equipe Promo\u00e7\u00f5es do dia divulga produtos de nossos parceiros, sendo a venda e p\u00f3s venda de responsabilidade dos mesmos.<\/p>\n","protected":false},"excerpt":{"rendered":"<p>Postado 15\/06\/2021 Cinco mulheres v\u00e3o enfrentar uma cidade inteira por amor aos livros. E juntas v\u00e3o descobrir o poder do conhecimento, da liberdade e da amizade. Em uma \u00e9poca em que n\u00e3o seguir os costumes e a religi\u00e3o era transgress\u00e3o grav\u00edssima, o caminho de um grupo de mulheres se cruza de maneira inesperada. A d\u00e9cada de 1930 est\u00e1 chegando ao fim, e, em uma pequena cidade do interior dos Estados Unidos, a ideia de que as mo\u00e7as administrem uma biblioteca itinerante desafia o status quo. Com o compromisso de levar livros para os moradores mais pobres da regi\u00e3o, Margery, Alice, Beth, Sophia e Izzy aceitam trabalhar na biblioteca. E \u00e0 medida que enfrentam in\u00fameras dificuldades, como aprender a cavalgar, percorrer rotas de dif\u00edcil acesso e suportar o preconceito dos mais conservadores, elas fortalecem o la\u00e7o que as une e descobrem mais sobre si mesmas. Em pouco tempo, toda a cidade se volta contra o grupo, colocando em risco a sobreviv\u00eancia do projeto. E as mulheres v\u00e3o se perguntar mais uma vez se o poder das palavras ser\u00e1 suficiente para salv\u00e1-las. Inspirado em uma hist\u00f3ria real,\u00a0Um caminho para a liberdade\u00a0fala de lealdade, independ\u00eancia e justi\u00e7a. Com uma trama envolvente e emocionante, Jojo Moyes faz o leitor refletir sobre as redes de apoio e amizade entre mulheres e como \u00e9 preciso ir al\u00e9m dos nossos \u2014 supostos \u2014 limites. Afinal, conquistar a liberdade nunca \u00e9 f\u00e1cil. A equipe Promo\u00e7\u00f5es do dia divulga produtos de nossos parceiros, sendo a venda e p\u00f3s venda de responsabilidade dos mesmos.<\/p>\n","protected":false},"featured_media":264,"template":"","meta":{"_uag_custom_page_level_css":"","site-sidebar-layout":"default","site-content-layout":"default","ast-site-content-layout":"default","site-content-style":"default","site-sidebar-style":"default","ast-global-header-display":"","ast-banner-title-visibility":"","ast-main-header-display":"","ast-hfb-above-header-display":"","ast-hfb-below-header-display":"","ast-hfb-mobile-header-display":"","site-post-title":"","ast-breadcrumbs-content":"","ast-featured-img":"","footer-sml-layout":"","theme-transparent-header-meta":"default","adv-header-id-meta":"","stick-header-meta":"","header-above-stick-meta":"","header-main-stick-meta":"","header-below-stick-meta":"","astra-migrate-meta-layouts":"default","ast-page-background-enabled":"default","ast-page-background-meta":{"desktop":{"background-color":"","background-image":"","background-repeat":"repeat","background-position":"center center","background-size":"auto","background-attachment":"scroll","background-type":"","background-media":"","overlay-type":"","overlay-color":"","overlay-opacity":"","overlay-gradient":""},"tablet":{"background-color":"","background-image":"","background-repeat":"repeat","background-position":"center center","background-size":"auto","background-attachment":"scroll","background-type":"","background-media":"","overlay-type":"","overlay-color":"","overlay-opacity":"","overlay-gradient":""},"mobile":{"background-color":"","background-image":"","background-repeat":"repeat","background-position":"center center","background-size":"auto","background-attachment":"scroll","background-type":"","background-media":"","overlay-type":"","overlay-color":"","overlay-opacity":"","overlay-gradient":""}},"ast-content-background-meta":{"desktop":{"background-color":"var(--ast-global-color-5)","background-image":"","background-repeat":"repeat","background-position":"center center","background-size":"auto","background-attachment":"scroll","background-type":"","background-media":"","overlay-type":"","overlay-color":"","overlay-opacity":"","overlay-gradient":""},"tablet":{"background-color":"var(--ast-global-color-5)","background-image":"","background-repeat":"repeat","background-position":"center center","background-size":"auto","background-attachment":"scroll","background-type":"","background-media":"","overlay-type":"","overlay-color":"","overlay-opacity":"","overlay-gradient":""},"mobile":{"background-color":"var(--ast-global-color-5)","background-image":"","background-repeat":"repeat","background-position":"center center","background-size":"auto","background-attachment":"scroll","background-type":"","background-media":"","overlay-type":"","overlay-color":"","overlay-opacity":"","overlay-gradient":""}}},"product_brand":[],"product_cat":[60],"product_tag":[],"class_list":{"0":"post-263","1":"product","2":"type-product","3":"status-publish","4":"has-post-thumbnail","6":"product_cat-livraria","7":"desktop-align-center","8":"tablet-align-left","9":"mobile-align-center","11":"first","12":"instock","13":"sale","14":"shipping-taxable","15":"product-type-external"},"uagb_featured_image_src":{"full":["https:\/\/promocaododia.com.br\/site\/wp-content\/uploads\/2021\/06\/Um-Caminho-Para-A-Liberdade.jpg",600,600,false],"thumbnail":["https:\/\/promocaododia.com.br\/site\/wp-content\/uploads\/2021\/06\/Um-Caminho-Para-A-Liberdade-150x150.jpg",150,150,true],"medium":["https:\/\/promocaododia.com.br\/site\/wp-content\/uploads\/2021\/06\/Um-Caminho-Para-A-Liberdade-300x300.jpg",300,300,true],"medium_large":["https:\/\/promocaododia.com.br\/site\/wp-content\/uploads\/2021\/06\/Um-Caminho-Para-A-Liberdade.jpg",600,600,false],"large":["https:\/\/promocaododia.com.br\/site\/wp-content\/uploads\/2021\/06\/Um-Caminho-Para-A-Liberdade.jpg",600,600,false],"1536x1536":["https:\/\/promocaododia.com.br\/site\/wp-content\/uploads\/2021\/06\/Um-Caminho-Para-A-Liberdade.jpg",600,600,false],"2048x2048":["https:\/\/promocaododia.com.br\/site\/wp-content\/uploads\/2021\/06\/Um-Caminho-Para-A-Liberdade.jpg",600,600,false],"woocommerce_thumbnail":["https:\/\/promocaododia.com.br\/site\/wp-content\/uploads\/2021\/06\/Um-Caminho-Para-A-Liberdade-250x250.jpg",250,250,true],"woocommerce_single":["https:\/\/promocaododia.com.br\/site\/wp-content\/uploads\/2021\/06\/Um-Caminho-Para-A-Liberdade-250x250.jpg",250,250,true],"woocommerce_gallery_thumbnail":["https:\/\/promocaododia.com.br\/site\/wp-content\/uploads\/2021\/06\/Um-Caminho-Para-A-Liberdade-100x100.jpg",100,100,true]},"uagb_author_info":{"display_name":"danilo.gbr","author_link":"https:\/\/promocaododia.com.br\/site\/author\/"},"uagb_comment_info":0,"uagb_excerpt":"Postado 15\/06\/2021 Cinco mulheres v\u00e3o enfrentar uma cidade inteira por amor aos livros. E juntas v\u00e3o descobrir o poder do conhecimento, da liberdade e da amizade. Em uma \u00e9poca em que n\u00e3o seguir os costumes e a religi\u00e3o era transgress\u00e3o grav\u00edssima, o caminho de um grupo de mulheres se cruza de maneira inesperada. A d\u00e9cada&hellip;","_links":{"self":[{"href":"https:\/\/promocaododia.com.br\/site\/wp-json\/wp\/v2\/product\/263","targetHints":{"allow":["GET"]}}],"collection":[{"href":"https:\/\/promocaododia.com.br\/site\/wp-json\/wp\/v2\/product"}],"about":[{"href":"https:\/\/promocaododia.com.br\/site\/wp-json\/wp\/v2\/types\/product"}],"wp:featuredmedia":[{"embeddable":true,"href":"https:\/\/promocaododia.com.br\/site\/wp-json\/wp\/v2\/media\/264"}],"wp:attachment":[{"href":"https:\/\/promocaododia.com.br\/site\/wp-json\/wp\/v2\/media?parent=263"}],"wp:term":[{"taxonomy":"product_brand","embeddable":true,"href":"https:\/\/promocaododia.com.br\/site\/wp-json\/wp\/v2\/product_brand?post=263"},{"taxonomy":"product_cat","embeddable":true,"href":"https:\/\/promocaododia.com.br\/site\/wp-json\/wp\/v2\/product_cat?post=263"},{"taxonomy":"product_tag","embeddable":true,"href":"https:\/\/promocaododia.com.br\/site\/wp-json\/wp\/v2\/product_tag?post=263"}],"curies":[{"name":"wp","href":"https:\/\/api.w.org\/{rel}","templated":true}]}}