{"id":275,"date":"2021-06-15T01:26:00","date_gmt":"2021-06-15T04:26:00","guid":{"rendered":"https:\/\/promocaododia.com.br\/site\/?post_type=product&#038;p=275"},"modified":"2021-06-15T01:26:00","modified_gmt":"2021-06-15T04:26:00","slug":"kit-tenis-caminhada-ever-way-relogio-digital-leve-casual","status":"publish","type":"product","link":"https:\/\/promocaododia.com.br\/site\/produto\/kit-tenis-caminhada-ever-way-relogio-digital-leve-casual\/","title":{"rendered":"Kit T\u00eanis Caminhada Ever Way + Rel\u00f3gio Digital Leve Casual"},"content":{"rendered":"<p>Postado 15\/06\/2021<\/p>\n<p>Trazendo o conceito de T\u00eanis-Meia em seu cabedal, o Ever Way em sua composi\u00e7\u00e3o o material t\u00eaxtil e solado em PVC micro expandido antiderrapante, que proporciona leveza e segura\u00e7a. O modelo conta tamb\u00e9m com forro em espuma, garantindo agilidade e comodidade nas atividades do dia a dia. Com visual minimalista, prop\u00f5e um cabedal com maior respirabilidade, sua palmilha em EVA antibactericida e detalhes em couro garantem maior seguran\u00e7a e prote\u00e7\u00e3o contra mau cheiro. Indicado para caminhadas e corridas, aposte no t\u00eanis com cal\u00e7as de compress\u00e3o e bermudas de tactel. O rel\u00f3gio \u00e9 digital , super moderno e ideal para acompanhar seus progressos nas pr\u00e1ticas esportivas.<\/p>\n<p>A equipe Promo\u00e7\u00f5es do dia divulga produtos de nossos parceiros, sendo a venda e p\u00f3s venda de responsabilidade dos mesmos.<\/p>\n","protected":false},"excerpt":{"rendered":"<p>Postado 15\/06\/2021 Trazendo o conceito de T\u00eanis-Meia em seu cabedal, o Ever Way em sua composi\u00e7\u00e3o o material t\u00eaxtil e solado em PVC micro expandido antiderrapante, que proporciona leveza e segura\u00e7a. O modelo conta tamb\u00e9m com forro em espuma, garantindo agilidade e comodidade nas atividades do dia a dia. Com visual minimalista, prop\u00f5e um cabedal com maior respirabilidade, sua palmilha em EVA antibactericida e detalhes em couro garantem maior seguran\u00e7a e prote\u00e7\u00e3o contra mau cheiro. Indicado para caminhadas e corridas, aposte no t\u00eanis com cal\u00e7as de compress\u00e3o e bermudas de tactel. O rel\u00f3gio \u00e9 digital , super moderno e ideal para acompanhar seus progressos nas pr\u00e1ticas esportivas. A equipe Promo\u00e7\u00f5es do dia divulga produtos de nossos parceiros, sendo a venda e p\u00f3s venda de responsabilidade dos mesmos.<\/p>\n","protected":false},"featured_media":276,"template":"","meta":{"_uag_custom_page_level_css":"","site-sidebar-layout":"default","site-content-layout":"default","ast-site-content-layout":"default","site-content-style":"default","site-sidebar-style":"default","ast-global-header-display":"","ast-banner-title-visibility":"","ast-main-header-display":"","ast-hfb-above-header-display":"","ast-hfb-below-header-display":"","ast-hfb-mobile-header-display":"","site-post-title":"","ast-breadcrumbs-content":"","ast-featured-img":"","footer-sml-layout":"","theme-transparent-header-meta":"default","adv-header-id-meta":"","stick-header-meta":"","header-above-stick-meta":"","header-main-stick-meta":"","header-below-stick-meta":"","astra-migrate-meta-layouts":"default","ast-page-background-enabled":"default","ast-page-background-meta":{"desktop":{"background-color":"","background-image":"","background-repeat":"repeat","background-position":"center center","background-size":"auto","background-attachment":"scroll","background-type":"","background-media":"","overlay-type":"","overlay-color":"","overlay-opacity":"","overlay-gradient":""},"tablet":{"background-color":"","background-image":"","background-repeat":"repeat","background-position":"center center","background-size":"auto","background-attachment":"scroll","background-type":"","background-media":"","overlay-type":"","overlay-color":"","overlay-opacity":"","overlay-gradient":""},"mobile":{"background-color":"","background-image":"","background-repeat":"repeat","background-position":"center center","background-size":"auto","background-attachment":"scroll","background-type":"","background-media":"","overlay-type":"","overlay-color":"","overlay-opacity":"","overlay-gradient":""}},"ast-content-background-meta":{"desktop":{"background-color":"var(--ast-global-color-5)","background-image":"","background-repeat":"repeat","background-position":"center center","background-size":"auto","background-attachment":"scroll","background-type":"","background-media":"","overlay-type":"","overlay-color":"","overlay-opacity":"","overlay-gradient":""},"tablet":{"background-color":"var(--ast-global-color-5)","background-image":"","background-repeat":"repeat","background-position":"center center","background-size":"auto","background-attachment":"scroll","background-type":"","background-media":"","overlay-type":"","overlay-color":"","overlay-opacity":"","overlay-gradient":""},"mobile":{"background-color":"var(--ast-global-color-5)","background-image":"","background-repeat":"repeat","background-position":"center center","background-size":"auto","background-attachment":"scroll","background-type":"","background-media":"","overlay-type":"","overlay-color":"","overlay-opacity":"","overlay-gradient":""}}},"product_brand":[],"product_cat":[58,31,30,40],"product_tag":[],"class_list":{"0":"post-275","1":"product","2":"type-product","3":"status-publish","4":"has-post-thumbnail","6":"product_cat-feminina","7":"product_cat-masculina","8":"product_cat-moda","9":"product_cat-tenis","10":"desktop-align-center","11":"tablet-align-left","12":"mobile-align-center","14":"first","15":"instock","16":"sale","17":"shipping-taxable","18":"product-type-external"},"uagb_featured_image_src":{"full":["https:\/\/promocaododia.com.br\/site\/wp-content\/uploads\/2021\/06\/Kit-Tenis-Caminhada-Ever-Way-Relogio-Digital-Leve-Casual.jpg",600,600,false],"thumbnail":["https:\/\/promocaododia.com.br\/site\/wp-content\/uploads\/2021\/06\/Kit-Tenis-Caminhada-Ever-Way-Relogio-Digital-Leve-Casual-150x150.jpg",150,150,true],"medium":["https:\/\/promocaododia.com.br\/site\/wp-content\/uploads\/2021\/06\/Kit-Tenis-Caminhada-Ever-Way-Relogio-Digital-Leve-Casual-300x300.jpg",300,300,true],"medium_large":["https:\/\/promocaododia.com.br\/site\/wp-content\/uploads\/2021\/06\/Kit-Tenis-Caminhada-Ever-Way-Relogio-Digital-Leve-Casual.jpg",600,600,false],"large":["https:\/\/promocaododia.com.br\/site\/wp-content\/uploads\/2021\/06\/Kit-Tenis-Caminhada-Ever-Way-Relogio-Digital-Leve-Casual.jpg",600,600,false],"1536x1536":["https:\/\/promocaododia.com.br\/site\/wp-content\/uploads\/2021\/06\/Kit-Tenis-Caminhada-Ever-Way-Relogio-Digital-Leve-Casual.jpg",600,600,false],"2048x2048":["https:\/\/promocaododia.com.br\/site\/wp-content\/uploads\/2021\/06\/Kit-Tenis-Caminhada-Ever-Way-Relogio-Digital-Leve-Casual.jpg",600,600,false],"woocommerce_thumbnail":["https:\/\/promocaododia.com.br\/site\/wp-content\/uploads\/2021\/06\/Kit-Tenis-Caminhada-Ever-Way-Relogio-Digital-Leve-Casual-250x250.jpg",250,250,true],"woocommerce_single":["https:\/\/promocaododia.com.br\/site\/wp-content\/uploads\/2021\/06\/Kit-Tenis-Caminhada-Ever-Way-Relogio-Digital-Leve-Casual-250x250.jpg",250,250,true],"woocommerce_gallery_thumbnail":["https:\/\/promocaododia.com.br\/site\/wp-content\/uploads\/2021\/06\/Kit-Tenis-Caminhada-Ever-Way-Relogio-Digital-Leve-Casual-100x100.jpg",100,100,true]},"uagb_author_info":{"display_name":"danilo.gbr","author_link":"https:\/\/promocaododia.com.br\/site\/author\/"},"uagb_comment_info":0,"uagb_excerpt":"Postado 15\/06\/2021 Trazendo o conceito de T\u00eanis-Meia em seu cabedal, o Ever Way em sua composi\u00e7\u00e3o o material t\u00eaxtil e solado em PVC micro expandido antiderrapante, que proporciona leveza e segura\u00e7a. O modelo conta tamb\u00e9m com forro em espuma, garantindo agilidade e comodidade nas atividades do dia a dia. Com visual minimalista, prop\u00f5e um cabedal&hellip;","_links":{"self":[{"href":"https:\/\/promocaododia.com.br\/site\/wp-json\/wp\/v2\/product\/275","targetHints":{"allow":["GET"]}}],"collection":[{"href":"https:\/\/promocaododia.com.br\/site\/wp-json\/wp\/v2\/product"}],"about":[{"href":"https:\/\/promocaododia.com.br\/site\/wp-json\/wp\/v2\/types\/product"}],"wp:featuredmedia":[{"embeddable":true,"href":"https:\/\/promocaododia.com.br\/site\/wp-json\/wp\/v2\/media\/276"}],"wp:attachment":[{"href":"https:\/\/promocaododia.com.br\/site\/wp-json\/wp\/v2\/media?parent=275"}],"wp:term":[{"taxonomy":"product_brand","embeddable":true,"href":"https:\/\/promocaododia.com.br\/site\/wp-json\/wp\/v2\/product_brand?post=275"},{"taxonomy":"product_cat","embeddable":true,"href":"https:\/\/promocaododia.com.br\/site\/wp-json\/wp\/v2\/product_cat?post=275"},{"taxonomy":"product_tag","embeddable":true,"href":"https:\/\/promocaododia.com.br\/site\/wp-json\/wp\/v2\/product_tag?post=275"}],"curies":[{"name":"wp","href":"https:\/\/api.w.org\/{rel}","templated":true}]}}