{"id":291,"date":"2021-06-16T09:34:20","date_gmt":"2021-06-16T12:34:20","guid":{"rendered":"https:\/\/promocaododia.com.br\/site\/?post_type=product&#038;p=291"},"modified":"2021-06-16T09:35:07","modified_gmt":"2021-06-16T12:35:07","slug":"kit-perfume-antonio-banderas-king-of-seduction-masculino-eau-de-toilette-100ml-e-pos-barba-75ml","status":"publish","type":"product","link":"https:\/\/promocaododia.com.br\/site\/produto\/kit-perfume-antonio-banderas-king-of-seduction-masculino-eau-de-toilette-100ml-e-pos-barba-75ml\/","title":{"rendered":"Kit Perfume Antonio Banderas King of Seduction &#8211; Masculino Eau de Toilette 100ml e P\u00f3s-Barba 75ml"},"content":{"rendered":"<p>Postado 16\/06\/2021<\/p>\n<p>Estar perfumado a qualquer hora, em diferentes momentos, nunca \u00e9 demais. E para facilitar o dia a dia e trazer ainda mais praticidade quando o assunto \u00e9 se sentir bem e agrad\u00e1vel a marca Antonio Banderas traz o Kit Perfume King of Seduction. Ele \u00e9 um eau de toilette, com 100 ml, indicado para o g\u00eanero masculino, apresenta uma fam\u00edlia olfativa arom\u00e1tica amadeirada. Um furac\u00e3o de elementos soltos que comp\u00f5e uma ess\u00eancia de poderosos contrastes. Intensa e en\u00e9rgica e, ao mesmo tempo, fresca e elegante. Com uma onda de acordes marinhos selvagens brilha sobre a delicada flor de jasmim e o seu sofisticado perfume. Ele vem acompanhado de uma lo\u00e7\u00e3o p\u00f3s-barba, 75ml, perfeita para todos os tipos de pele, com uma textura confort\u00e1vel ela refresca e acalma a pele. Neste kit cont\u00e9m duas unidades que podem ser levados na necessaire, bolsa ou mochila.<\/p>\n<p>A equipe Promo\u00e7\u00f5es do dia divulga produtos de nossos parceiros, sendo a venda e p\u00f3s venda de responsabilidade dos mesmos.<\/p>\n","protected":false},"excerpt":{"rendered":"<p>Postado 16\/06\/2021 Estar perfumado a qualquer hora, em diferentes momentos, nunca \u00e9 demais. E para facilitar o dia a dia e trazer ainda mais praticidade quando o assunto \u00e9 se sentir bem e agrad\u00e1vel a marca Antonio Banderas traz o Kit Perfume King of Seduction. Ele \u00e9 um eau de toilette, com 100 ml, indicado para o g\u00eanero masculino, apresenta uma fam\u00edlia olfativa arom\u00e1tica amadeirada. Um furac\u00e3o de elementos soltos que comp\u00f5e uma ess\u00eancia de poderosos contrastes. Intensa e en\u00e9rgica e, ao mesmo tempo, fresca e elegante. Com uma onda de acordes marinhos selvagens brilha sobre a delicada flor de jasmim e o seu sofisticado perfume. Ele vem acompanhado de uma lo\u00e7\u00e3o p\u00f3s-barba, 75ml, perfeita para todos os tipos de pele, com uma textura confort\u00e1vel ela refresca e acalma a pele. Neste kit cont\u00e9m duas unidades que podem ser levados na necessaire, bolsa ou mochila. A equipe Promo\u00e7\u00f5es do dia divulga produtos de nossos parceiros, sendo a venda e p\u00f3s venda de responsabilidade dos mesmos.<\/p>\n","protected":false},"featured_media":292,"template":"","meta":{"_uag_custom_page_level_css":"","site-sidebar-layout":"default","site-content-layout":"default","ast-site-content-layout":"default","site-content-style":"default","site-sidebar-style":"default","ast-global-header-display":"","ast-banner-title-visibility":"","ast-main-header-display":"","ast-hfb-above-header-display":"","ast-hfb-below-header-display":"","ast-hfb-mobile-header-display":"","site-post-title":"","ast-breadcrumbs-content":"","ast-featured-img":"","footer-sml-layout":"","theme-transparent-header-meta":"default","adv-header-id-meta":"","stick-header-meta":"","header-above-stick-meta":"","header-main-stick-meta":"","header-below-stick-meta":"","astra-migrate-meta-layouts":"default","ast-page-background-enabled":"default","ast-page-background-meta":{"desktop":{"background-color":"","background-image":"","background-repeat":"repeat","background-position":"center center","background-size":"auto","background-attachment":"scroll","background-type":"","background-media":"","overlay-type":"","overlay-color":"","overlay-opacity":"","overlay-gradient":""},"tablet":{"background-color":"","background-image":"","background-repeat":"repeat","background-position":"center center","background-size":"auto","background-attachment":"scroll","background-type":"","background-media":"","overlay-type":"","overlay-color":"","overlay-opacity":"","overlay-gradient":""},"mobile":{"background-color":"","background-image":"","background-repeat":"repeat","background-position":"center center","background-size":"auto","background-attachment":"scroll","background-type":"","background-media":"","overlay-type":"","overlay-color":"","overlay-opacity":"","overlay-gradient":""}},"ast-content-background-meta":{"desktop":{"background-color":"var(--ast-global-color-5)","background-image":"","background-repeat":"repeat","background-position":"center center","background-size":"auto","background-attachment":"scroll","background-type":"","background-media":"","overlay-type":"","overlay-color":"","overlay-opacity":"","overlay-gradient":""},"tablet":{"background-color":"var(--ast-global-color-5)","background-image":"","background-repeat":"repeat","background-position":"center center","background-size":"auto","background-attachment":"scroll","background-type":"","background-media":"","overlay-type":"","overlay-color":"","overlay-opacity":"","overlay-gradient":""},"mobile":{"background-color":"var(--ast-global-color-5)","background-image":"","background-repeat":"repeat","background-position":"center center","background-size":"auto","background-attachment":"scroll","background-type":"","background-media":"","overlay-type":"","overlay-color":"","overlay-opacity":"","overlay-gradient":""}}},"product_brand":[],"product_cat":[33,31,30,41],"product_tag":[],"class_list":{"0":"post-291","1":"product","2":"type-product","3":"status-publish","4":"has-post-thumbnail","6":"product_cat-beleza-e-perfumaria","7":"product_cat-masculina","8":"product_cat-moda","9":"product_cat-perfumes","10":"desktop-align-center","11":"tablet-align-left","12":"mobile-align-center","14":"first","15":"instock","16":"sale","17":"shipping-taxable","18":"product-type-external"},"uagb_featured_image_src":{"full":["https:\/\/promocaododia.com.br\/site\/wp-content\/uploads\/2021\/06\/Kit-Perfume-Antonio-Banderas-King-of-Seduction-Masculino-.jpg",600,600,false],"thumbnail":["https:\/\/promocaododia.com.br\/site\/wp-content\/uploads\/2021\/06\/Kit-Perfume-Antonio-Banderas-King-of-Seduction-Masculino--150x150.jpg",150,150,true],"medium":["https:\/\/promocaododia.com.br\/site\/wp-content\/uploads\/2021\/06\/Kit-Perfume-Antonio-Banderas-King-of-Seduction-Masculino--300x300.jpg",300,300,true],"medium_large":["https:\/\/promocaododia.com.br\/site\/wp-content\/uploads\/2021\/06\/Kit-Perfume-Antonio-Banderas-King-of-Seduction-Masculino-.jpg",600,600,false],"large":["https:\/\/promocaododia.com.br\/site\/wp-content\/uploads\/2021\/06\/Kit-Perfume-Antonio-Banderas-King-of-Seduction-Masculino-.jpg",600,600,false],"1536x1536":["https:\/\/promocaododia.com.br\/site\/wp-content\/uploads\/2021\/06\/Kit-Perfume-Antonio-Banderas-King-of-Seduction-Masculino-.jpg",600,600,false],"2048x2048":["https:\/\/promocaododia.com.br\/site\/wp-content\/uploads\/2021\/06\/Kit-Perfume-Antonio-Banderas-King-of-Seduction-Masculino-.jpg",600,600,false],"woocommerce_thumbnail":["https:\/\/promocaododia.com.br\/site\/wp-content\/uploads\/2021\/06\/Kit-Perfume-Antonio-Banderas-King-of-Seduction-Masculino--250x250.jpg",250,250,true],"woocommerce_single":["https:\/\/promocaododia.com.br\/site\/wp-content\/uploads\/2021\/06\/Kit-Perfume-Antonio-Banderas-King-of-Seduction-Masculino--250x250.jpg",250,250,true],"woocommerce_gallery_thumbnail":["https:\/\/promocaododia.com.br\/site\/wp-content\/uploads\/2021\/06\/Kit-Perfume-Antonio-Banderas-King-of-Seduction-Masculino--100x100.jpg",100,100,true]},"uagb_author_info":{"display_name":"danilo.gbr","author_link":"https:\/\/promocaododia.com.br\/site\/author\/"},"uagb_comment_info":0,"uagb_excerpt":"Postado 16\/06\/2021 Estar perfumado a qualquer hora, em diferentes momentos, nunca \u00e9 demais. E para facilitar o dia a dia e trazer ainda mais praticidade quando o assunto \u00e9 se sentir bem e agrad\u00e1vel a marca Antonio Banderas traz o Kit Perfume King of Seduction. Ele \u00e9 um eau de toilette, com 100 ml, indicado&hellip;","_links":{"self":[{"href":"https:\/\/promocaododia.com.br\/site\/wp-json\/wp\/v2\/product\/291","targetHints":{"allow":["GET"]}}],"collection":[{"href":"https:\/\/promocaododia.com.br\/site\/wp-json\/wp\/v2\/product"}],"about":[{"href":"https:\/\/promocaododia.com.br\/site\/wp-json\/wp\/v2\/types\/product"}],"wp:featuredmedia":[{"embeddable":true,"href":"https:\/\/promocaododia.com.br\/site\/wp-json\/wp\/v2\/media\/292"}],"wp:attachment":[{"href":"https:\/\/promocaododia.com.br\/site\/wp-json\/wp\/v2\/media?parent=291"}],"wp:term":[{"taxonomy":"product_brand","embeddable":true,"href":"https:\/\/promocaododia.com.br\/site\/wp-json\/wp\/v2\/product_brand?post=291"},{"taxonomy":"product_cat","embeddable":true,"href":"https:\/\/promocaododia.com.br\/site\/wp-json\/wp\/v2\/product_cat?post=291"},{"taxonomy":"product_tag","embeddable":true,"href":"https:\/\/promocaododia.com.br\/site\/wp-json\/wp\/v2\/product_tag?post=291"}],"curies":[{"name":"wp","href":"https:\/\/api.w.org\/{rel}","templated":true}]}}