{"id":295,"date":"2021-06-16T09:42:38","date_gmt":"2021-06-16T12:42:38","guid":{"rendered":"https:\/\/promocaododia.com.br\/site\/?post_type=product&#038;p=295"},"modified":"2021-06-16T09:42:38","modified_gmt":"2021-06-16T12:42:38","slug":"fritadeira-eletrica-sem-oleo-air-fryer-philco-gourmet-black-pfr15p-preto-4l","status":"publish","type":"product","link":"https:\/\/promocaododia.com.br\/site\/produto\/fritadeira-eletrica-sem-oleo-air-fryer-philco-gourmet-black-pfr15p-preto-4l\/","title":{"rendered":"Fritadeira El\u00e9trica sem \u00d3leo\/Air Fryer Philco &#8211; Gourmet Black PFR15P Preto 4L"},"content":{"rendered":"<p>Postado 16\/06\/2021<\/p>\n<p>Inove nas receitas e torne seus momentos na cozinha muito mais saud\u00e1veis com a Fritadeira El\u00e9trica sem \u00d3leo\/Air Fryer Gourmet Black PFR15P da Philco. Dispon\u00edvel na cor preto ela frita com pouqu\u00edssimo ou nenhum \u00f3leo, o que te permite criar receitas deliciosas e ainda cuidar da sa\u00fade. O cesto remov\u00edvel possui 4 litros de capacidade total e 3,2 litros de capacidade \u00fatil do cesto, revestimento antiaderente que facilita o cozimento e evita que os alimentos grudem. A fritadeira ainda conta com controle de temperatura de 80 a 200\u00b0C assim voc\u00ea pode escolher qual a temperatura ideal para cada tipo de alimento. E tem mais, sua tecnologia Air Fry 360 vai garantir que o ar quente passe por todo o alimento, deixando o preparo uniforme e delicioso.<\/p>\n<p>A equipe Promo\u00e7\u00f5es do dia divulga produtos de nossos parceiros, sendo a venda e p\u00f3s venda de responsabilidade dos mesmos.<\/p>\n","protected":false},"excerpt":{"rendered":"<p>Postado 16\/06\/2021 Inove nas receitas e torne seus momentos na cozinha muito mais saud\u00e1veis com a Fritadeira El\u00e9trica sem \u00d3leo\/Air Fryer Gourmet Black PFR15P da Philco. Dispon\u00edvel na cor preto ela frita com pouqu\u00edssimo ou nenhum \u00f3leo, o que te permite criar receitas deliciosas e ainda cuidar da sa\u00fade. O cesto remov\u00edvel possui 4 litros de capacidade total e 3,2 litros de capacidade \u00fatil do cesto, revestimento antiaderente que facilita o cozimento e evita que os alimentos grudem. A fritadeira ainda conta com controle de temperatura de 80 a 200\u00b0C assim voc\u00ea pode escolher qual a temperatura ideal para cada tipo de alimento. E tem mais, sua tecnologia Air Fry 360 vai garantir que o ar quente passe por todo o alimento, deixando o preparo uniforme e delicioso. A equipe Promo\u00e7\u00f5es do dia divulga produtos de nossos parceiros, sendo a venda e p\u00f3s venda de responsabilidade dos mesmos.<\/p>\n","protected":false},"featured_media":296,"template":"","meta":{"_uag_custom_page_level_css":"","site-sidebar-layout":"default","site-content-layout":"default","ast-site-content-layout":"default","site-content-style":"default","site-sidebar-style":"default","ast-global-header-display":"","ast-banner-title-visibility":"","ast-main-header-display":"","ast-hfb-above-header-display":"","ast-hfb-below-header-display":"","ast-hfb-mobile-header-display":"","site-post-title":"","ast-breadcrumbs-content":"","ast-featured-img":"","footer-sml-layout":"","theme-transparent-header-meta":"default","adv-header-id-meta":"","stick-header-meta":"","header-above-stick-meta":"","header-main-stick-meta":"","header-below-stick-meta":"","astra-migrate-meta-layouts":"default","ast-page-background-enabled":"default","ast-page-background-meta":{"desktop":{"background-color":"","background-image":"","background-repeat":"repeat","background-position":"center center","background-size":"auto","background-attachment":"scroll","background-type":"","background-media":"","overlay-type":"","overlay-color":"","overlay-opacity":"","overlay-gradient":""},"tablet":{"background-color":"","background-image":"","background-repeat":"repeat","background-position":"center center","background-size":"auto","background-attachment":"scroll","background-type":"","background-media":"","overlay-type":"","overlay-color":"","overlay-opacity":"","overlay-gradient":""},"mobile":{"background-color":"","background-image":"","background-repeat":"repeat","background-position":"center center","background-size":"auto","background-attachment":"scroll","background-type":"","background-media":"","overlay-type":"","overlay-color":"","overlay-opacity":"","overlay-gradient":""}},"ast-content-background-meta":{"desktop":{"background-color":"var(--ast-global-color-5)","background-image":"","background-repeat":"repeat","background-position":"center center","background-size":"auto","background-attachment":"scroll","background-type":"","background-media":"","overlay-type":"","overlay-color":"","overlay-opacity":"","overlay-gradient":""},"tablet":{"background-color":"var(--ast-global-color-5)","background-image":"","background-repeat":"repeat","background-position":"center center","background-size":"auto","background-attachment":"scroll","background-type":"","background-media":"","overlay-type":"","overlay-color":"","overlay-opacity":"","overlay-gradient":""},"mobile":{"background-color":"var(--ast-global-color-5)","background-image":"","background-repeat":"repeat","background-position":"center center","background-size":"auto","background-attachment":"scroll","background-type":"","background-media":"","overlay-type":"","overlay-color":"","overlay-opacity":"","overlay-gradient":""}}},"product_brand":[],"product_cat":[53],"product_tag":[],"class_list":{"0":"post-295","1":"product","2":"type-product","3":"status-publish","4":"has-post-thumbnail","6":"product_cat-eletroportateis","7":"desktop-align-center","8":"tablet-align-left","9":"mobile-align-center","11":"first","12":"instock","13":"sale","14":"shipping-taxable","15":"product-type-external"},"uagb_featured_image_src":{"full":["https:\/\/promocaododia.com.br\/site\/wp-content\/uploads\/2021\/06\/Fritadeira-Eletrica-sem-Oleo-Philco-Gourmet-Black-PFR15P-Preto-4L.jpg",600,600,false],"thumbnail":["https:\/\/promocaododia.com.br\/site\/wp-content\/uploads\/2021\/06\/Fritadeira-Eletrica-sem-Oleo-Philco-Gourmet-Black-PFR15P-Preto-4L-150x150.jpg",150,150,true],"medium":["https:\/\/promocaododia.com.br\/site\/wp-content\/uploads\/2021\/06\/Fritadeira-Eletrica-sem-Oleo-Philco-Gourmet-Black-PFR15P-Preto-4L-300x300.jpg",300,300,true],"medium_large":["https:\/\/promocaododia.com.br\/site\/wp-content\/uploads\/2021\/06\/Fritadeira-Eletrica-sem-Oleo-Philco-Gourmet-Black-PFR15P-Preto-4L.jpg",600,600,false],"large":["https:\/\/promocaododia.com.br\/site\/wp-content\/uploads\/2021\/06\/Fritadeira-Eletrica-sem-Oleo-Philco-Gourmet-Black-PFR15P-Preto-4L.jpg",600,600,false],"1536x1536":["https:\/\/promocaododia.com.br\/site\/wp-content\/uploads\/2021\/06\/Fritadeira-Eletrica-sem-Oleo-Philco-Gourmet-Black-PFR15P-Preto-4L.jpg",600,600,false],"2048x2048":["https:\/\/promocaododia.com.br\/site\/wp-content\/uploads\/2021\/06\/Fritadeira-Eletrica-sem-Oleo-Philco-Gourmet-Black-PFR15P-Preto-4L.jpg",600,600,false],"woocommerce_thumbnail":["https:\/\/promocaododia.com.br\/site\/wp-content\/uploads\/2021\/06\/Fritadeira-Eletrica-sem-Oleo-Philco-Gourmet-Black-PFR15P-Preto-4L-250x250.jpg",250,250,true],"woocommerce_single":["https:\/\/promocaododia.com.br\/site\/wp-content\/uploads\/2021\/06\/Fritadeira-Eletrica-sem-Oleo-Philco-Gourmet-Black-PFR15P-Preto-4L-250x250.jpg",250,250,true],"woocommerce_gallery_thumbnail":["https:\/\/promocaododia.com.br\/site\/wp-content\/uploads\/2021\/06\/Fritadeira-Eletrica-sem-Oleo-Philco-Gourmet-Black-PFR15P-Preto-4L-100x100.jpg",100,100,true]},"uagb_author_info":{"display_name":"danilo.gbr","author_link":"https:\/\/promocaododia.com.br\/site\/author\/"},"uagb_comment_info":0,"uagb_excerpt":"Postado 16\/06\/2021 Inove nas receitas e torne seus momentos na cozinha muito mais saud\u00e1veis com a Fritadeira El\u00e9trica sem \u00d3leo\/Air Fryer Gourmet Black PFR15P da Philco. Dispon\u00edvel na cor preto ela frita com pouqu\u00edssimo ou nenhum \u00f3leo, o que te permite criar receitas deliciosas e ainda cuidar da sa\u00fade. O cesto remov\u00edvel possui 4 litros&hellip;","_links":{"self":[{"href":"https:\/\/promocaododia.com.br\/site\/wp-json\/wp\/v2\/product\/295","targetHints":{"allow":["GET"]}}],"collection":[{"href":"https:\/\/promocaododia.com.br\/site\/wp-json\/wp\/v2\/product"}],"about":[{"href":"https:\/\/promocaododia.com.br\/site\/wp-json\/wp\/v2\/types\/product"}],"wp:featuredmedia":[{"embeddable":true,"href":"https:\/\/promocaododia.com.br\/site\/wp-json\/wp\/v2\/media\/296"}],"wp:attachment":[{"href":"https:\/\/promocaododia.com.br\/site\/wp-json\/wp\/v2\/media?parent=295"}],"wp:term":[{"taxonomy":"product_brand","embeddable":true,"href":"https:\/\/promocaododia.com.br\/site\/wp-json\/wp\/v2\/product_brand?post=295"},{"taxonomy":"product_cat","embeddable":true,"href":"https:\/\/promocaododia.com.br\/site\/wp-json\/wp\/v2\/product_cat?post=295"},{"taxonomy":"product_tag","embeddable":true,"href":"https:\/\/promocaododia.com.br\/site\/wp-json\/wp\/v2\/product_tag?post=295"}],"curies":[{"name":"wp","href":"https:\/\/api.w.org\/{rel}","templated":true}]}}