{"id":625,"date":"2022-10-22T14:26:56","date_gmt":"2022-10-22T17:26:56","guid":{"rendered":"https:\/\/promocaododia.com.br\/site\/?post_type=product&#038;p=625"},"modified":"2022-10-22T14:27:30","modified_gmt":"2022-10-22T17:27:30","slug":"amaciante-downy-concentrado-brisa-de-verao-3l","status":"publish","type":"product","link":"https:\/\/promocaododia.com.br\/site\/produto\/amaciante-downy-concentrado-brisa-de-verao-3l\/","title":{"rendered":"Amaciante Downy Concentrado Brisa de Ver\u00e3o 3L"},"content":{"rendered":"<p>Com o Amaciante Downy concentrado Brisa de Ver\u00e3o 3L voc\u00ea ter\u00e1 roupas muito mais bem cuidadas, protegidas e cheirosas. Sua f\u00f3rmula traz c\u00e1psulas de perfume que mant\u00e9m suas roupas livres dos maus odores e se ativam a cada toque, liberando uma deliciosa fragr\u00e2ncia durante todo o dia. Al\u00e9m disso, ele tamb\u00e9m oferece outros benef\u00edcios incr\u00edveis como maciez nos tecidos e mais facilidade ao passar as roupas. Seu alto rendimento garante o m\u00e1ximo de economia e efici\u00eancia, basta utilizar meia tampinha para lavar at\u00e9 10kg de roupas.<\/p>\n","protected":false},"excerpt":{"rendered":"<p>Com o Amaciante Downy concentrado Brisa de Ver\u00e3o 3L voc\u00ea ter\u00e1 roupas muito mais bem cuidadas, protegidas e cheirosas. Sua f\u00f3rmula traz c\u00e1psulas de perfume que mant\u00e9m suas roupas livres dos maus odores e se ativam a cada toque, liberando uma deliciosa fragr\u00e2ncia durante todo o dia. Al\u00e9m disso, ele tamb\u00e9m oferece outros benef\u00edcios incr\u00edveis como maciez nos tecidos e mais facilidade ao passar as roupas. Seu alto rendimento garante o m\u00e1ximo de economia e efici\u00eancia, basta utilizar meia tampinha para lavar at\u00e9 10kg de roupas.<\/p>\n","protected":false},"featured_media":626,"template":"","meta":{"_uag_custom_page_level_css":"","site-sidebar-layout":"default","site-content-layout":"default","ast-site-content-layout":"default","site-content-style":"default","site-sidebar-style":"default","ast-global-header-display":"","ast-banner-title-visibility":"","ast-main-header-display":"","ast-hfb-above-header-display":"","ast-hfb-below-header-display":"","ast-hfb-mobile-header-display":"","site-post-title":"","ast-breadcrumbs-content":"","ast-featured-img":"","footer-sml-layout":"","theme-transparent-header-meta":"default","adv-header-id-meta":"","stick-header-meta":"","header-above-stick-meta":"","header-main-stick-meta":"","header-below-stick-meta":"","astra-migrate-meta-layouts":"default","ast-page-background-enabled":"default","ast-page-background-meta":{"desktop":{"background-color":"","background-image":"","background-repeat":"repeat","background-position":"center center","background-size":"auto","background-attachment":"scroll","background-type":"","background-media":"","overlay-type":"","overlay-color":"","overlay-opacity":"","overlay-gradient":""},"tablet":{"background-color":"","background-image":"","background-repeat":"repeat","background-position":"center center","background-size":"auto","background-attachment":"scroll","background-type":"","background-media":"","overlay-type":"","overlay-color":"","overlay-opacity":"","overlay-gradient":""},"mobile":{"background-color":"","background-image":"","background-repeat":"repeat","background-position":"center center","background-size":"auto","background-attachment":"scroll","background-type":"","background-media":"","overlay-type":"","overlay-color":"","overlay-opacity":"","overlay-gradient":""}},"ast-content-background-meta":{"desktop":{"background-color":"var(--ast-global-color-5)","background-image":"","background-repeat":"repeat","background-position":"center center","background-size":"auto","background-attachment":"scroll","background-type":"","background-media":"","overlay-type":"","overlay-color":"","overlay-opacity":"","overlay-gradient":""},"tablet":{"background-color":"var(--ast-global-color-5)","background-image":"","background-repeat":"repeat","background-position":"center center","background-size":"auto","background-attachment":"scroll","background-type":"","background-media":"","overlay-type":"","overlay-color":"","overlay-opacity":"","overlay-gradient":""},"mobile":{"background-color":"var(--ast-global-color-5)","background-image":"","background-repeat":"repeat","background-position":"center center","background-size":"auto","background-attachment":"scroll","background-type":"","background-media":"","overlay-type":"","overlay-color":"","overlay-opacity":"","overlay-gradient":""}}},"product_brand":[],"product_cat":[84],"product_tag":[86,85,87],"class_list":{"0":"post-625","1":"product","2":"type-product","3":"status-publish","4":"has-post-thumbnail","6":"product_cat-mercado","7":"product_tag-amaciante","8":"product_tag-mercado","9":"product_tag-produto-de-limpeza","10":"desktop-align-center","11":"tablet-align-left","12":"mobile-align-center","14":"first","15":"instock","16":"sale","17":"shipping-taxable","18":"product-type-external"},"uagb_featured_image_src":{"full":["https:\/\/promocaododia.com.br\/site\/wp-content\/uploads\/2022\/10\/Amaciante-Downy-Concentrado-Brisa-de-Verao-3L.jpg",600,600,false],"thumbnail":["https:\/\/promocaododia.com.br\/site\/wp-content\/uploads\/2022\/10\/Amaciante-Downy-Concentrado-Brisa-de-Verao-3L-150x150.jpg",150,150,true],"medium":["https:\/\/promocaododia.com.br\/site\/wp-content\/uploads\/2022\/10\/Amaciante-Downy-Concentrado-Brisa-de-Verao-3L-300x300.jpg",300,300,true],"medium_large":["https:\/\/promocaododia.com.br\/site\/wp-content\/uploads\/2022\/10\/Amaciante-Downy-Concentrado-Brisa-de-Verao-3L.jpg",600,600,false],"large":["https:\/\/promocaododia.com.br\/site\/wp-content\/uploads\/2022\/10\/Amaciante-Downy-Concentrado-Brisa-de-Verao-3L.jpg",600,600,false],"1536x1536":["https:\/\/promocaododia.com.br\/site\/wp-content\/uploads\/2022\/10\/Amaciante-Downy-Concentrado-Brisa-de-Verao-3L.jpg",600,600,false],"2048x2048":["https:\/\/promocaododia.com.br\/site\/wp-content\/uploads\/2022\/10\/Amaciante-Downy-Concentrado-Brisa-de-Verao-3L.jpg",600,600,false],"woocommerce_thumbnail":["https:\/\/promocaododia.com.br\/site\/wp-content\/uploads\/2022\/10\/Amaciante-Downy-Concentrado-Brisa-de-Verao-3L-250x250.jpg",250,250,true],"woocommerce_single":["https:\/\/promocaododia.com.br\/site\/wp-content\/uploads\/2022\/10\/Amaciante-Downy-Concentrado-Brisa-de-Verao-3L-250x250.jpg",250,250,true],"woocommerce_gallery_thumbnail":["https:\/\/promocaododia.com.br\/site\/wp-content\/uploads\/2022\/10\/Amaciante-Downy-Concentrado-Brisa-de-Verao-3L-100x100.jpg",100,100,true]},"uagb_author_info":{"display_name":"danilo.gbr","author_link":"https:\/\/promocaododia.com.br\/site\/author\/"},"uagb_comment_info":0,"uagb_excerpt":"Com o Amaciante Downy concentrado Brisa de Ver\u00e3o 3L voc\u00ea ter\u00e1 roupas muito mais bem cuidadas, protegidas e cheirosas. Sua f\u00f3rmula traz c\u00e1psulas de perfume que mant\u00e9m suas roupas livres dos maus odores e se ativam a cada toque, liberando uma deliciosa fragr\u00e2ncia durante todo o dia. Al\u00e9m disso, ele tamb\u00e9m oferece outros benef\u00edcios incr\u00edveis&hellip;","_links":{"self":[{"href":"https:\/\/promocaododia.com.br\/site\/wp-json\/wp\/v2\/product\/625","targetHints":{"allow":["GET"]}}],"collection":[{"href":"https:\/\/promocaododia.com.br\/site\/wp-json\/wp\/v2\/product"}],"about":[{"href":"https:\/\/promocaododia.com.br\/site\/wp-json\/wp\/v2\/types\/product"}],"wp:featuredmedia":[{"embeddable":true,"href":"https:\/\/promocaododia.com.br\/site\/wp-json\/wp\/v2\/media\/626"}],"wp:attachment":[{"href":"https:\/\/promocaododia.com.br\/site\/wp-json\/wp\/v2\/media?parent=625"}],"wp:term":[{"taxonomy":"product_brand","embeddable":true,"href":"https:\/\/promocaododia.com.br\/site\/wp-json\/wp\/v2\/product_brand?post=625"},{"taxonomy":"product_cat","embeddable":true,"href":"https:\/\/promocaododia.com.br\/site\/wp-json\/wp\/v2\/product_cat?post=625"},{"taxonomy":"product_tag","embeddable":true,"href":"https:\/\/promocaododia.com.br\/site\/wp-json\/wp\/v2\/product_tag?post=625"}],"curies":[{"name":"wp","href":"https:\/\/api.w.org\/{rel}","templated":true}]}}