{"id":729,"date":"2022-10-23T07:25:21","date_gmt":"2022-10-23T10:25:21","guid":{"rendered":"https:\/\/promocaododia.com.br\/site\/?post_type=product&#038;p=729"},"modified":"2022-10-23T07:25:21","modified_gmt":"2022-10-23T10:25:21","slug":"fritadeira-eletrica-sem-oleo-airfryer-elgin-flash-fryer-110v","status":"publish","type":"product","link":"https:\/\/promocaododia.com.br\/site\/produto\/fritadeira-eletrica-sem-oleo-airfryer-elgin-flash-fryer-110v\/","title":{"rendered":"Fritadeira El\u00e9trica Sem \u00d3leo Airfryer Elgin Flash Fryer 110v"},"content":{"rendered":"<table class=\"tab descricao\">\n<tbody>\n<tr class=\"attribute level1\">\n<td>A Fritadeira El\u00e9trica Flash Fryer tem design robusto com acabamento em prata.<br \/>\nO cesto possui capacidade de 3,5 litros, para que voc\u00ea consiga preparar pratos para toda a sua fam\u00edlia.<\/p>\n<p>Esta fritadeira Air Fryer possui ajuste da temperatura at\u00e9 200\u00b0C, para ser adequado de acordo com o alimento.<br \/>\nEla conta com o sistema inteligente de aquecimento, que avisa por meio de uma luz verde quando est\u00e1 no processo de preaquecimento.<br \/>\nAo chegar \u00e0 temperatura ideal, a luz se desliga.<\/p>\n<p>E, para facilitar ainda mais o preparo, o eletroport\u00e1til disp\u00f5e da fun\u00e7\u00e3o timer de 60 minutos, que possibilita a programa\u00e7\u00e3o do tempo de cozimento dos alimentos.<br \/>\nDessa maneira, basta voc\u00ea configurar a temperatura e o tempo ideal para cada receita, e a Family Air Fryer faz o resto.<\/p>\n<p>CARACTER\u00cdTICAS:<br \/>\n&#8211; Design Moderno<br \/>\n&#8211; Timer de At\u00e9 60 min<br \/>\n&#8211; Design Moderno para a sua Cozinha<br \/>\n&#8211; Capacidade de at\u00e9 3,5L<br \/>\n&#8211; Sistema de circula\u00e7\u00e3o de Ar ultrar\u00e1pido, frita e economiza energia<br \/>\n&#8211; Frita sem \u00f3leo com at\u00e9 80% menos gordura<br \/>\n&#8211; Grelha anti-aderente<br \/>\n&#8211; Prote\u00e7\u00e3o contra aquecimento<br \/>\n&#8211; F\u00e1cil de Limpar e pode ir na Lava-lou\u00e7as<\/p>\n<p>DADOS T\u00c9CNICOS:<br \/>\n&#8211; Tens\u00e3o: 110V<br \/>\n&#8211; Pot\u00eancia (W): 1240<br \/>\n&#8211; Consumo de energia (kW\/h): 1,24<br \/>\n&#8211; Capacidade (litros): 3,5 L<br \/>\n&#8211; Controle de temperatura: 80 a 200\u00b0C<br \/>\n&#8211; Porta-fio: Sim<br \/>\n&#8211; Desligamento autom\u00e1tico: Sim<br \/>\n&#8211; Cesto remov\u00edvel: Sim<br \/>\n&#8211; Mat\u00e9m aquecido: Sim<br \/>\n&#8211; Tipo: Sem \u00f3leo<br \/>\n&#8211; Medidas (AxLxP): 27&#215;37,7&#215;32,3 cm<br \/>\n&#8211; Peso: 3,8 Kg<br \/>\n&#8211; Garantia: 12 meses<\/p>\n<p>ACESS\u00d3RIOS<br \/>\n&#8211; Bandeja de fritura<br \/>\n&#8211; Manual de instru\u00e7\u00f5es<\/td>\n<\/tr>\n<\/tbody>\n<\/table>\n","protected":false},"excerpt":{"rendered":"<p>A Fritadeira El\u00e9trica Flash Fryer tem design robusto com acabamento em prata. O cesto possui capacidade de 3,5 litros, para que voc\u00ea consiga preparar pratos para toda a sua fam\u00edlia. Esta fritadeira Air Fryer possui ajuste da temperatura at\u00e9 200\u00b0C, para ser adequado de acordo com o alimento. Ela conta com o sistema inteligente de aquecimento, que avisa por meio de uma luz verde quando est\u00e1 no processo de preaquecimento. Ao chegar \u00e0 temperatura ideal, a luz se desliga. E, para facilitar ainda mais o preparo, o eletroport\u00e1til disp\u00f5e da fun\u00e7\u00e3o timer de 60 minutos, que possibilita a programa\u00e7\u00e3o do tempo de cozimento dos alimentos. Dessa maneira, basta voc\u00ea configurar a temperatura e o tempo ideal para cada receita, e a Family Air Fryer faz o resto. CARACTER\u00cdTICAS: &#8211; Design Moderno &#8211; Timer de At\u00e9 60 min &#8211; Design Moderno para a sua Cozinha &#8211; Capacidade de at\u00e9 3,5L &#8211; Sistema de circula\u00e7\u00e3o de Ar ultrar\u00e1pido, frita e economiza energia &#8211; Frita sem \u00f3leo com at\u00e9 80% menos gordura &#8211; Grelha anti-aderente &#8211; Prote\u00e7\u00e3o contra aquecimento &#8211; F\u00e1cil de Limpar e pode ir na Lava-lou\u00e7as DADOS T\u00c9CNICOS: &#8211; Tens\u00e3o: 110V &#8211; Pot\u00eancia (W): 1240 &#8211; Consumo de energia (kW\/h): 1,24 &#8211; Capacidade (litros): 3,5 L &#8211; Controle de temperatura: 80 a 200\u00b0C &#8211; Porta-fio: Sim &#8211; Desligamento autom\u00e1tico: Sim &#8211; Cesto remov\u00edvel: Sim &#8211; Mat\u00e9m aquecido: Sim &#8211; Tipo: Sem \u00f3leo &#8211; Medidas (AxLxP): 27&#215;37,7&#215;32,3 cm &#8211; Peso: 3,8 Kg &#8211; Garantia: 12 meses ACESS\u00d3RIOS &#8211; Bandeja de fritura &#8211; Manual de instru\u00e7\u00f5es<\/p>\n","protected":false},"featured_media":730,"template":"","meta":{"_uag_custom_page_level_css":"","site-sidebar-layout":"default","site-content-layout":"default","ast-site-content-layout":"default","site-content-style":"default","site-sidebar-style":"default","ast-global-header-display":"","ast-banner-title-visibility":"","ast-main-header-display":"","ast-hfb-above-header-display":"","ast-hfb-below-header-display":"","ast-hfb-mobile-header-display":"","site-post-title":"","ast-breadcrumbs-content":"","ast-featured-img":"","footer-sml-layout":"","theme-transparent-header-meta":"default","adv-header-id-meta":"","stick-header-meta":"","header-above-stick-meta":"","header-main-stick-meta":"","header-below-stick-meta":"","astra-migrate-meta-layouts":"default","ast-page-background-enabled":"default","ast-page-background-meta":{"desktop":{"background-color":"","background-image":"","background-repeat":"repeat","background-position":"center center","background-size":"auto","background-attachment":"scroll","background-type":"","background-media":"","overlay-type":"","overlay-color":"","overlay-opacity":"","overlay-gradient":""},"tablet":{"background-color":"","background-image":"","background-repeat":"repeat","background-position":"center center","background-size":"auto","background-attachment":"scroll","background-type":"","background-media":"","overlay-type":"","overlay-color":"","overlay-opacity":"","overlay-gradient":""},"mobile":{"background-color":"","background-image":"","background-repeat":"repeat","background-position":"center center","background-size":"auto","background-attachment":"scroll","background-type":"","background-media":"","overlay-type":"","overlay-color":"","overlay-opacity":"","overlay-gradient":""}},"ast-content-background-meta":{"desktop":{"background-color":"var(--ast-global-color-5)","background-image":"","background-repeat":"repeat","background-position":"center center","background-size":"auto","background-attachment":"scroll","background-type":"","background-media":"","overlay-type":"","overlay-color":"","overlay-opacity":"","overlay-gradient":""},"tablet":{"background-color":"var(--ast-global-color-5)","background-image":"","background-repeat":"repeat","background-position":"center center","background-size":"auto","background-attachment":"scroll","background-type":"","background-media":"","overlay-type":"","overlay-color":"","overlay-opacity":"","overlay-gradient":""},"mobile":{"background-color":"var(--ast-global-color-5)","background-image":"","background-repeat":"repeat","background-position":"center center","background-size":"auto","background-attachment":"scroll","background-type":"","background-media":"","overlay-type":"","overlay-color":"","overlay-opacity":"","overlay-gradient":""}}},"product_brand":[],"product_cat":[28,110],"product_tag":[113,112,111,114],"class_list":{"0":"post-729","1":"product","2":"type-product","3":"status-publish","4":"has-post-thumbnail","6":"product_cat-eletrodomesticos","7":"product_cat-fritadeira","8":"product_tag-air-fryer","9":"product_tag-airfryer","10":"product_tag-fritadeira","11":"product_tag-sem-oleo","12":"desktop-align-center","13":"tablet-align-left","14":"mobile-align-center","16":"first","17":"instock","18":"sale","19":"shipping-taxable","20":"product-type-external"},"uagb_featured_image_src":{"full":["https:\/\/promocaododia.com.br\/site\/wp-content\/uploads\/2022\/10\/Fritadeira-Eletrica-Sem-Oleo-Airfryer-Elgin-Flash-Fryer-110v.jpg",600,600,false],"thumbnail":["https:\/\/promocaododia.com.br\/site\/wp-content\/uploads\/2022\/10\/Fritadeira-Eletrica-Sem-Oleo-Airfryer-Elgin-Flash-Fryer-110v-150x150.jpg",150,150,true],"medium":["https:\/\/promocaododia.com.br\/site\/wp-content\/uploads\/2022\/10\/Fritadeira-Eletrica-Sem-Oleo-Airfryer-Elgin-Flash-Fryer-110v-300x300.jpg",300,300,true],"medium_large":["https:\/\/promocaododia.com.br\/site\/wp-content\/uploads\/2022\/10\/Fritadeira-Eletrica-Sem-Oleo-Airfryer-Elgin-Flash-Fryer-110v.jpg",600,600,false],"large":["https:\/\/promocaododia.com.br\/site\/wp-content\/uploads\/2022\/10\/Fritadeira-Eletrica-Sem-Oleo-Airfryer-Elgin-Flash-Fryer-110v.jpg",600,600,false],"1536x1536":["https:\/\/promocaododia.com.br\/site\/wp-content\/uploads\/2022\/10\/Fritadeira-Eletrica-Sem-Oleo-Airfryer-Elgin-Flash-Fryer-110v.jpg",600,600,false],"2048x2048":["https:\/\/promocaododia.com.br\/site\/wp-content\/uploads\/2022\/10\/Fritadeira-Eletrica-Sem-Oleo-Airfryer-Elgin-Flash-Fryer-110v.jpg",600,600,false],"woocommerce_thumbnail":["https:\/\/promocaododia.com.br\/site\/wp-content\/uploads\/2022\/10\/Fritadeira-Eletrica-Sem-Oleo-Airfryer-Elgin-Flash-Fryer-110v-250x250.jpg",250,250,true],"woocommerce_single":["https:\/\/promocaododia.com.br\/site\/wp-content\/uploads\/2022\/10\/Fritadeira-Eletrica-Sem-Oleo-Airfryer-Elgin-Flash-Fryer-110v-250x250.jpg",250,250,true],"woocommerce_gallery_thumbnail":["https:\/\/promocaododia.com.br\/site\/wp-content\/uploads\/2022\/10\/Fritadeira-Eletrica-Sem-Oleo-Airfryer-Elgin-Flash-Fryer-110v-100x100.jpg",100,100,true]},"uagb_author_info":{"display_name":"danilo.gbr","author_link":"https:\/\/promocaododia.com.br\/site\/author\/"},"uagb_comment_info":0,"uagb_excerpt":"A Fritadeira El\u00e9trica Flash Fryer tem design robusto com acabamento em prata. O cesto possui capacidade de 3,5 litros, para que voc\u00ea consiga preparar pratos para toda a sua fam\u00edlia. Esta fritadeira Air Fryer possui ajuste da temperatura at\u00e9 200\u00b0C, para ser adequado de acordo com o alimento. Ela conta com o sistema inteligente de&hellip;","_links":{"self":[{"href":"https:\/\/promocaododia.com.br\/site\/wp-json\/wp\/v2\/product\/729","targetHints":{"allow":["GET"]}}],"collection":[{"href":"https:\/\/promocaododia.com.br\/site\/wp-json\/wp\/v2\/product"}],"about":[{"href":"https:\/\/promocaododia.com.br\/site\/wp-json\/wp\/v2\/types\/product"}],"wp:featuredmedia":[{"embeddable":true,"href":"https:\/\/promocaododia.com.br\/site\/wp-json\/wp\/v2\/media\/730"}],"wp:attachment":[{"href":"https:\/\/promocaododia.com.br\/site\/wp-json\/wp\/v2\/media?parent=729"}],"wp:term":[{"taxonomy":"product_brand","embeddable":true,"href":"https:\/\/promocaododia.com.br\/site\/wp-json\/wp\/v2\/product_brand?post=729"},{"taxonomy":"product_cat","embeddable":true,"href":"https:\/\/promocaododia.com.br\/site\/wp-json\/wp\/v2\/product_cat?post=729"},{"taxonomy":"product_tag","embeddable":true,"href":"https:\/\/promocaododia.com.br\/site\/wp-json\/wp\/v2\/product_tag?post=729"}],"curies":[{"name":"wp","href":"https:\/\/api.w.org\/{rel}","templated":true}]}}