{"id":761,"date":"2022-10-24T13:19:53","date_gmt":"2022-10-24T16:19:53","guid":{"rendered":"https:\/\/promocaododia.com.br\/site\/?post_type=product&#038;p=761"},"modified":"2022-10-24T13:19:53","modified_gmt":"2022-10-24T16:19:53","slug":"echo-dot-4a-geracao-smart-speaker-com-alexa-amazon","status":"publish","type":"product","link":"https:\/\/promocaododia.com.br\/site\/produto\/echo-dot-4a-geracao-smart-speaker-com-alexa-amazon\/","title":{"rendered":"Echo Dot 4\u00aa Gera\u00e7\u00e3o Smart Speaker com Alexa &#8211; Amazon"},"content":{"rendered":"<p>Conhe\u00e7a o novo Echo Dot 4a Gera\u00e7\u00e3o Preto da Amazon. O novo design de \u00e1udio com direcionamento frontal garante mais graves e um som muito mais limpo e aud\u00edvel.Controle m\u00fasicas apenas com sua voz e ou\u00e7a m\u00fasicas do Amazon Music, Apple Music, Spotify, Deezer e outros por toda sua casa com o recurso m\u00fasica multiambiente ou ainda escute suas esta\u00e7\u00f5es de r\u00e1dios prediletas.Sempre pronta para ajudar, a Alexa toca m\u00fasicas, responde perguntas, l\u00ea as not\u00edcias, checa a previs\u00e3o do tempo, cria alarmes, e ainda controla dispositivos de casa inteligente compat\u00edveis e muito mais.O controle dos seus aparelhos inteligentes s\u00e3o facilmente manipulados com sua voz, controle facilmente dispositivos compat\u00edveis e pe\u00e7a \u00e0 Alexa para acender as luzes, trancar portas e muito mais.Fa\u00e7a chamadas para amigos e familiares com o comando de voz atrav\u00e9s do aplicativo Alexa ou outros dispositivos Echo compat\u00edveis. Use o Drop In para se conectar rapidamente a outro dispositivo Echo.Desenvolvido para proteger sua privacidade, os dispositivos Alexa e Echo s\u00e3o desenvolvidos com m\u00faltiplas camadas de privacidade, incluindo o bot\u00e3o para desligar o microfone que o desconecta eletronicamente.<\/p>\n","protected":false},"excerpt":{"rendered":"<p>Conhe\u00e7a o novo Echo Dot 4a Gera\u00e7\u00e3o Preto da Amazon. O novo design de \u00e1udio com direcionamento frontal garante mais graves e um som muito mais limpo e aud\u00edvel.Controle m\u00fasicas apenas com sua voz e ou\u00e7a m\u00fasicas do Amazon Music, Apple Music, Spotify, Deezer e outros por toda sua casa com o recurso m\u00fasica multiambiente ou ainda escute suas esta\u00e7\u00f5es de r\u00e1dios prediletas.Sempre pronta para ajudar, a Alexa toca m\u00fasicas, responde perguntas, l\u00ea as not\u00edcias, checa a previs\u00e3o do tempo, cria alarmes, e ainda controla dispositivos de casa inteligente compat\u00edveis e muito mais.O controle dos seus aparelhos inteligentes s\u00e3o facilmente manipulados com sua voz, controle facilmente dispositivos compat\u00edveis e pe\u00e7a \u00e0 Alexa para acender as luzes, trancar portas e muito mais.Fa\u00e7a chamadas para amigos e familiares com o comando de voz atrav\u00e9s do aplicativo Alexa ou outros dispositivos Echo compat\u00edveis. Use o Drop In para se conectar rapidamente a outro dispositivo Echo.Desenvolvido para proteger sua privacidade, os dispositivos Alexa e Echo s\u00e3o desenvolvidos com m\u00faltiplas camadas de privacidade, incluindo o bot\u00e3o para desligar o microfone que o desconecta eletronicamente.<\/p>\n","protected":false},"featured_media":762,"template":"","meta":{"_uag_custom_page_level_css":"","site-sidebar-layout":"default","site-content-layout":"default","ast-site-content-layout":"default","site-content-style":"default","site-sidebar-style":"default","ast-global-header-display":"","ast-banner-title-visibility":"","ast-main-header-display":"","ast-hfb-above-header-display":"","ast-hfb-below-header-display":"","ast-hfb-mobile-header-display":"","site-post-title":"","ast-breadcrumbs-content":"","ast-featured-img":"","footer-sml-layout":"","theme-transparent-header-meta":"default","adv-header-id-meta":"","stick-header-meta":"","header-above-stick-meta":"","header-main-stick-meta":"","header-below-stick-meta":"","astra-migrate-meta-layouts":"default","ast-page-background-enabled":"default","ast-page-background-meta":{"desktop":{"background-color":"","background-image":"","background-repeat":"repeat","background-position":"center center","background-size":"auto","background-attachment":"scroll","background-type":"","background-media":"","overlay-type":"","overlay-color":"","overlay-opacity":"","overlay-gradient":""},"tablet":{"background-color":"","background-image":"","background-repeat":"repeat","background-position":"center center","background-size":"auto","background-attachment":"scroll","background-type":"","background-media":"","overlay-type":"","overlay-color":"","overlay-opacity":"","overlay-gradient":""},"mobile":{"background-color":"","background-image":"","background-repeat":"repeat","background-position":"center center","background-size":"auto","background-attachment":"scroll","background-type":"","background-media":"","overlay-type":"","overlay-color":"","overlay-opacity":"","overlay-gradient":""}},"ast-content-background-meta":{"desktop":{"background-color":"var(--ast-global-color-5)","background-image":"","background-repeat":"repeat","background-position":"center center","background-size":"auto","background-attachment":"scroll","background-type":"","background-media":"","overlay-type":"","overlay-color":"","overlay-opacity":"","overlay-gradient":""},"tablet":{"background-color":"var(--ast-global-color-5)","background-image":"","background-repeat":"repeat","background-position":"center center","background-size":"auto","background-attachment":"scroll","background-type":"","background-media":"","overlay-type":"","overlay-color":"","overlay-opacity":"","overlay-gradient":""},"mobile":{"background-color":"var(--ast-global-color-5)","background-image":"","background-repeat":"repeat","background-position":"center center","background-size":"auto","background-attachment":"scroll","background-type":"","background-media":"","overlay-type":"","overlay-color":"","overlay-opacity":"","overlay-gradient":""}}},"product_brand":[],"product_cat":[26,173],"product_tag":[131,174,176,177,175,178],"class_list":{"0":"post-761","1":"product","2":"type-product","3":"status-publish","4":"has-post-thumbnail","6":"product_cat-casa-inteligente","7":"product_cat-echo-dot","8":"product_tag-alexa","9":"product_tag-amazon","10":"product_tag-automacao","11":"product_tag-caixa-de-som","12":"product_tag-casa-inteligente","13":"product_tag-echo-dot","14":"desktop-align-center","15":"tablet-align-left","16":"mobile-align-center","18":"first","19":"instock","20":"sale","21":"shipping-taxable","22":"product-type-external"},"uagb_featured_image_src":{"full":["https:\/\/promocaododia.com.br\/site\/wp-content\/uploads\/2022\/10\/Echo-Dot-4a-Geracao-Smart-Speaker-com-Alexa-Amazon.jpg",600,600,false],"thumbnail":["https:\/\/promocaododia.com.br\/site\/wp-content\/uploads\/2022\/10\/Echo-Dot-4a-Geracao-Smart-Speaker-com-Alexa-Amazon-150x150.jpg",150,150,true],"medium":["https:\/\/promocaododia.com.br\/site\/wp-content\/uploads\/2022\/10\/Echo-Dot-4a-Geracao-Smart-Speaker-com-Alexa-Amazon-300x300.jpg",300,300,true],"medium_large":["https:\/\/promocaododia.com.br\/site\/wp-content\/uploads\/2022\/10\/Echo-Dot-4a-Geracao-Smart-Speaker-com-Alexa-Amazon.jpg",600,600,false],"large":["https:\/\/promocaododia.com.br\/site\/wp-content\/uploads\/2022\/10\/Echo-Dot-4a-Geracao-Smart-Speaker-com-Alexa-Amazon.jpg",600,600,false],"1536x1536":["https:\/\/promocaododia.com.br\/site\/wp-content\/uploads\/2022\/10\/Echo-Dot-4a-Geracao-Smart-Speaker-com-Alexa-Amazon.jpg",600,600,false],"2048x2048":["https:\/\/promocaododia.com.br\/site\/wp-content\/uploads\/2022\/10\/Echo-Dot-4a-Geracao-Smart-Speaker-com-Alexa-Amazon.jpg",600,600,false],"woocommerce_thumbnail":["https:\/\/promocaododia.com.br\/site\/wp-content\/uploads\/2022\/10\/Echo-Dot-4a-Geracao-Smart-Speaker-com-Alexa-Amazon-250x250.jpg",250,250,true],"woocommerce_single":["https:\/\/promocaododia.com.br\/site\/wp-content\/uploads\/2022\/10\/Echo-Dot-4a-Geracao-Smart-Speaker-com-Alexa-Amazon-250x250.jpg",250,250,true],"woocommerce_gallery_thumbnail":["https:\/\/promocaododia.com.br\/site\/wp-content\/uploads\/2022\/10\/Echo-Dot-4a-Geracao-Smart-Speaker-com-Alexa-Amazon-100x100.jpg",100,100,true]},"uagb_author_info":{"display_name":"danilo.gbr","author_link":"https:\/\/promocaododia.com.br\/site\/author\/"},"uagb_comment_info":0,"uagb_excerpt":"Conhe\u00e7a o novo Echo Dot 4a Gera\u00e7\u00e3o Preto da Amazon. O novo design de \u00e1udio com direcionamento frontal garante mais graves e um som muito mais limpo e aud\u00edvel.Controle m\u00fasicas apenas com sua voz e ou\u00e7a m\u00fasicas do Amazon Music, Apple Music, Spotify, Deezer e outros por toda sua casa com o recurso m\u00fasica multiambiente&hellip;","_links":{"self":[{"href":"https:\/\/promocaododia.com.br\/site\/wp-json\/wp\/v2\/product\/761","targetHints":{"allow":["GET"]}}],"collection":[{"href":"https:\/\/promocaododia.com.br\/site\/wp-json\/wp\/v2\/product"}],"about":[{"href":"https:\/\/promocaododia.com.br\/site\/wp-json\/wp\/v2\/types\/product"}],"wp:featuredmedia":[{"embeddable":true,"href":"https:\/\/promocaododia.com.br\/site\/wp-json\/wp\/v2\/media\/762"}],"wp:attachment":[{"href":"https:\/\/promocaododia.com.br\/site\/wp-json\/wp\/v2\/media?parent=761"}],"wp:term":[{"taxonomy":"product_brand","embeddable":true,"href":"https:\/\/promocaododia.com.br\/site\/wp-json\/wp\/v2\/product_brand?post=761"},{"taxonomy":"product_cat","embeddable":true,"href":"https:\/\/promocaododia.com.br\/site\/wp-json\/wp\/v2\/product_cat?post=761"},{"taxonomy":"product_tag","embeddable":true,"href":"https:\/\/promocaododia.com.br\/site\/wp-json\/wp\/v2\/product_tag?post=761"}],"curies":[{"name":"wp","href":"https:\/\/api.w.org\/{rel}","templated":true}]}}