{"id":767,"date":"2022-10-24T19:52:30","date_gmt":"2022-10-24T22:52:30","guid":{"rendered":"https:\/\/promocaododia.com.br\/site\/?post_type=product&#038;p=767"},"modified":"2022-10-24T19:52:30","modified_gmt":"2022-10-24T22:52:30","slug":"bicicleta-gts-aro-29-freio-a-disco-cambio-gtsm1-tsi-21-marchas-e-amortecedor-gts-m1-ride-new","status":"publish","type":"product","link":"https:\/\/promocaododia.com.br\/site\/produto\/bicicleta-gts-aro-29-freio-a-disco-cambio-gtsm1-tsi-21-marchas-e-amortecedor-gts-m1-ride-new\/","title":{"rendered":"Bicicleta GTS Aro 29 Freio a Disco C\u00e2mbio Gtsm1 TSI 21 Marchas e Amortecedor GTS M1 Ride New"},"content":{"rendered":"<p>Bicicleta GTSM1 Ride New Tsi-7 \u00e9 ideal para quem quer come\u00e7ar a pedalar, realizar passeios e utilizar no dia-a-dia. S\u00e3o 3 tipos de tamanhos de quadro e as cores s\u00e3o variadas para voc\u00ea escolher, o peso total da bike \u00e9 de 15kg montada. A Bike \u00e9 direta da F\u00e1brica Oficial com mais de 28 anos no mercado e garantia exclusiva com suporte diferenciado. Suporta at\u00e9 100kgs.<\/p>\n<p>Sistema de marchas: O sistema de marchas da bicicleta \u00e9 um dos mais importantes componentes, \u00e9 como se fosse o \u201ccora\u00e7\u00e3o\u201d da sua bike.<\/p>\n<p>Os c\u00e2mbios Tsi tem alta durabilidade e qualidade de sobra, ajudando voc\u00ea a ter alta performance em sua bike, veja do que \u00e9 composto:<\/p>\n<p>C\u00c2MBIO TRASEIRO GTSM1 Tsi-7<\/p>\n<p>C\u00c2MBIO DIANTEIRO GTSM1 Tsi-7<\/p>\n<p>ENGRENAGEM STEEL 22\/32\/42<\/p>\n<p>CATRACA RODA LIVRE INDEX 7V IMP. 14-28<\/p>\n<p>TROCADOR RAPID FIRE COM VISOR DE MARCHAS 3x7V.<\/p>\n<p>CORRENTE INDEX 7 VELOCIDADES<\/p>\n<p>Suspens\u00e3o \/ Guid\u00e3o<\/p>\n<p>O guid\u00e3o dessa bike por padr\u00e3o \u00e9 reto, por\u00e9m nada impede de fazermos a troca por um guid\u00e3o curvo desde que seja solicitada no ato da compra, confira mais detalhes:<\/p>\n<p>GARFO SUSPENS\u00c3O WALK 80MM SEM TRAVA A MOLA<\/p>\n<p>GUID\u00c3O MTB 31.8 STEEL<\/p>\n<p>AVAN\u00c7O GTSM1 ALUM\u00cdNIO STROLL<\/p>\n<p>DIRE\u00c7\u00c3O GTSM1 INTEGRADA<\/p>\n<p>SPACER AHED 10MM<\/p>\n<p>MANOPLA BORRACHA<\/p>\n<p>Rodas \/ Componentes: Um dos aros mais procurados hoje em dia \u00e9 o 29, que \u00e9 um dos mais utilizados em nossas bikes, mas \u00e9 preciso se atentar se realmente a bike possui um aro bom e com componentes que correspondam a grandes impactos e atritos, confira mais detalhes:<\/p>\n<p>ARO 29 DE ALUM\u00cdNIO 36 FUROS PAREDE DUPLA<\/p>\n<p>RAIO ZINCADO<\/p>\n<p>PNEU 29\/2.10 CRAVO MISTO<\/p>\n<p>CAMARA 29 IMP.<\/p>\n<p>CUBO ROSCA DISK A\u00c7O FREIO A DISCO BLOCAGEM R\u00c1PIDA<\/p>\n<p>Selim \/ Pedal<\/p>\n<p>SELIM IMP.<\/p>\n<p>CANOTE TRADICIONAL 27.2 ALUM\u00cdNIO<\/p>\n<p>ABRA\u00c7ADEIRA PARA SELIM (IMP) MTB COM BLOCAGEM<\/p>\n<p>PEDAL (IMP.) PLATAFORMA NYLON<\/p>\n<p>Freios: O freio a disco mec\u00e2nico \u00e9 de alta qualidade compat\u00edvel com qualquer cubo com suporte de disco.<\/p>\n<p>FREIO A DISCO MEC\u00c2NICO IMP. COM DISCO DE 160MM<\/p>\n<p>Quadro<\/p>\n<p>QUADRO RIDE NEW 2022 ALUM\u00cdNIO 6061<\/p>\n<p>ADESIVOS EM VINIL<\/p>\n<p>CENTRO COM ROLAMENTO 122MM<\/p>\n<p>FURA\u00c7\u00c3O PARA SUPORTE CARAMANHOLA<\/p>\n<p>CAIXA DE DIRE\u00c7\u00c3O OVER<\/p>\n<p>GARANTIA DE 1 ANO PARA O QUADRO<\/p>\n<p>Bike para quais objetivos ?<\/p>\n<p>USO URBANO<\/p>\n<p>O tamanho do quadro \u00e9 referente \u00e0 altura do ciclista.<\/p>\n<p>Quadro 17 &#8211; Atende de 1.60cm a 1.72cm de altura.<\/p>\n<p>Quadro 19 &#8211; Atende de 1.72cm a 1.83cm de altura.<\/p>\n<p>Quadro 21 &#8211; Atende de 1.83cm a 1.98cm de altura.<\/p>\n<p>Bike pr\u00e9-montada!<\/p>\n<p>A BICICLETA SEGUE MONTADA E REVISADA, MAS POR MOTIVO DE ACOMODA\u00c7\u00c3O NA EMBALAGEM DE TRANSPORTE SER\u00c3O RETIRADOS: SELIM, PEDAIS, GUID\u00c3O E RODA DIANTEIRA. A INSTALA\u00c7\u00c3O DESSES, SER\u00c3O DE RESPONSABILIDADE DO CLIENTE, POR MOTIVO DE TRANSPORTE\/MANUSEIO \u00c9 NECESS\u00c1RIO, AO RECEBER, EFETUAR NOVA REGULAGEM DO SISTEMA DE MARCHAS E FREIOS. A GTSM1 N\u00c3O SE RESPONSABILIZA PELA REVIS\u00c3O FINAL DA BICICLETA, QUE DEVE SER REALIZADA EM UMA OFICINA ESPECIALIZADA DE CONFIAN\u00c7A DO CLIENTE.<\/p>\n<p>SEGUEM ALGUMAS OBSERVA\u00c7\u00d5ES:<\/p>\n<p>*Acess\u00f3rios como: Pedivela (engrenagem), trocador, selim, guid\u00e3o, manoplas, pedais, canote, adesivos das rodas e avan\u00e7o poder\u00e3o sofrer mudan\u00e7as em design conforme disponibilidade em estoque, mantendo sempre os mesmos materiais, qualidade e as cores do produto ou uma cor \u00fanica toda em preto.<\/p>\n<p>*ESTE PRODUTO EM REGI\u00d5ES COM ALTA SALINIDADE PODER\u00c1 APRESENTAR CORROS\u00c3O, POR ISSO MANTENHA SEMPRE A CONSERVA\u00c7\u00c3O, LUBRIFICA\u00c7\u00c3O E MANUTEN\u00c7\u00c3O.<\/p>\n<p>*A GARANTIA N\u00c3O COBRE DEFEITOS POR MAU USO OU PELA MONTAGEM\/REVIS\u00c3O INADEQUADA DO PRODUTO.<\/p>\n","protected":false},"excerpt":{"rendered":"<p>Bicicleta GTSM1 Ride New Tsi-7 \u00e9 ideal para quem quer come\u00e7ar a pedalar, realizar passeios e utilizar no dia-a-dia. S\u00e3o 3 tipos de tamanhos de quadro e as cores s\u00e3o variadas para voc\u00ea escolher, o peso total da bike \u00e9 de 15kg montada. A Bike \u00e9 direta da F\u00e1brica Oficial com mais de 28 anos no mercado e garantia exclusiva com suporte diferenciado. Suporta at\u00e9 100kgs. Sistema de marchas: O sistema de marchas da bicicleta \u00e9 um dos mais importantes componentes, \u00e9 como se fosse o \u201ccora\u00e7\u00e3o\u201d da sua bike. Os c\u00e2mbios Tsi tem alta durabilidade e qualidade de sobra, ajudando voc\u00ea a ter alta performance em sua bike, veja do que \u00e9 composto: C\u00c2MBIO TRASEIRO GTSM1 Tsi-7 C\u00c2MBIO DIANTEIRO GTSM1 Tsi-7 ENGRENAGEM STEEL 22\/32\/42 CATRACA RODA LIVRE INDEX 7V IMP. 14-28 TROCADOR RAPID FIRE COM VISOR DE MARCHAS 3x7V. CORRENTE INDEX 7 VELOCIDADES Suspens\u00e3o \/ Guid\u00e3o O guid\u00e3o dessa bike por padr\u00e3o \u00e9 reto, por\u00e9m nada impede de fazermos a troca por um guid\u00e3o curvo desde que seja solicitada no ato da compra, confira mais detalhes: GARFO SUSPENS\u00c3O WALK 80MM SEM TRAVA A MOLA GUID\u00c3O MTB 31.8 STEEL AVAN\u00c7O GTSM1 ALUM\u00cdNIO STROLL DIRE\u00c7\u00c3O GTSM1 INTEGRADA SPACER AHED 10MM MANOPLA BORRACHA Rodas \/ Componentes: Um dos aros mais procurados hoje em dia \u00e9 o 29, que \u00e9 um dos mais utilizados em nossas bikes, mas \u00e9 preciso se atentar se realmente a bike possui um aro bom e com componentes que correspondam a grandes impactos e atritos, confira mais detalhes: ARO 29 DE ALUM\u00cdNIO 36 FUROS PAREDE DUPLA RAIO ZINCADO PNEU 29\/2.10 CRAVO MISTO CAMARA 29 IMP. CUBO ROSCA DISK A\u00c7O FREIO A DISCO BLOCAGEM R\u00c1PIDA Selim \/ Pedal SELIM IMP. CANOTE TRADICIONAL 27.2 ALUM\u00cdNIO ABRA\u00c7ADEIRA PARA SELIM (IMP) MTB COM BLOCAGEM PEDAL (IMP.) PLATAFORMA NYLON Freios: O freio a disco mec\u00e2nico \u00e9 de alta qualidade compat\u00edvel com qualquer cubo com suporte de disco. FREIO A DISCO MEC\u00c2NICO IMP. COM DISCO DE 160MM Quadro QUADRO RIDE NEW 2022 ALUM\u00cdNIO 6061 ADESIVOS EM VINIL CENTRO COM ROLAMENTO 122MM FURA\u00c7\u00c3O PARA SUPORTE CARAMANHOLA CAIXA DE DIRE\u00c7\u00c3O OVER GARANTIA DE 1 ANO PARA O QUADRO Bike para quais objetivos ? USO URBANO O tamanho do quadro \u00e9 referente \u00e0 altura do ciclista. Quadro 17 &#8211; Atende de 1.60cm a 1.72cm de altura. Quadro 19 &#8211; Atende de 1.72cm a 1.83cm de altura. Quadro 21 &#8211; Atende de 1.83cm a 1.98cm de altura. Bike pr\u00e9-montada! A BICICLETA SEGUE MONTADA E REVISADA, MAS POR MOTIVO DE ACOMODA\u00c7\u00c3O NA EMBALAGEM DE TRANSPORTE SER\u00c3O RETIRADOS: SELIM, PEDAIS, GUID\u00c3O E RODA DIANTEIRA. A INSTALA\u00c7\u00c3O DESSES, SER\u00c3O DE RESPONSABILIDADE DO CLIENTE, POR MOTIVO DE TRANSPORTE\/MANUSEIO \u00c9 NECESS\u00c1RIO, AO RECEBER, EFETUAR NOVA REGULAGEM DO SISTEMA DE MARCHAS E FREIOS. A GTSM1 N\u00c3O SE RESPONSABILIZA PELA REVIS\u00c3O FINAL DA BICICLETA, QUE DEVE SER REALIZADA EM UMA OFICINA ESPECIALIZADA DE CONFIAN\u00c7A DO CLIENTE. SEGUEM ALGUMAS OBSERVA\u00c7\u00d5ES: *Acess\u00f3rios como: Pedivela (engrenagem), trocador, selim, guid\u00e3o, manoplas, pedais, canote, adesivos das rodas e avan\u00e7o poder\u00e3o sofrer mudan\u00e7as em design conforme disponibilidade em estoque, mantendo sempre os mesmos materiais, qualidade e as cores do produto ou uma cor \u00fanica toda em preto. *ESTE PRODUTO EM REGI\u00d5ES COM ALTA SALINIDADE PODER\u00c1 APRESENTAR CORROS\u00c3O, POR ISSO MANTENHA SEMPRE A CONSERVA\u00c7\u00c3O, LUBRIFICA\u00c7\u00c3O E MANUTEN\u00c7\u00c3O. *A GARANTIA N\u00c3O COBRE DEFEITOS POR MAU USO OU PELA MONTAGEM\/REVIS\u00c3O INADEQUADA DO PRODUTO.<\/p>\n","protected":false},"featured_media":768,"template":"","meta":{"_uag_custom_page_level_css":"","site-sidebar-layout":"default","site-content-layout":"default","ast-site-content-layout":"default","site-content-style":"default","site-sidebar-style":"default","ast-global-header-display":"","ast-banner-title-visibility":"","ast-main-header-display":"","ast-hfb-above-header-display":"","ast-hfb-below-header-display":"","ast-hfb-mobile-header-display":"","site-post-title":"","ast-breadcrumbs-content":"","ast-featured-img":"","footer-sml-layout":"","theme-transparent-header-meta":"default","adv-header-id-meta":"","stick-header-meta":"","header-above-stick-meta":"","header-main-stick-meta":"","header-below-stick-meta":"","astra-migrate-meta-layouts":"default","ast-page-background-enabled":"default","ast-page-background-meta":{"desktop":{"background-color":"","background-image":"","background-repeat":"repeat","background-position":"center center","background-size":"auto","background-attachment":"scroll","background-type":"","background-media":"","overlay-type":"","overlay-color":"","overlay-opacity":"","overlay-gradient":""},"tablet":{"background-color":"","background-image":"","background-repeat":"repeat","background-position":"center center","background-size":"auto","background-attachment":"scroll","background-type":"","background-media":"","overlay-type":"","overlay-color":"","overlay-opacity":"","overlay-gradient":""},"mobile":{"background-color":"","background-image":"","background-repeat":"repeat","background-position":"center center","background-size":"auto","background-attachment":"scroll","background-type":"","background-media":"","overlay-type":"","overlay-color":"","overlay-opacity":"","overlay-gradient":""}},"ast-content-background-meta":{"desktop":{"background-color":"var(--ast-global-color-5)","background-image":"","background-repeat":"repeat","background-position":"center center","background-size":"auto","background-attachment":"scroll","background-type":"","background-media":"","overlay-type":"","overlay-color":"","overlay-opacity":"","overlay-gradient":""},"tablet":{"background-color":"var(--ast-global-color-5)","background-image":"","background-repeat":"repeat","background-position":"center center","background-size":"auto","background-attachment":"scroll","background-type":"","background-media":"","overlay-type":"","overlay-color":"","overlay-opacity":"","overlay-gradient":""},"mobile":{"background-color":"var(--ast-global-color-5)","background-image":"","background-repeat":"repeat","background-position":"center center","background-size":"auto","background-attachment":"scroll","background-type":"","background-media":"","overlay-type":"","overlay-color":"","overlay-opacity":"","overlay-gradient":""}}},"product_brand":[],"product_cat":[50,196,49,51],"product_tag":[200,198,197,199,201],"class_list":{"0":"post-767","1":"product","2":"type-product","3":"status-publish","4":"has-post-thumbnail","6":"product_cat-aventura-e-lazer","7":"product_cat-bicicletas","8":"product_cat-esporte","9":"product_cat-esporte-e-lazer","10":"product_tag-21-marchas","11":"product_tag-aro-29","12":"product_tag-bicicleta","13":"product_tag-freios-a-disco","14":"product_tag-gts-m1","15":"desktop-align-center","16":"tablet-align-left","17":"mobile-align-center","19":"first","20":"instock","21":"sale","22":"shipping-taxable","23":"product-type-external"},"uagb_featured_image_src":{"full":["https:\/\/promocaododia.com.br\/site\/wp-content\/uploads\/2022\/10\/Bicicleta-GTS-Aro-29-Freio-a-Disco-Cambio-Gtsm1-TSI-21-Marchas-e-Amortecedor-GTS-M1-Ride-New.jpg",600,600,false],"thumbnail":["https:\/\/promocaododia.com.br\/site\/wp-content\/uploads\/2022\/10\/Bicicleta-GTS-Aro-29-Freio-a-Disco-Cambio-Gtsm1-TSI-21-Marchas-e-Amortecedor-GTS-M1-Ride-New-150x150.jpg",150,150,true],"medium":["https:\/\/promocaododia.com.br\/site\/wp-content\/uploads\/2022\/10\/Bicicleta-GTS-Aro-29-Freio-a-Disco-Cambio-Gtsm1-TSI-21-Marchas-e-Amortecedor-GTS-M1-Ride-New-300x300.jpg",300,300,true],"medium_large":["https:\/\/promocaododia.com.br\/site\/wp-content\/uploads\/2022\/10\/Bicicleta-GTS-Aro-29-Freio-a-Disco-Cambio-Gtsm1-TSI-21-Marchas-e-Amortecedor-GTS-M1-Ride-New.jpg",600,600,false],"large":["https:\/\/promocaododia.com.br\/site\/wp-content\/uploads\/2022\/10\/Bicicleta-GTS-Aro-29-Freio-a-Disco-Cambio-Gtsm1-TSI-21-Marchas-e-Amortecedor-GTS-M1-Ride-New.jpg",600,600,false],"1536x1536":["https:\/\/promocaododia.com.br\/site\/wp-content\/uploads\/2022\/10\/Bicicleta-GTS-Aro-29-Freio-a-Disco-Cambio-Gtsm1-TSI-21-Marchas-e-Amortecedor-GTS-M1-Ride-New.jpg",600,600,false],"2048x2048":["https:\/\/promocaododia.com.br\/site\/wp-content\/uploads\/2022\/10\/Bicicleta-GTS-Aro-29-Freio-a-Disco-Cambio-Gtsm1-TSI-21-Marchas-e-Amortecedor-GTS-M1-Ride-New.jpg",600,600,false],"woocommerce_thumbnail":["https:\/\/promocaododia.com.br\/site\/wp-content\/uploads\/2022\/10\/Bicicleta-GTS-Aro-29-Freio-a-Disco-Cambio-Gtsm1-TSI-21-Marchas-e-Amortecedor-GTS-M1-Ride-New-250x250.jpg",250,250,true],"woocommerce_single":["https:\/\/promocaododia.com.br\/site\/wp-content\/uploads\/2022\/10\/Bicicleta-GTS-Aro-29-Freio-a-Disco-Cambio-Gtsm1-TSI-21-Marchas-e-Amortecedor-GTS-M1-Ride-New-250x250.jpg",250,250,true],"woocommerce_gallery_thumbnail":["https:\/\/promocaododia.com.br\/site\/wp-content\/uploads\/2022\/10\/Bicicleta-GTS-Aro-29-Freio-a-Disco-Cambio-Gtsm1-TSI-21-Marchas-e-Amortecedor-GTS-M1-Ride-New-100x100.jpg",100,100,true]},"uagb_author_info":{"display_name":"danilo.gbr","author_link":"https:\/\/promocaododia.com.br\/site\/author\/"},"uagb_comment_info":0,"uagb_excerpt":"Bicicleta GTSM1 Ride New Tsi-7 \u00e9 ideal para quem quer come\u00e7ar a pedalar, realizar passeios e utilizar no dia-a-dia. S\u00e3o 3 tipos de tamanhos de quadro e as cores s\u00e3o variadas para voc\u00ea escolher, o peso total da bike \u00e9 de 15kg montada. A Bike \u00e9 direta da F\u00e1brica Oficial com mais de 28 anos&hellip;","_links":{"self":[{"href":"https:\/\/promocaododia.com.br\/site\/wp-json\/wp\/v2\/product\/767","targetHints":{"allow":["GET"]}}],"collection":[{"href":"https:\/\/promocaododia.com.br\/site\/wp-json\/wp\/v2\/product"}],"about":[{"href":"https:\/\/promocaododia.com.br\/site\/wp-json\/wp\/v2\/types\/product"}],"wp:featuredmedia":[{"embeddable":true,"href":"https:\/\/promocaododia.com.br\/site\/wp-json\/wp\/v2\/media\/768"}],"wp:attachment":[{"href":"https:\/\/promocaododia.com.br\/site\/wp-json\/wp\/v2\/media?parent=767"}],"wp:term":[{"taxonomy":"product_brand","embeddable":true,"href":"https:\/\/promocaododia.com.br\/site\/wp-json\/wp\/v2\/product_brand?post=767"},{"taxonomy":"product_cat","embeddable":true,"href":"https:\/\/promocaododia.com.br\/site\/wp-json\/wp\/v2\/product_cat?post=767"},{"taxonomy":"product_tag","embeddable":true,"href":"https:\/\/promocaododia.com.br\/site\/wp-json\/wp\/v2\/product_tag?post=767"}],"curies":[{"name":"wp","href":"https:\/\/api.w.org\/{rel}","templated":true}]}}