{"id":795,"date":"2022-10-26T12:28:38","date_gmt":"2022-10-26T15:28:38","guid":{"rendered":"https:\/\/promocaododia.com.br\/site\/?post_type=product&#038;p=795"},"modified":"2022-10-26T12:28:38","modified_gmt":"2022-10-26T15:28:38","slug":"console-xbox-series-s-500gb-branco-1-controle-microsoftmenor-prestacao","status":"publish","type":"product","link":"https:\/\/promocaododia.com.br\/site\/produto\/console-xbox-series-s-500gb-branco-1-controle-microsoftmenor-prestacao\/","title":{"rendered":"Console Xbox Series S 500GB Branco &#8211; 1 Controle &#8211; MICROSOFT<\/BR>Menor presta\u00e7\u00e3o"},"content":{"rendered":"<p>VIDEO GAME XBOX SERIES S 500GB SSD JOGCM0075<\/p>\n<p>M\u00eddias compat\u00edveis Digital<\/p>\n<p>Resolu\u00e7\u00e3o m\u00e1xima: 120 Fps<\/p>\n<p>Capacidade do HD 500 GB<\/p>\n<p>Outras conex\u00f5es: HDMI-In Out, Portas USB, Wi-Fi embutido<\/p>\n<p>Alimenta\u00e7\u00e3o: Bivolt<\/p>\n<p>Cor: Branco<\/p>\n<p>Conte\u00fado da embalagem :<\/p>\n<p>Console Xbox Series S de 500GB<\/p>\n<p>1 controle sem fio Xbox com carregamento por pilhas<\/p>\n<p>Cabo HDMI &#8211; Cabo de alimenta\u00e7\u00e3o<\/p>\n<p>Garantia 12 meses: Console (3 meses perif\u00e9ricos) direto com a Microsoft<\/p>\n","protected":false},"excerpt":{"rendered":"<p>VIDEO GAME XBOX SERIES S 500GB SSD JOGCM0075 M\u00eddias compat\u00edveis Digital Resolu\u00e7\u00e3o m\u00e1xima: 120 Fps Capacidade do HD 500 GB Outras conex\u00f5es: HDMI-In Out, Portas USB, Wi-Fi embutido Alimenta\u00e7\u00e3o: Bivolt Cor: Branco Conte\u00fado da embalagem : Console Xbox Series S de 500GB 1 controle sem fio Xbox com carregamento por pilhas Cabo HDMI &#8211; Cabo de alimenta\u00e7\u00e3o Garantia 12 meses: Console (3 meses perif\u00e9ricos) direto com a Microsoft<\/p>\n","protected":false},"featured_media":796,"template":"","meta":{"_uag_custom_page_level_css":"","site-sidebar-layout":"default","site-content-layout":"default","ast-site-content-layout":"default","site-content-style":"default","site-sidebar-style":"default","ast-global-header-display":"","ast-banner-title-visibility":"","ast-main-header-display":"","ast-hfb-above-header-display":"","ast-hfb-below-header-display":"","ast-hfb-mobile-header-display":"","site-post-title":"","ast-breadcrumbs-content":"","ast-featured-img":"","footer-sml-layout":"","theme-transparent-header-meta":"default","adv-header-id-meta":"","stick-header-meta":"","header-above-stick-meta":"","header-main-stick-meta":"","header-below-stick-meta":"","astra-migrate-meta-layouts":"default","ast-page-background-enabled":"default","ast-page-background-meta":{"desktop":{"background-color":"","background-image":"","background-repeat":"repeat","background-position":"center center","background-size":"auto","background-attachment":"scroll","background-type":"","background-media":"","overlay-type":"","overlay-color":"","overlay-opacity":"","overlay-gradient":""},"tablet":{"background-color":"","background-image":"","background-repeat":"repeat","background-position":"center center","background-size":"auto","background-attachment":"scroll","background-type":"","background-media":"","overlay-type":"","overlay-color":"","overlay-opacity":"","overlay-gradient":""},"mobile":{"background-color":"","background-image":"","background-repeat":"repeat","background-position":"center center","background-size":"auto","background-attachment":"scroll","background-type":"","background-media":"","overlay-type":"","overlay-color":"","overlay-opacity":"","overlay-gradient":""}},"ast-content-background-meta":{"desktop":{"background-color":"var(--ast-global-color-5)","background-image":"","background-repeat":"repeat","background-position":"center center","background-size":"auto","background-attachment":"scroll","background-type":"","background-media":"","overlay-type":"","overlay-color":"","overlay-opacity":"","overlay-gradient":""},"tablet":{"background-color":"var(--ast-global-color-5)","background-image":"","background-repeat":"repeat","background-position":"center center","background-size":"auto","background-attachment":"scroll","background-type":"","background-media":"","overlay-type":"","overlay-color":"","overlay-opacity":"","overlay-gradient":""},"mobile":{"background-color":"var(--ast-global-color-5)","background-image":"","background-repeat":"repeat","background-position":"center center","background-size":"auto","background-attachment":"scroll","background-type":"","background-media":"","overlay-type":"","overlay-color":"","overlay-opacity":"","overlay-gradient":""}}},"product_brand":[],"product_cat":[38,244,245],"product_tag":[249,250,248,246,247],"class_list":{"0":"post-795","1":"product","2":"type-product","3":"status-publish","4":"has-post-thumbnail","6":"product_cat-eletronicos","7":"product_cat-games","8":"product_cat-xbox","9":"product_tag-500gb","10":"product_tag-console","11":"product_tag-microsoft","12":"product_tag-xbox","13":"product_tag-xbox-series-s","14":"desktop-align-center","15":"tablet-align-left","16":"mobile-align-center","18":"first","19":"instock","20":"sale","21":"shipping-taxable","22":"product-type-external"},"uagb_featured_image_src":{"full":["https:\/\/promocaododia.com.br\/site\/wp-content\/uploads\/2022\/10\/Console-Xbox-Series-S-500GB-Branco-1-Controle-MICROSOFT.jpg",600,600,false],"thumbnail":["https:\/\/promocaododia.com.br\/site\/wp-content\/uploads\/2022\/10\/Console-Xbox-Series-S-500GB-Branco-1-Controle-MICROSOFT-150x150.jpg",150,150,true],"medium":["https:\/\/promocaododia.com.br\/site\/wp-content\/uploads\/2022\/10\/Console-Xbox-Series-S-500GB-Branco-1-Controle-MICROSOFT-300x300.jpg",300,300,true],"medium_large":["https:\/\/promocaododia.com.br\/site\/wp-content\/uploads\/2022\/10\/Console-Xbox-Series-S-500GB-Branco-1-Controle-MICROSOFT.jpg",600,600,false],"large":["https:\/\/promocaododia.com.br\/site\/wp-content\/uploads\/2022\/10\/Console-Xbox-Series-S-500GB-Branco-1-Controle-MICROSOFT.jpg",600,600,false],"1536x1536":["https:\/\/promocaododia.com.br\/site\/wp-content\/uploads\/2022\/10\/Console-Xbox-Series-S-500GB-Branco-1-Controle-MICROSOFT.jpg",600,600,false],"2048x2048":["https:\/\/promocaododia.com.br\/site\/wp-content\/uploads\/2022\/10\/Console-Xbox-Series-S-500GB-Branco-1-Controle-MICROSOFT.jpg",600,600,false],"woocommerce_thumbnail":["https:\/\/promocaododia.com.br\/site\/wp-content\/uploads\/2022\/10\/Console-Xbox-Series-S-500GB-Branco-1-Controle-MICROSOFT-250x250.jpg",250,250,true],"woocommerce_single":["https:\/\/promocaododia.com.br\/site\/wp-content\/uploads\/2022\/10\/Console-Xbox-Series-S-500GB-Branco-1-Controle-MICROSOFT-250x250.jpg",250,250,true],"woocommerce_gallery_thumbnail":["https:\/\/promocaododia.com.br\/site\/wp-content\/uploads\/2022\/10\/Console-Xbox-Series-S-500GB-Branco-1-Controle-MICROSOFT-100x100.jpg",100,100,true]},"uagb_author_info":{"display_name":"danilo.gbr","author_link":"https:\/\/promocaododia.com.br\/site\/author\/"},"uagb_comment_info":0,"uagb_excerpt":"VIDEO GAME XBOX SERIES S 500GB SSD JOGCM0075 M\u00eddias compat\u00edveis Digital Resolu\u00e7\u00e3o m\u00e1xima: 120 Fps Capacidade do HD 500 GB Outras conex\u00f5es: HDMI-In Out, Portas USB, Wi-Fi embutido Alimenta\u00e7\u00e3o: Bivolt Cor: Branco Conte\u00fado da embalagem : Console Xbox Series S de 500GB 1 controle sem fio Xbox com carregamento por pilhas Cabo HDMI &#8211; Cabo&hellip;","_links":{"self":[{"href":"https:\/\/promocaododia.com.br\/site\/wp-json\/wp\/v2\/product\/795","targetHints":{"allow":["GET"]}}],"collection":[{"href":"https:\/\/promocaododia.com.br\/site\/wp-json\/wp\/v2\/product"}],"about":[{"href":"https:\/\/promocaododia.com.br\/site\/wp-json\/wp\/v2\/types\/product"}],"wp:featuredmedia":[{"embeddable":true,"href":"https:\/\/promocaododia.com.br\/site\/wp-json\/wp\/v2\/media\/796"}],"wp:attachment":[{"href":"https:\/\/promocaododia.com.br\/site\/wp-json\/wp\/v2\/media?parent=795"}],"wp:term":[{"taxonomy":"product_brand","embeddable":true,"href":"https:\/\/promocaododia.com.br\/site\/wp-json\/wp\/v2\/product_brand?post=795"},{"taxonomy":"product_cat","embeddable":true,"href":"https:\/\/promocaododia.com.br\/site\/wp-json\/wp\/v2\/product_cat?post=795"},{"taxonomy":"product_tag","embeddable":true,"href":"https:\/\/promocaododia.com.br\/site\/wp-json\/wp\/v2\/product_tag?post=795"}],"curies":[{"name":"wp","href":"https:\/\/api.w.org\/{rel}","templated":true}]}}