{"id":797,"date":"2022-10-26T12:38:49","date_gmt":"2022-10-26T15:38:49","guid":{"rendered":"https:\/\/promocaododia.com.br\/site\/?post_type=product&#038;p=797"},"modified":"2022-10-26T12:41:31","modified_gmt":"2022-10-26T15:41:31","slug":"console-playstation-5-digital-edition-825gb-ssd-base-de-carregamento","status":"publish","type":"product","link":"https:\/\/promocaododia.com.br\/site\/produto\/console-playstation-5-digital-edition-825gb-ssd-base-de-carregamento\/","title":{"rendered":"Console Playstation 5 Digital Edition 825GB SSD + Base de Carregamento"},"content":{"rendered":"<p><strong>Jogar N\u00e3o Tem Limites<\/strong><\/p>\n<p>O PS5 Edi\u00e7\u00e3o Digital \u00e9 uma vers\u00e3o totalmente digital do console PS5 sem unidade de disco. Entre em sua conta para a Playstation Network e acesse a Playstation Store para comprar e baixar jogos*.<\/p>\n<p>Domine o poder de uma CPU e GPU personalizadas e o SSD com E\/S integradas que redefinem as regras do que o console Playstation pode fazer.<\/p>\n<p>Maximize suas sess\u00f5es de jogo com tempos de carregamento praticamente instant\u00e2neos para jogos do PS5 instalados. A integra\u00e7\u00e3o personalizada dos sistemas de console PS5 permite que os criadores extraiam dados do SSD t\u00e3o r\u00e1pido que eles podem desenvolver jogos de formas que antes seriam imposs\u00edveis.<\/p>\n<p>O\u00a0<strong>Controle Sem Fio DualSense<\/strong>\u00a0para PS5 oferece feedback t\u00e1til imersivo, gatilhos din\u00e2micos e adapt\u00e1veis e um microfone integrado, tudo isso em um design ic\u00f4nico. Desfrute de feedback t\u00e1til com o Controle Sem Fio DualSense em jogos espec\u00edficos do PS5 e sinta o impacto de suas a\u00e7\u00f5es no jogo gra\u00e7as ao feedback sensorial din\u00e2mico. Assuma o controle com os gatilhos adapt\u00e1veis e imersivos, agora com n\u00edveis din\u00e2micos de resist\u00eancia que simulam o impacto f\u00edsico das atividades em jogos espec\u00edficos do PS5.<\/p>\n","protected":false},"excerpt":{"rendered":"<p>Jogar N\u00e3o Tem Limites O PS5 Edi\u00e7\u00e3o Digital \u00e9 uma vers\u00e3o totalmente digital do console PS5 sem unidade de disco. Entre em sua conta para a Playstation Network e acesse a Playstation Store para comprar e baixar jogos*. Domine o poder de uma CPU e GPU personalizadas e o SSD com E\/S integradas que redefinem as regras do que o console Playstation pode fazer. Maximize suas sess\u00f5es de jogo com tempos de carregamento praticamente instant\u00e2neos para jogos do PS5 instalados. A integra\u00e7\u00e3o personalizada dos sistemas de console PS5 permite que os criadores extraiam dados do SSD t\u00e3o r\u00e1pido que eles podem desenvolver jogos de formas que antes seriam imposs\u00edveis. O\u00a0Controle Sem Fio DualSense\u00a0para PS5 oferece feedback t\u00e1til imersivo, gatilhos din\u00e2micos e adapt\u00e1veis e um microfone integrado, tudo isso em um design ic\u00f4nico. Desfrute de feedback t\u00e1til com o Controle Sem Fio DualSense em jogos espec\u00edficos do PS5 e sinta o impacto de suas a\u00e7\u00f5es no jogo gra\u00e7as ao feedback sensorial din\u00e2mico. Assuma o controle com os gatilhos adapt\u00e1veis e imersivos, agora com n\u00edveis din\u00e2micos de resist\u00eancia que simulam o impacto f\u00edsico das atividades em jogos espec\u00edficos do PS5.<\/p>\n","protected":false},"featured_media":798,"template":"","meta":{"_uag_custom_page_level_css":"","site-sidebar-layout":"default","site-content-layout":"default","ast-site-content-layout":"default","site-content-style":"default","site-sidebar-style":"default","ast-global-header-display":"","ast-banner-title-visibility":"","ast-main-header-display":"","ast-hfb-above-header-display":"","ast-hfb-below-header-display":"","ast-hfb-mobile-header-display":"","site-post-title":"","ast-breadcrumbs-content":"","ast-featured-img":"","footer-sml-layout":"","theme-transparent-header-meta":"default","adv-header-id-meta":"","stick-header-meta":"","header-above-stick-meta":"","header-main-stick-meta":"","header-below-stick-meta":"","astra-migrate-meta-layouts":"default","ast-page-background-enabled":"default","ast-page-background-meta":{"desktop":{"background-color":"","background-image":"","background-repeat":"repeat","background-position":"center center","background-size":"auto","background-attachment":"scroll","background-type":"","background-media":"","overlay-type":"","overlay-color":"","overlay-opacity":"","overlay-gradient":""},"tablet":{"background-color":"","background-image":"","background-repeat":"repeat","background-position":"center center","background-size":"auto","background-attachment":"scroll","background-type":"","background-media":"","overlay-type":"","overlay-color":"","overlay-opacity":"","overlay-gradient":""},"mobile":{"background-color":"","background-image":"","background-repeat":"repeat","background-position":"center center","background-size":"auto","background-attachment":"scroll","background-type":"","background-media":"","overlay-type":"","overlay-color":"","overlay-opacity":"","overlay-gradient":""}},"ast-content-background-meta":{"desktop":{"background-color":"var(--ast-global-color-5)","background-image":"","background-repeat":"repeat","background-position":"center center","background-size":"auto","background-attachment":"scroll","background-type":"","background-media":"","overlay-type":"","overlay-color":"","overlay-opacity":"","overlay-gradient":""},"tablet":{"background-color":"var(--ast-global-color-5)","background-image":"","background-repeat":"repeat","background-position":"center center","background-size":"auto","background-attachment":"scroll","background-type":"","background-media":"","overlay-type":"","overlay-color":"","overlay-opacity":"","overlay-gradient":""},"mobile":{"background-color":"var(--ast-global-color-5)","background-image":"","background-repeat":"repeat","background-position":"center center","background-size":"auto","background-attachment":"scroll","background-type":"","background-media":"","overlay-type":"","overlay-color":"","overlay-opacity":"","overlay-gradient":""}}},"product_brand":[],"product_cat":[38,244,251],"product_tag":[257,258,256,252,253,255,254],"class_list":{"0":"post-797","1":"product","2":"type-product","3":"status-publish","4":"has-post-thumbnail","6":"product_cat-eletronicos","7":"product_cat-games","8":"product_cat-playstation","9":"product_tag-825gb","10":"product_tag-base-de-carregamento","11":"product_tag-digital-edition","12":"product_tag-playstation","13":"product_tag-playstation-5","14":"product_tag-sony","15":"product_tag-video-game","16":"desktop-align-center","17":"tablet-align-left","18":"mobile-align-center","20":"first","21":"instock","22":"shipping-taxable","23":"product-type-external"},"uagb_featured_image_src":{"full":["https:\/\/promocaododia.com.br\/site\/wp-content\/uploads\/2022\/10\/Console-Playstation-5-Digital-Edition-825GB-SSD-Base-de-Carregamento.jpg",600,600,false],"thumbnail":["https:\/\/promocaododia.com.br\/site\/wp-content\/uploads\/2022\/10\/Console-Playstation-5-Digital-Edition-825GB-SSD-Base-de-Carregamento-150x150.jpg",150,150,true],"medium":["https:\/\/promocaododia.com.br\/site\/wp-content\/uploads\/2022\/10\/Console-Playstation-5-Digital-Edition-825GB-SSD-Base-de-Carregamento-300x300.jpg",300,300,true],"medium_large":["https:\/\/promocaododia.com.br\/site\/wp-content\/uploads\/2022\/10\/Console-Playstation-5-Digital-Edition-825GB-SSD-Base-de-Carregamento.jpg",600,600,false],"large":["https:\/\/promocaododia.com.br\/site\/wp-content\/uploads\/2022\/10\/Console-Playstation-5-Digital-Edition-825GB-SSD-Base-de-Carregamento.jpg",600,600,false],"1536x1536":["https:\/\/promocaododia.com.br\/site\/wp-content\/uploads\/2022\/10\/Console-Playstation-5-Digital-Edition-825GB-SSD-Base-de-Carregamento.jpg",600,600,false],"2048x2048":["https:\/\/promocaododia.com.br\/site\/wp-content\/uploads\/2022\/10\/Console-Playstation-5-Digital-Edition-825GB-SSD-Base-de-Carregamento.jpg",600,600,false],"woocommerce_thumbnail":["https:\/\/promocaododia.com.br\/site\/wp-content\/uploads\/2022\/10\/Console-Playstation-5-Digital-Edition-825GB-SSD-Base-de-Carregamento-250x250.jpg",250,250,true],"woocommerce_single":["https:\/\/promocaododia.com.br\/site\/wp-content\/uploads\/2022\/10\/Console-Playstation-5-Digital-Edition-825GB-SSD-Base-de-Carregamento-250x250.jpg",250,250,true],"woocommerce_gallery_thumbnail":["https:\/\/promocaododia.com.br\/site\/wp-content\/uploads\/2022\/10\/Console-Playstation-5-Digital-Edition-825GB-SSD-Base-de-Carregamento-100x100.jpg",100,100,true]},"uagb_author_info":{"display_name":"danilo.gbr","author_link":"https:\/\/promocaododia.com.br\/site\/author\/"},"uagb_comment_info":0,"uagb_excerpt":"Jogar N\u00e3o Tem Limites O PS5 Edi\u00e7\u00e3o Digital \u00e9 uma vers\u00e3o totalmente digital do console PS5 sem unidade de disco. Entre em sua conta para a Playstation Network e acesse a Playstation Store para comprar e baixar jogos*. Domine o poder de uma CPU e GPU personalizadas e o SSD com E\/S integradas que redefinem&hellip;","_links":{"self":[{"href":"https:\/\/promocaododia.com.br\/site\/wp-json\/wp\/v2\/product\/797","targetHints":{"allow":["GET"]}}],"collection":[{"href":"https:\/\/promocaododia.com.br\/site\/wp-json\/wp\/v2\/product"}],"about":[{"href":"https:\/\/promocaododia.com.br\/site\/wp-json\/wp\/v2\/types\/product"}],"wp:featuredmedia":[{"embeddable":true,"href":"https:\/\/promocaododia.com.br\/site\/wp-json\/wp\/v2\/media\/798"}],"wp:attachment":[{"href":"https:\/\/promocaododia.com.br\/site\/wp-json\/wp\/v2\/media?parent=797"}],"wp:term":[{"taxonomy":"product_brand","embeddable":true,"href":"https:\/\/promocaododia.com.br\/site\/wp-json\/wp\/v2\/product_brand?post=797"},{"taxonomy":"product_cat","embeddable":true,"href":"https:\/\/promocaododia.com.br\/site\/wp-json\/wp\/v2\/product_cat?post=797"},{"taxonomy":"product_tag","embeddable":true,"href":"https:\/\/promocaododia.com.br\/site\/wp-json\/wp\/v2\/product_tag?post=797"}],"curies":[{"name":"wp","href":"https:\/\/api.w.org\/{rel}","templated":true}]}}