{"id":811,"date":"2022-10-27T07:46:35","date_gmt":"2022-10-27T10:46:35","guid":{"rendered":"https:\/\/promocaododia.com.br\/site\/?post_type=product&#038;p=811"},"modified":"2022-10-27T07:51:30","modified_gmt":"2022-10-27T10:51:30","slug":"bicicleta-eletrica-confort-800w-48v-15ah-preta","status":"publish","type":"product","link":"https:\/\/promocaododia.com.br\/site\/produto\/bicicleta-eletrica-confort-800w-48v-15ah-preta\/","title":{"rendered":"Bicicleta El\u00e9trica Confort 800W 48V 15Ah Preta"},"content":{"rendered":"<p><strong>Produto Ecologicamente Correto:<\/strong><br \/>\n&#8211; N\u00e3o polui<br \/>\n&#8211; N\u00e3o emite ru\u00eddos<br \/>\n&#8211; Carrega em uma tomada comum<br \/>\n&#8211; Basta acelerar ou pedalar<\/p>\n<p>As bicicletas el\u00e9tricas chegaram para ficar.<br \/>\nSucesso em muitos pa\u00edses elas agora come\u00e7am a ser conhecidas pelo p\u00fablico brasileiro.<\/p>\n<p>N\u00e3o gaste mais com combust\u00edvel ou licenciamento de ve\u00edculo.<br \/>\nUtilize sua bike el\u00e9trica para ir ao trabalho, fazer suas compras ou simplesmente para se divertir. Ela tamb\u00e9m pode ser utilizada para exerc\u00edcios f\u00edsicos, bastando para isso manter o motor desligado e pedalar normalmente, como em qualquer bike.<\/p>\n<p>A Bicicleta El\u00e9trica DUOS tem 800W de pot\u00eancia.<br \/>\nO consumo de eletricidade \u00e9 de apenas 2 centavos por quilometro rodado e voc\u00ea pode recarregar a bateria em qualquer tomada.<br \/>\nPossui 4 baterias de 12V cada, totalizando 48V.<\/p>\n<p><strong>O modelo DUOS Confort ainda vem acompanhado dos seguintes acess\u00f3rios:<\/strong><br \/>\n&#8211; Buzina<br \/>\n&#8211; Alarme com 2 controles remotos<br \/>\n&#8211; Farol de LED com Veloc\u00edmetro<br \/>\n&#8211; Chaves liga desliga<br \/>\n&#8211; Paralamas com refletor traseiro<\/p>\n<p>Aproveite e adquira agora sua bicicleta el\u00e9trica DUOS.<br \/>\nVoc\u00ea vai se apaixonar por ela!<\/p>\n<p><strong>Especifica\u00e7\u00f5es:<\/strong><br \/>\n&#8211; Modalidade (Tipo) &#8211; Passeio<br \/>\n&#8211; Idade recomendada &#8211; Acima de 18 anos<br \/>\n&#8211; Possui Acelerador e Pedal Assistido? Sim, possui ambos<br \/>\n&#8211; Necessita Habilita\u00e7\u00e3o? Sim, Condutor necessita de ACC (Autoriza\u00e7\u00e3o para Condu\u00e7\u00e3o de Ciclomotor ) ou de CNH Categoria A.<br \/>\n&#8211; Pot\u00eancia &#8211; Motor de 800W<br \/>\n&#8211; Baterias &#8211; 4 Baterias de 12V 12Amp Total = 48V<br \/>\n&#8211; Autonomia &#8211; De 25 a 35km em m\u00e9dia<br \/>\n&#8211; Altura Indicada (Min-M\u00e1x) &#8211; 1,50 a 2,10<br \/>\n&#8211; Sexo (Genero) &#8211; Unissex<br \/>\n&#8211; Quadro (Tamanho e Material) &#8211; A\u00e7o R\u00edgido<br \/>\n&#8211; Suspens\u00e3o &#8211; Dianteira<br \/>\n&#8211; Garfo tipo Head Set<br \/>\n&#8211; Aro 26 &#8211; Alum\u00ednio Duplo Freerider DH VZAN<br \/>\n&#8211; Cubos Dianteiro\/Traseiro &#8211; Dianteiro de A\u00e7o Cromado &#8211; Traseiro Motor com rolamento selado<br \/>\n&#8211; Guid\u00e3o &#8211; A\u00e7o Refor\u00e7ado<br \/>\n&#8211; Tipo de Freio &#8211; Traseiro: a Tambor &#8211; Dianteiro: V-Brake em Alum\u00ednio<br \/>\n&#8211; Alavanca de freio &#8211; Manete em Alum\u00ednio<br \/>\n&#8211; Corrente Corrente TEC &#8211; C410 x114L<br \/>\n&#8211; Pedivela &#8211; 165 Monobloco<br \/>\n&#8211; Pedal &#8211; Plataforma em alum\u00ednio tipo sueco<br \/>\n&#8211; Pneus &#8211; Kenda Flame 26<br \/>\n&#8211; Movimento Central &#8211; 45mm Neco<br \/>\n&#8211; Movimento de Dire\u00e7\u00e3o Over Ahead 28.6mm Neco- Capacidade M\u00e1xima Suportada (kg) &#8211; 90Kg (pode suportar mais, mas diminui a velocidade e autonomia)<br \/>\n&#8211; Garantia: Baterias e Pe\u00e7as &#8211; 3 meses; Motor &#8211; 6 meses; Quadro &#8211; 12 meses<\/p>\n<p><strong>Informa\u00e7\u00f5es importantes para a manuten\u00e7\u00e3o e maior durabilidade das<br \/>\nbaterias:<\/strong><\/p>\n<p>1 &#8211; As 3 primeiras cargas devem ser feitas com tempo superior \u00e0 4 horas.<\/p>\n<p>2 &#8211; As baterias levam alguns ciclos de recarga para alcan\u00e7ar seu rendimento<br \/>\ntotal. Por isso as primeiras recargas n\u00e3o proporcionar\u00e3o sua autonomia total.<br \/>\nS\u00e3o necess\u00e1rias 3 a 4 recargas para que elas atinjam sua capacidade plena.<\/p>\n<p>3 &#8211; As baterias da Bicicleta El\u00e9trica N\u00c3O possuem o efeito mem\u00f3ria, ou seja,<br \/>\nN\u00c3O VICIAM.<\/p>\n<p>Por isso, para uma maior durabilidade, nunca utilize a Bicicleta El\u00e9trica at\u00e9 o<br \/>\ndescarregamento total da carga.<\/p>\n<p>Sempre que poss\u00edvel coloque para recarregar e mantenha as baterias sempre<br \/>\ncarregadas.<\/p>\n<p>Mesmo quando a Bicicleta El\u00e9trica \u00e9 utilizada por apenas alguns instantes, voc\u00ea<br \/>\npode recarregar as baterias.<\/p>\n<p>4 &#8211; N\u00e3o \u00e9 recomend\u00e1vel que as baterias fiquem por um tempo prolongado sem serem<br \/>\nusadas.<\/p>\n<p>Por isso recomenda-se o carregamento pelo menos duas ou tr\u00eas por m\u00eas.<\/p>\n<p>O n\u00e3o carregamento por um tempo prolongado pode fazer com que a bateria n\u00e3o aceite<br \/>\nmais carga, diminuindo sua vida \u00fatil.<\/p>\n<p>5 &#8211; O movimento da bicicleta el\u00e9trica sem a utiliza\u00e7\u00e3o do acelerar ( em uma<br \/>\ndescida por exemplo ) ou mesmo com o motor desligado, n\u00e3o far\u00e1 com que as<br \/>\nbaterias sejam recarregadas, mas proporcionar\u00e1 uma consider\u00e1vel economia no<br \/>\nconsumo da carga.<\/p>\n<p>6 &#8211; Dicas:<\/p>\n<p>&#8211; Inicie o passeio pedalando e em seguida use o motor<\/p>\n<p>&#8211; Em subidas pedale junto.<\/p>\n","protected":false},"excerpt":{"rendered":"<p>Produto Ecologicamente Correto: &#8211; N\u00e3o polui &#8211; N\u00e3o emite ru\u00eddos &#8211; Carrega em uma tomada comum &#8211; Basta acelerar ou pedalar As bicicletas el\u00e9tricas chegaram para ficar. Sucesso em muitos pa\u00edses elas agora come\u00e7am a ser conhecidas pelo p\u00fablico brasileiro. N\u00e3o gaste mais com combust\u00edvel ou licenciamento de ve\u00edculo. Utilize sua bike el\u00e9trica para ir ao trabalho, fazer suas compras ou simplesmente para se divertir. Ela tamb\u00e9m pode ser utilizada para exerc\u00edcios f\u00edsicos, bastando para isso manter o motor desligado e pedalar normalmente, como em qualquer bike. A Bicicleta El\u00e9trica DUOS tem 800W de pot\u00eancia. O consumo de eletricidade \u00e9 de apenas 2 centavos por quilometro rodado e voc\u00ea pode recarregar a bateria em qualquer tomada. Possui 4 baterias de 12V cada, totalizando 48V. O modelo DUOS Confort ainda vem acompanhado dos seguintes acess\u00f3rios: &#8211; Buzina &#8211; Alarme com 2 controles remotos &#8211; Farol de LED com Veloc\u00edmetro &#8211; Chaves liga desliga &#8211; Paralamas com refletor traseiro Aproveite e adquira agora sua bicicleta el\u00e9trica DUOS. Voc\u00ea vai se apaixonar por ela! Especifica\u00e7\u00f5es: &#8211; Modalidade (Tipo) &#8211; Passeio &#8211; Idade recomendada &#8211; Acima de 18 anos &#8211; Possui Acelerador e Pedal Assistido? Sim, possui ambos &#8211; Necessita Habilita\u00e7\u00e3o? Sim, Condutor necessita de ACC (Autoriza\u00e7\u00e3o para Condu\u00e7\u00e3o de Ciclomotor ) ou de CNH Categoria A. &#8211; Pot\u00eancia &#8211; Motor de 800W &#8211; Baterias &#8211; 4 Baterias de 12V 12Amp Total = 48V &#8211; Autonomia &#8211; De 25 a 35km em m\u00e9dia &#8211; Altura Indicada (Min-M\u00e1x) &#8211; 1,50 a 2,10 &#8211; Sexo (Genero) &#8211; Unissex &#8211; Quadro (Tamanho e Material) &#8211; A\u00e7o R\u00edgido &#8211; Suspens\u00e3o &#8211; Dianteira &#8211; Garfo tipo Head Set &#8211; Aro 26 &#8211; Alum\u00ednio Duplo Freerider DH VZAN &#8211; Cubos Dianteiro\/Traseiro &#8211; Dianteiro de A\u00e7o Cromado &#8211; Traseiro Motor com rolamento selado &#8211; Guid\u00e3o &#8211; A\u00e7o Refor\u00e7ado &#8211; Tipo de Freio &#8211; Traseiro: a Tambor &#8211; Dianteiro: V-Brake em Alum\u00ednio &#8211; Alavanca de freio &#8211; Manete em Alum\u00ednio &#8211; Corrente Corrente TEC &#8211; C410 x114L &#8211; Pedivela &#8211; 165 Monobloco &#8211; Pedal &#8211; Plataforma em alum\u00ednio tipo sueco &#8211; Pneus &#8211; Kenda Flame 26 &#8211; Movimento Central &#8211; 45mm Neco &#8211; Movimento de Dire\u00e7\u00e3o Over Ahead 28.6mm Neco- Capacidade M\u00e1xima Suportada (kg) &#8211; 90Kg (pode suportar mais, mas diminui a velocidade e autonomia) &#8211; Garantia: Baterias e Pe\u00e7as &#8211; 3 meses; Motor &#8211; 6 meses; Quadro &#8211; 12 meses Informa\u00e7\u00f5es importantes para a manuten\u00e7\u00e3o e maior durabilidade das baterias: 1 &#8211; As 3 primeiras cargas devem ser feitas com tempo superior \u00e0 4 horas. 2 &#8211; As baterias levam alguns ciclos de recarga para alcan\u00e7ar seu rendimento total. Por isso as primeiras recargas n\u00e3o proporcionar\u00e3o sua autonomia total. S\u00e3o necess\u00e1rias 3 a 4 recargas para que elas atinjam sua capacidade plena. 3 &#8211; As baterias da Bicicleta El\u00e9trica N\u00c3O possuem o efeito mem\u00f3ria, ou seja, N\u00c3O VICIAM. Por isso, para uma maior durabilidade, nunca utilize a Bicicleta El\u00e9trica at\u00e9 o descarregamento total da carga. Sempre que poss\u00edvel coloque para recarregar e mantenha as baterias sempre carregadas. Mesmo quando a Bicicleta El\u00e9trica \u00e9 utilizada por apenas alguns instantes, voc\u00ea pode recarregar as baterias. 4 &#8211; N\u00e3o \u00e9 recomend\u00e1vel que as baterias fiquem por um tempo prolongado sem serem usadas. Por isso recomenda-se o carregamento pelo menos duas ou tr\u00eas por m\u00eas. O n\u00e3o carregamento por um tempo prolongado pode fazer com que a bateria n\u00e3o aceite mais carga, diminuindo sua vida \u00fatil. 5 &#8211; O movimento da bicicleta el\u00e9trica sem a utiliza\u00e7\u00e3o do acelerar ( em uma descida por exemplo ) ou mesmo com o motor desligado, n\u00e3o far\u00e1 com que as baterias sejam recarregadas, mas proporcionar\u00e1 uma consider\u00e1vel economia no consumo da carga. 6 &#8211; Dicas: &#8211; Inicie o passeio pedalando e em seguida use o motor &#8211; Em subidas pedale junto.<\/p>\n","protected":false},"featured_media":812,"template":"","meta":{"_uag_custom_page_level_css":"","site-sidebar-layout":"default","site-content-layout":"default","ast-site-content-layout":"default","site-content-style":"default","site-sidebar-style":"default","ast-global-header-display":"","ast-banner-title-visibility":"","ast-main-header-display":"","ast-hfb-above-header-display":"","ast-hfb-below-header-display":"","ast-hfb-mobile-header-display":"","site-post-title":"","ast-breadcrumbs-content":"","ast-featured-img":"","footer-sml-layout":"","theme-transparent-header-meta":"default","adv-header-id-meta":"","stick-header-meta":"","header-above-stick-meta":"","header-main-stick-meta":"","header-below-stick-meta":"","astra-migrate-meta-layouts":"default","ast-page-background-enabled":"default","ast-page-background-meta":{"desktop":{"background-color":"","background-image":"","background-repeat":"repeat","background-position":"center center","background-size":"auto","background-attachment":"scroll","background-type":"","background-media":"","overlay-type":"","overlay-color":"","overlay-opacity":"","overlay-gradient":""},"tablet":{"background-color":"","background-image":"","background-repeat":"repeat","background-position":"center center","background-size":"auto","background-attachment":"scroll","background-type":"","background-media":"","overlay-type":"","overlay-color":"","overlay-opacity":"","overlay-gradient":""},"mobile":{"background-color":"","background-image":"","background-repeat":"repeat","background-position":"center center","background-size":"auto","background-attachment":"scroll","background-type":"","background-media":"","overlay-type":"","overlay-color":"","overlay-opacity":"","overlay-gradient":""}},"ast-content-background-meta":{"desktop":{"background-color":"var(--ast-global-color-5)","background-image":"","background-repeat":"repeat","background-position":"center center","background-size":"auto","background-attachment":"scroll","background-type":"","background-media":"","overlay-type":"","overlay-color":"","overlay-opacity":"","overlay-gradient":""},"tablet":{"background-color":"var(--ast-global-color-5)","background-image":"","background-repeat":"repeat","background-position":"center center","background-size":"auto","background-attachment":"scroll","background-type":"","background-media":"","overlay-type":"","overlay-color":"","overlay-opacity":"","overlay-gradient":""},"mobile":{"background-color":"var(--ast-global-color-5)","background-image":"","background-repeat":"repeat","background-position":"center center","background-size":"auto","background-attachment":"scroll","background-type":"","background-media":"","overlay-type":"","overlay-color":"","overlay-opacity":"","overlay-gradient":""}}},"product_brand":[],"product_cat":[196,51],"product_tag":[283,197,282],"class_list":{"0":"post-811","1":"product","2":"type-product","3":"status-publish","4":"has-post-thumbnail","6":"product_cat-bicicletas","7":"product_cat-esporte-e-lazer","8":"product_tag-800w","9":"product_tag-bicicleta","10":"product_tag-bicicleta-eletrica","11":"desktop-align-center","12":"tablet-align-left","13":"mobile-align-center","15":"first","16":"instock","17":"shipping-taxable","18":"product-type-external"},"uagb_featured_image_src":{"full":["https:\/\/promocaododia.com.br\/site\/wp-content\/uploads\/2022\/10\/Bicicleta-Eletrica-Confort-800W-48V-15Ah-Preta.jpg",600,600,false],"thumbnail":["https:\/\/promocaododia.com.br\/site\/wp-content\/uploads\/2022\/10\/Bicicleta-Eletrica-Confort-800W-48V-15Ah-Preta-150x150.jpg",150,150,true],"medium":["https:\/\/promocaododia.com.br\/site\/wp-content\/uploads\/2022\/10\/Bicicleta-Eletrica-Confort-800W-48V-15Ah-Preta-300x300.jpg",300,300,true],"medium_large":["https:\/\/promocaododia.com.br\/site\/wp-content\/uploads\/2022\/10\/Bicicleta-Eletrica-Confort-800W-48V-15Ah-Preta.jpg",600,600,false],"large":["https:\/\/promocaododia.com.br\/site\/wp-content\/uploads\/2022\/10\/Bicicleta-Eletrica-Confort-800W-48V-15Ah-Preta.jpg",600,600,false],"1536x1536":["https:\/\/promocaododia.com.br\/site\/wp-content\/uploads\/2022\/10\/Bicicleta-Eletrica-Confort-800W-48V-15Ah-Preta.jpg",600,600,false],"2048x2048":["https:\/\/promocaododia.com.br\/site\/wp-content\/uploads\/2022\/10\/Bicicleta-Eletrica-Confort-800W-48V-15Ah-Preta.jpg",600,600,false],"woocommerce_thumbnail":["https:\/\/promocaododia.com.br\/site\/wp-content\/uploads\/2022\/10\/Bicicleta-Eletrica-Confort-800W-48V-15Ah-Preta-250x250.jpg",250,250,true],"woocommerce_single":["https:\/\/promocaododia.com.br\/site\/wp-content\/uploads\/2022\/10\/Bicicleta-Eletrica-Confort-800W-48V-15Ah-Preta-250x250.jpg",250,250,true],"woocommerce_gallery_thumbnail":["https:\/\/promocaododia.com.br\/site\/wp-content\/uploads\/2022\/10\/Bicicleta-Eletrica-Confort-800W-48V-15Ah-Preta-100x100.jpg",100,100,true]},"uagb_author_info":{"display_name":"danilo.gbr","author_link":"https:\/\/promocaododia.com.br\/site\/author\/"},"uagb_comment_info":0,"uagb_excerpt":"Produto Ecologicamente Correto: &#8211; N\u00e3o polui &#8211; N\u00e3o emite ru\u00eddos &#8211; Carrega em uma tomada comum &#8211; Basta acelerar ou pedalar As bicicletas el\u00e9tricas chegaram para ficar. Sucesso em muitos pa\u00edses elas agora come\u00e7am a ser conhecidas pelo p\u00fablico brasileiro. N\u00e3o gaste mais com combust\u00edvel ou licenciamento de ve\u00edculo. Utilize sua bike el\u00e9trica para ir&hellip;","_links":{"self":[{"href":"https:\/\/promocaododia.com.br\/site\/wp-json\/wp\/v2\/product\/811","targetHints":{"allow":["GET"]}}],"collection":[{"href":"https:\/\/promocaododia.com.br\/site\/wp-json\/wp\/v2\/product"}],"about":[{"href":"https:\/\/promocaododia.com.br\/site\/wp-json\/wp\/v2\/types\/product"}],"wp:featuredmedia":[{"embeddable":true,"href":"https:\/\/promocaododia.com.br\/site\/wp-json\/wp\/v2\/media\/812"}],"wp:attachment":[{"href":"https:\/\/promocaododia.com.br\/site\/wp-json\/wp\/v2\/media?parent=811"}],"wp:term":[{"taxonomy":"product_brand","embeddable":true,"href":"https:\/\/promocaododia.com.br\/site\/wp-json\/wp\/v2\/product_brand?post=811"},{"taxonomy":"product_cat","embeddable":true,"href":"https:\/\/promocaododia.com.br\/site\/wp-json\/wp\/v2\/product_cat?post=811"},{"taxonomy":"product_tag","embeddable":true,"href":"https:\/\/promocaododia.com.br\/site\/wp-json\/wp\/v2\/product_tag?post=811"}],"curies":[{"name":"wp","href":"https:\/\/api.w.org\/{rel}","templated":true}]}}