{"id":815,"date":"2022-10-27T18:50:49","date_gmt":"2022-10-27T21:50:49","guid":{"rendered":"https:\/\/promocaododia.com.br\/site\/?post_type=product&#038;p=815"},"modified":"2022-10-27T18:50:49","modified_gmt":"2022-10-27T21:50:49","slug":"kit-2x-giant-whey-900g-2x-bcaa-45-100g-2x-creatinas-100g-coqueteleira-bodybuilders","status":"publish","type":"product","link":"https:\/\/promocaododia.com.br\/site\/produto\/kit-2x-giant-whey-900g-2x-bcaa-45-100g-2x-creatinas-100g-coqueteleira-bodybuilders\/","title":{"rendered":"Kit 2x Giant Whey 900g + 2x BCAA 4,5 100g + 2x Creatinas 100g + Coqueteleira &#8211; Bodybuilders"},"content":{"rendered":"<p>Complemente sua suplementa\u00e7\u00e3o com o Kit 2x Giant whey + 2x Bcaa + 2x Creatina + Shaker &#8211; Bodybuilders<\/p>\n<p>O que comp\u00f5e o kit:<\/p>\n<p>Giant Whey Protein: 2 potes de 900g &#8211; sabor chocolate<br \/>\na) A GIANT WHEY \u00e9 um suplemento proteico em p\u00f3 para atletas com prote\u00edna concentrada do soro do leite, conhecida mundialmente como Whey Protein Concentrate em sua f\u00f3rmula. Possui alto valor biol\u00f3gico e alto teor de amino\u00e1cidos ess\u00eancias.<br \/>\nb) Ingredientes: Prote\u00edna concentrada do soro do leite (WPC), col\u00e1geno hidrolisado, prote\u00edna isolada de soja, aromatizante e edulcorante sucralose.<\/p>\n<p>BCAA 4,5: 2 potes de 100g<br \/>\na) O BCAA 800 BODYBUILDERS promove uma maior recupera\u00e7\u00e3o muscular e aumento da resist\u00eancia no pr\u00e9 e p\u00f3s-treino, fornecendo um maior efeito anti-catab\u00f3lico sendo um importante suplemento alimentar para ganhos de massa e recupera\u00e7\u00e3o muscular.<br \/>\nb) Ingredientes: Leucina, isoleucina, valina, soro do leite em p\u00f3, antiumectante carbonato de c\u00e1lcio, ve\u00edculo maltodextrina e estabilizante polivinilpirrolidona.<\/p>\n<p>Power Creatina: 2 potes de 100g<br \/>\na) A Power CREATINE BODYBUILDERS \u00e9 usada pelo tecido muscular para a produ\u00e7\u00e3o de fosfocreatina, fator importante na forma\u00e7\u00e3o de adenosina trifosfato (ATP), que funciona como um repositor de energia. Recomenda-se a ingest\u00e3o com \u00e1gua, ou conforme orienta\u00e7\u00e3o de um m\u00e9dico ou nutricionista.<br \/>\nb) Ingredientes: Creatina Monohidratada.<\/p>\n<p>Coqueteleira: 1 coqueteleira. A cor \u00e9 de acordo com disponibilidade em estoque.<\/p>\n<p>Importante:<br \/>\na) Validade dos produtos: de 18 a 24 meses<\/p>\n","protected":false},"excerpt":{"rendered":"<p>Complemente sua suplementa\u00e7\u00e3o com o Kit 2x Giant whey + 2x Bcaa + 2x Creatina + Shaker &#8211; Bodybuilders O que comp\u00f5e o kit: Giant Whey Protein: 2 potes de 900g &#8211; sabor chocolate a) A GIANT WHEY \u00e9 um suplemento proteico em p\u00f3 para atletas com prote\u00edna concentrada do soro do leite, conhecida mundialmente como Whey Protein Concentrate em sua f\u00f3rmula. Possui alto valor biol\u00f3gico e alto teor de amino\u00e1cidos ess\u00eancias. b) Ingredientes: Prote\u00edna concentrada do soro do leite (WPC), col\u00e1geno hidrolisado, prote\u00edna isolada de soja, aromatizante e edulcorante sucralose. BCAA 4,5: 2 potes de 100g a) O BCAA 800 BODYBUILDERS promove uma maior recupera\u00e7\u00e3o muscular e aumento da resist\u00eancia no pr\u00e9 e p\u00f3s-treino, fornecendo um maior efeito anti-catab\u00f3lico sendo um importante suplemento alimentar para ganhos de massa e recupera\u00e7\u00e3o muscular. b) Ingredientes: Leucina, isoleucina, valina, soro do leite em p\u00f3, antiumectante carbonato de c\u00e1lcio, ve\u00edculo maltodextrina e estabilizante polivinilpirrolidona. Power Creatina: 2 potes de 100g a) A Power CREATINE BODYBUILDERS \u00e9 usada pelo tecido muscular para a produ\u00e7\u00e3o de fosfocreatina, fator importante na forma\u00e7\u00e3o de adenosina trifosfato (ATP), que funciona como um repositor de energia. Recomenda-se a ingest\u00e3o com \u00e1gua, ou conforme orienta\u00e7\u00e3o de um m\u00e9dico ou nutricionista. b) Ingredientes: Creatina Monohidratada. Coqueteleira: 1 coqueteleira. A cor \u00e9 de acordo com disponibilidade em estoque. Importante: a) Validade dos produtos: de 18 a 24 meses<\/p>\n","protected":false},"featured_media":816,"template":"","meta":{"_uag_custom_page_level_css":"","site-sidebar-layout":"default","site-content-layout":"default","ast-site-content-layout":"default","site-content-style":"default","site-sidebar-style":"default","ast-global-header-display":"","ast-banner-title-visibility":"","ast-main-header-display":"","ast-hfb-above-header-display":"","ast-hfb-below-header-display":"","ast-hfb-mobile-header-display":"","site-post-title":"","ast-breadcrumbs-content":"","ast-featured-img":"","footer-sml-layout":"","theme-transparent-header-meta":"default","adv-header-id-meta":"","stick-header-meta":"","header-above-stick-meta":"","header-main-stick-meta":"","header-below-stick-meta":"","astra-migrate-meta-layouts":"default","ast-page-background-enabled":"default","ast-page-background-meta":{"desktop":{"background-color":"","background-image":"","background-repeat":"repeat","background-position":"center center","background-size":"auto","background-attachment":"scroll","background-type":"","background-media":"","overlay-type":"","overlay-color":"","overlay-opacity":"","overlay-gradient":""},"tablet":{"background-color":"","background-image":"","background-repeat":"repeat","background-position":"center center","background-size":"auto","background-attachment":"scroll","background-type":"","background-media":"","overlay-type":"","overlay-color":"","overlay-opacity":"","overlay-gradient":""},"mobile":{"background-color":"","background-image":"","background-repeat":"repeat","background-position":"center center","background-size":"auto","background-attachment":"scroll","background-type":"","background-media":"","overlay-type":"","overlay-color":"","overlay-opacity":"","overlay-gradient":""}},"ast-content-background-meta":{"desktop":{"background-color":"var(--ast-global-color-5)","background-image":"","background-repeat":"repeat","background-position":"center center","background-size":"auto","background-attachment":"scroll","background-type":"","background-media":"","overlay-type":"","overlay-color":"","overlay-opacity":"","overlay-gradient":""},"tablet":{"background-color":"var(--ast-global-color-5)","background-image":"","background-repeat":"repeat","background-position":"center center","background-size":"auto","background-attachment":"scroll","background-type":"","background-media":"","overlay-type":"","overlay-color":"","overlay-opacity":"","overlay-gradient":""},"mobile":{"background-color":"var(--ast-global-color-5)","background-image":"","background-repeat":"repeat","background-position":"center center","background-size":"auto","background-attachment":"scroll","background-type":"","background-media":"","overlay-type":"","overlay-color":"","overlay-opacity":"","overlay-gradient":""}}},"product_brand":[],"product_cat":[284],"product_tag":[287,288,291,290,289,285,119,286],"class_list":{"0":"post-815","1":"product","2":"type-product","3":"status-publish","4":"has-post-thumbnail","6":"product_cat-suplementos-alimentares","7":"product_tag-900g","8":"product_tag-bcaa","9":"product_tag-bodybuilders","10":"product_tag-coqueteleira","11":"product_tag-creatinas","12":"product_tag-giant-whey","13":"product_tag-kit","14":"product_tag-whey","15":"desktop-align-center","16":"tablet-align-left","17":"mobile-align-center","19":"first","20":"instock","21":"sale","22":"shipping-taxable","23":"product-type-external"},"uagb_featured_image_src":{"full":["https:\/\/promocaododia.com.br\/site\/wp-content\/uploads\/2022\/10\/Kit-2x-Giant-Whey-900g-2x-BCAA-45-100g-2x-Creatinas-100g-Coqueteleira-Bodybuilders.jpg",600,600,false],"thumbnail":["https:\/\/promocaododia.com.br\/site\/wp-content\/uploads\/2022\/10\/Kit-2x-Giant-Whey-900g-2x-BCAA-45-100g-2x-Creatinas-100g-Coqueteleira-Bodybuilders-150x150.jpg",150,150,true],"medium":["https:\/\/promocaododia.com.br\/site\/wp-content\/uploads\/2022\/10\/Kit-2x-Giant-Whey-900g-2x-BCAA-45-100g-2x-Creatinas-100g-Coqueteleira-Bodybuilders-300x300.jpg",300,300,true],"medium_large":["https:\/\/promocaododia.com.br\/site\/wp-content\/uploads\/2022\/10\/Kit-2x-Giant-Whey-900g-2x-BCAA-45-100g-2x-Creatinas-100g-Coqueteleira-Bodybuilders.jpg",600,600,false],"large":["https:\/\/promocaododia.com.br\/site\/wp-content\/uploads\/2022\/10\/Kit-2x-Giant-Whey-900g-2x-BCAA-45-100g-2x-Creatinas-100g-Coqueteleira-Bodybuilders.jpg",600,600,false],"1536x1536":["https:\/\/promocaododia.com.br\/site\/wp-content\/uploads\/2022\/10\/Kit-2x-Giant-Whey-900g-2x-BCAA-45-100g-2x-Creatinas-100g-Coqueteleira-Bodybuilders.jpg",600,600,false],"2048x2048":["https:\/\/promocaododia.com.br\/site\/wp-content\/uploads\/2022\/10\/Kit-2x-Giant-Whey-900g-2x-BCAA-45-100g-2x-Creatinas-100g-Coqueteleira-Bodybuilders.jpg",600,600,false],"woocommerce_thumbnail":["https:\/\/promocaododia.com.br\/site\/wp-content\/uploads\/2022\/10\/Kit-2x-Giant-Whey-900g-2x-BCAA-45-100g-2x-Creatinas-100g-Coqueteleira-Bodybuilders-250x250.jpg",250,250,true],"woocommerce_single":["https:\/\/promocaododia.com.br\/site\/wp-content\/uploads\/2022\/10\/Kit-2x-Giant-Whey-900g-2x-BCAA-45-100g-2x-Creatinas-100g-Coqueteleira-Bodybuilders-250x250.jpg",250,250,true],"woocommerce_gallery_thumbnail":["https:\/\/promocaododia.com.br\/site\/wp-content\/uploads\/2022\/10\/Kit-2x-Giant-Whey-900g-2x-BCAA-45-100g-2x-Creatinas-100g-Coqueteleira-Bodybuilders-100x100.jpg",100,100,true]},"uagb_author_info":{"display_name":"danilo.gbr","author_link":"https:\/\/promocaododia.com.br\/site\/author\/"},"uagb_comment_info":0,"uagb_excerpt":"Complemente sua suplementa\u00e7\u00e3o com o Kit 2x Giant whey + 2x Bcaa + 2x Creatina + Shaker &#8211; Bodybuilders O que comp\u00f5e o kit: Giant Whey Protein: 2 potes de 900g &#8211; sabor chocolate a) A GIANT WHEY \u00e9 um suplemento proteico em p\u00f3 para atletas com prote\u00edna concentrada do soro do leite, conhecida mundialmente&hellip;","_links":{"self":[{"href":"https:\/\/promocaododia.com.br\/site\/wp-json\/wp\/v2\/product\/815","targetHints":{"allow":["GET"]}}],"collection":[{"href":"https:\/\/promocaododia.com.br\/site\/wp-json\/wp\/v2\/product"}],"about":[{"href":"https:\/\/promocaododia.com.br\/site\/wp-json\/wp\/v2\/types\/product"}],"wp:featuredmedia":[{"embeddable":true,"href":"https:\/\/promocaododia.com.br\/site\/wp-json\/wp\/v2\/media\/816"}],"wp:attachment":[{"href":"https:\/\/promocaododia.com.br\/site\/wp-json\/wp\/v2\/media?parent=815"}],"wp:term":[{"taxonomy":"product_brand","embeddable":true,"href":"https:\/\/promocaododia.com.br\/site\/wp-json\/wp\/v2\/product_brand?post=815"},{"taxonomy":"product_cat","embeddable":true,"href":"https:\/\/promocaododia.com.br\/site\/wp-json\/wp\/v2\/product_cat?post=815"},{"taxonomy":"product_tag","embeddable":true,"href":"https:\/\/promocaododia.com.br\/site\/wp-json\/wp\/v2\/product_tag?post=815"}],"curies":[{"name":"wp","href":"https:\/\/api.w.org\/{rel}","templated":true}]}}