{"id":823,"date":"2022-10-27T19:26:30","date_gmt":"2022-10-27T22:26:30","guid":{"rendered":"https:\/\/promocaododia.com.br\/site\/?post_type=product&#038;p=823"},"modified":"2022-10-27T19:26:30","modified_gmt":"2022-10-27T22:26:30","slug":"kit-fralda-turma-da-monica-baby-tam-p-3-a-5kg-6-pacotes-com-30-unidades-cada","status":"publish","type":"product","link":"https:\/\/promocaododia.com.br\/site\/produto\/kit-fralda-turma-da-monica-baby-tam-p-3-a-5kg-6-pacotes-com-30-unidades-cada\/","title":{"rendered":"Kit Fralda Turma da M\u00f4nica Baby Tam. P 3 a 5kg &#8211; 6 Pacotes com 30 Unidades Cada"},"content":{"rendered":"<p>A Fralda descart\u00e1vel diurna e noturna Baby da Turma da M\u00f4nica, foi totalmente reformulada para deixar seu seu beb\u00ea sequinho e protegido por mais tempo. Isso porque ela conta com uma nova tecnologia que vai proporcionar uma prote\u00e7\u00e3o por at\u00e9 12 horas. Tem distribui\u00e7\u00e3o r\u00e1pida e uniforme do xixi, barreiras antivazamento e cintura el\u00e1stica para garantir o melhor ajuste. Isso sem contar nas estampas divertidas. Essa embalagem acompanha 30 fraldas no tamanho P, peso suportado de 3 \u00e0 5kg. Essa fralda foi testada e aprovada dermatologicamente.<\/p>\n","protected":false},"excerpt":{"rendered":"<p>A Fralda descart\u00e1vel diurna e noturna Baby da Turma da M\u00f4nica, foi totalmente reformulada para deixar seu seu beb\u00ea sequinho e protegido por mais tempo. Isso porque ela conta com uma nova tecnologia que vai proporcionar uma prote\u00e7\u00e3o por at\u00e9 12 horas. Tem distribui\u00e7\u00e3o r\u00e1pida e uniforme do xixi, barreiras antivazamento e cintura el\u00e1stica para garantir o melhor ajuste. Isso sem contar nas estampas divertidas. Essa embalagem acompanha 30 fraldas no tamanho P, peso suportado de 3 \u00e0 5kg. Essa fralda foi testada e aprovada dermatologicamente.<\/p>\n","protected":false},"featured_media":824,"template":"","meta":{"_uag_custom_page_level_css":"","site-sidebar-layout":"default","site-content-layout":"default","ast-site-content-layout":"default","site-content-style":"default","site-sidebar-style":"default","ast-global-header-display":"","ast-banner-title-visibility":"","ast-main-header-display":"","ast-hfb-above-header-display":"","ast-hfb-below-header-display":"","ast-hfb-mobile-header-display":"","site-post-title":"","ast-breadcrumbs-content":"","ast-featured-img":"","footer-sml-layout":"","theme-transparent-header-meta":"default","adv-header-id-meta":"","stick-header-meta":"","header-above-stick-meta":"","header-main-stick-meta":"","header-below-stick-meta":"","astra-migrate-meta-layouts":"default","ast-page-background-enabled":"default","ast-page-background-meta":{"desktop":{"background-color":"","background-image":"","background-repeat":"repeat","background-position":"center center","background-size":"auto","background-attachment":"scroll","background-type":"","background-media":"","overlay-type":"","overlay-color":"","overlay-opacity":"","overlay-gradient":""},"tablet":{"background-color":"","background-image":"","background-repeat":"repeat","background-position":"center center","background-size":"auto","background-attachment":"scroll","background-type":"","background-media":"","overlay-type":"","overlay-color":"","overlay-opacity":"","overlay-gradient":""},"mobile":{"background-color":"","background-image":"","background-repeat":"repeat","background-position":"center center","background-size":"auto","background-attachment":"scroll","background-type":"","background-media":"","overlay-type":"","overlay-color":"","overlay-opacity":"","overlay-gradient":""}},"ast-content-background-meta":{"desktop":{"background-color":"var(--ast-global-color-5)","background-image":"","background-repeat":"repeat","background-position":"center center","background-size":"auto","background-attachment":"scroll","background-type":"","background-media":"","overlay-type":"","overlay-color":"","overlay-opacity":"","overlay-gradient":""},"tablet":{"background-color":"var(--ast-global-color-5)","background-image":"","background-repeat":"repeat","background-position":"center center","background-size":"auto","background-attachment":"scroll","background-type":"","background-media":"","overlay-type":"","overlay-color":"","overlay-opacity":"","overlay-gradient":""},"mobile":{"background-color":"var(--ast-global-color-5)","background-image":"","background-repeat":"repeat","background-position":"center center","background-size":"auto","background-attachment":"scroll","background-type":"","background-media":"","overlay-type":"","overlay-color":"","overlay-opacity":"","overlay-gradient":""}}},"product_brand":[],"product_cat":[54],"product_tag":[307,304,119,306,305],"class_list":{"0":"post-823","1":"product","2":"type-product","3":"status-publish","4":"has-post-thumbnail","6":"product_cat-bebe","7":"product_tag-bebe","8":"product_tag-fralda","9":"product_tag-kit","10":"product_tag-pacote-30-unidades","11":"product_tag-turma-da-monica","12":"desktop-align-center","13":"tablet-align-left","14":"mobile-align-center","16":"first","17":"instock","18":"sale","19":"shipping-taxable","20":"product-type-external"},"uagb_featured_image_src":{"full":["https:\/\/promocaododia.com.br\/site\/wp-content\/uploads\/2022\/10\/Kit-Fralda-Turma-da-Monica-Baby-Tam.-P-3-a-5kg-6-Pacotes-com-30-Unidades-Cada.jpg",600,600,false],"thumbnail":["https:\/\/promocaododia.com.br\/site\/wp-content\/uploads\/2022\/10\/Kit-Fralda-Turma-da-Monica-Baby-Tam.-P-3-a-5kg-6-Pacotes-com-30-Unidades-Cada-150x150.jpg",150,150,true],"medium":["https:\/\/promocaododia.com.br\/site\/wp-content\/uploads\/2022\/10\/Kit-Fralda-Turma-da-Monica-Baby-Tam.-P-3-a-5kg-6-Pacotes-com-30-Unidades-Cada-300x300.jpg",300,300,true],"medium_large":["https:\/\/promocaododia.com.br\/site\/wp-content\/uploads\/2022\/10\/Kit-Fralda-Turma-da-Monica-Baby-Tam.-P-3-a-5kg-6-Pacotes-com-30-Unidades-Cada.jpg",600,600,false],"large":["https:\/\/promocaododia.com.br\/site\/wp-content\/uploads\/2022\/10\/Kit-Fralda-Turma-da-Monica-Baby-Tam.-P-3-a-5kg-6-Pacotes-com-30-Unidades-Cada.jpg",600,600,false],"1536x1536":["https:\/\/promocaododia.com.br\/site\/wp-content\/uploads\/2022\/10\/Kit-Fralda-Turma-da-Monica-Baby-Tam.-P-3-a-5kg-6-Pacotes-com-30-Unidades-Cada.jpg",600,600,false],"2048x2048":["https:\/\/promocaododia.com.br\/site\/wp-content\/uploads\/2022\/10\/Kit-Fralda-Turma-da-Monica-Baby-Tam.-P-3-a-5kg-6-Pacotes-com-30-Unidades-Cada.jpg",600,600,false],"woocommerce_thumbnail":["https:\/\/promocaododia.com.br\/site\/wp-content\/uploads\/2022\/10\/Kit-Fralda-Turma-da-Monica-Baby-Tam.-P-3-a-5kg-6-Pacotes-com-30-Unidades-Cada-250x250.jpg",250,250,true],"woocommerce_single":["https:\/\/promocaododia.com.br\/site\/wp-content\/uploads\/2022\/10\/Kit-Fralda-Turma-da-Monica-Baby-Tam.-P-3-a-5kg-6-Pacotes-com-30-Unidades-Cada-250x250.jpg",250,250,true],"woocommerce_gallery_thumbnail":["https:\/\/promocaododia.com.br\/site\/wp-content\/uploads\/2022\/10\/Kit-Fralda-Turma-da-Monica-Baby-Tam.-P-3-a-5kg-6-Pacotes-com-30-Unidades-Cada-100x100.jpg",100,100,true]},"uagb_author_info":{"display_name":"danilo.gbr","author_link":"https:\/\/promocaododia.com.br\/site\/author\/"},"uagb_comment_info":0,"uagb_excerpt":"A Fralda descart\u00e1vel diurna e noturna Baby da Turma da M\u00f4nica, foi totalmente reformulada para deixar seu seu beb\u00ea sequinho e protegido por mais tempo. Isso porque ela conta com uma nova tecnologia que vai proporcionar uma prote\u00e7\u00e3o por at\u00e9 12 horas. Tem distribui\u00e7\u00e3o r\u00e1pida e uniforme do xixi, barreiras antivazamento e cintura el\u00e1stica para&hellip;","_links":{"self":[{"href":"https:\/\/promocaododia.com.br\/site\/wp-json\/wp\/v2\/product\/823","targetHints":{"allow":["GET"]}}],"collection":[{"href":"https:\/\/promocaododia.com.br\/site\/wp-json\/wp\/v2\/product"}],"about":[{"href":"https:\/\/promocaododia.com.br\/site\/wp-json\/wp\/v2\/types\/product"}],"wp:featuredmedia":[{"embeddable":true,"href":"https:\/\/promocaododia.com.br\/site\/wp-json\/wp\/v2\/media\/824"}],"wp:attachment":[{"href":"https:\/\/promocaododia.com.br\/site\/wp-json\/wp\/v2\/media?parent=823"}],"wp:term":[{"taxonomy":"product_brand","embeddable":true,"href":"https:\/\/promocaododia.com.br\/site\/wp-json\/wp\/v2\/product_brand?post=823"},{"taxonomy":"product_cat","embeddable":true,"href":"https:\/\/promocaododia.com.br\/site\/wp-json\/wp\/v2\/product_cat?post=823"},{"taxonomy":"product_tag","embeddable":true,"href":"https:\/\/promocaododia.com.br\/site\/wp-json\/wp\/v2\/product_tag?post=823"}],"curies":[{"name":"wp","href":"https:\/\/api.w.org\/{rel}","templated":true}]}}