{"id":844,"date":"2022-10-28T20:21:11","date_gmt":"2022-10-28T23:21:11","guid":{"rendered":"https:\/\/promocaododia.com.br\/site\/?post_type=product&#038;p=844"},"modified":"2022-10-28T20:21:11","modified_gmt":"2022-10-28T23:21:11","slug":"kit-utensilios-de-cozinha-5-pecas-nylon-vermelha-lb","status":"publish","type":"product","link":"https:\/\/promocaododia.com.br\/site\/produto\/kit-utensilios-de-cozinha-5-pecas-nylon-vermelha-lb\/","title":{"rendered":"Kit Utens\u00edlios de Cozinha 5 Pe\u00e7as Nylon Vermelha &#8211; LB"},"content":{"rendered":"<p>Envio em 24h ap\u00f3s confirma\u00e7\u00e3o do pagamento \/ Produto enviado com Nota Fiscal.<\/p>\n<p>Composto por seis indispens\u00e1veis pe\u00e7as na cozinha. Possui cabo colorido e na altura certa para o polegar, uma \u00e1rea texturizada que ajuda na apreens\u00e3o e manuseio da pe\u00e7a, mesmo com a m\u00e3o \u00famida. Na ponta do cabo, orif\u00edcio permitindo pendurar o conjunto, deixando-os de f\u00e1cil acesso. N\u00e3o utilizar em frituras.<\/p>\n<p>O que tem no Kit?<\/p>\n<p>Escumadeira Grande<\/p>\n<p>Concha de Feij\u00e3o Grande<\/p>\n<p>Esp\u00e1tula Grande<\/p>\n<p>Pegador de Macarr\u00e3o Grande<\/p>\n<p>Colher de Arroz Grande<\/p>\n<p>+ 1 Presente Surpresa Especial para voc\u00ea!<\/p>\n","protected":false},"excerpt":{"rendered":"<p>Envio em 24h ap\u00f3s confirma\u00e7\u00e3o do pagamento \/ Produto enviado com Nota Fiscal. Composto por seis indispens\u00e1veis pe\u00e7as na cozinha. Possui cabo colorido e na altura certa para o polegar, uma \u00e1rea texturizada que ajuda na apreens\u00e3o e manuseio da pe\u00e7a, mesmo com a m\u00e3o \u00famida. Na ponta do cabo, orif\u00edcio permitindo pendurar o conjunto, deixando-os de f\u00e1cil acesso. N\u00e3o utilizar em frituras. O que tem no Kit? Escumadeira Grande Concha de Feij\u00e3o Grande Esp\u00e1tula Grande Pegador de Macarr\u00e3o Grande Colher de Arroz Grande + 1 Presente Surpresa Especial para voc\u00ea!<\/p>\n","protected":false},"featured_media":845,"template":"","meta":{"_uag_custom_page_level_css":"","site-sidebar-layout":"default","site-content-layout":"default","ast-site-content-layout":"default","site-content-style":"default","site-sidebar-style":"default","ast-global-header-display":"","ast-banner-title-visibility":"","ast-main-header-display":"","ast-hfb-above-header-display":"","ast-hfb-below-header-display":"","ast-hfb-mobile-header-display":"","site-post-title":"","ast-breadcrumbs-content":"","ast-featured-img":"","footer-sml-layout":"","theme-transparent-header-meta":"default","adv-header-id-meta":"","stick-header-meta":"","header-above-stick-meta":"","header-main-stick-meta":"","header-below-stick-meta":"","astra-migrate-meta-layouts":"default","ast-page-background-enabled":"default","ast-page-background-meta":{"desktop":{"background-color":"","background-image":"","background-repeat":"repeat","background-position":"center center","background-size":"auto","background-attachment":"scroll","background-type":"","background-media":"","overlay-type":"","overlay-color":"","overlay-opacity":"","overlay-gradient":""},"tablet":{"background-color":"","background-image":"","background-repeat":"repeat","background-position":"center center","background-size":"auto","background-attachment":"scroll","background-type":"","background-media":"","overlay-type":"","overlay-color":"","overlay-opacity":"","overlay-gradient":""},"mobile":{"background-color":"","background-image":"","background-repeat":"repeat","background-position":"center center","background-size":"auto","background-attachment":"scroll","background-type":"","background-media":"","overlay-type":"","overlay-color":"","overlay-opacity":"","overlay-gradient":""}},"ast-content-background-meta":{"desktop":{"background-color":"var(--ast-global-color-5)","background-image":"","background-repeat":"repeat","background-position":"center center","background-size":"auto","background-attachment":"scroll","background-type":"","background-media":"","overlay-type":"","overlay-color":"","overlay-opacity":"","overlay-gradient":""},"tablet":{"background-color":"var(--ast-global-color-5)","background-image":"","background-repeat":"repeat","background-position":"center center","background-size":"auto","background-attachment":"scroll","background-type":"","background-media":"","overlay-type":"","overlay-color":"","overlay-opacity":"","overlay-gradient":""},"mobile":{"background-color":"var(--ast-global-color-5)","background-image":"","background-repeat":"repeat","background-position":"center center","background-size":"auto","background-attachment":"scroll","background-type":"","background-media":"","overlay-type":"","overlay-color":"","overlay-opacity":"","overlay-gradient":""}}},"product_brand":[],"product_cat":[18],"product_tag":[117,119,345,344],"class_list":{"0":"post-844","1":"product","2":"type-product","3":"status-publish","4":"has-post-thumbnail","6":"product_cat-utensilios-para-cozinhar","7":"product_tag-cozinha","8":"product_tag-kit","9":"product_tag-nylon","10":"product_tag-utensilios","11":"desktop-align-center","12":"tablet-align-left","13":"mobile-align-center","15":"first","16":"instock","17":"sale","18":"shipping-taxable","19":"product-type-external"},"uagb_featured_image_src":{"full":["https:\/\/promocaododia.com.br\/site\/wp-content\/uploads\/2022\/10\/Kit-Utensilios-de-Cozinha-5-Pecas-Nylon-Vermelha-LB.jpg",600,600,false],"thumbnail":["https:\/\/promocaododia.com.br\/site\/wp-content\/uploads\/2022\/10\/Kit-Utensilios-de-Cozinha-5-Pecas-Nylon-Vermelha-LB-150x150.jpg",150,150,true],"medium":["https:\/\/promocaododia.com.br\/site\/wp-content\/uploads\/2022\/10\/Kit-Utensilios-de-Cozinha-5-Pecas-Nylon-Vermelha-LB-300x300.jpg",300,300,true],"medium_large":["https:\/\/promocaododia.com.br\/site\/wp-content\/uploads\/2022\/10\/Kit-Utensilios-de-Cozinha-5-Pecas-Nylon-Vermelha-LB.jpg",600,600,false],"large":["https:\/\/promocaododia.com.br\/site\/wp-content\/uploads\/2022\/10\/Kit-Utensilios-de-Cozinha-5-Pecas-Nylon-Vermelha-LB.jpg",600,600,false],"1536x1536":["https:\/\/promocaododia.com.br\/site\/wp-content\/uploads\/2022\/10\/Kit-Utensilios-de-Cozinha-5-Pecas-Nylon-Vermelha-LB.jpg",600,600,false],"2048x2048":["https:\/\/promocaododia.com.br\/site\/wp-content\/uploads\/2022\/10\/Kit-Utensilios-de-Cozinha-5-Pecas-Nylon-Vermelha-LB.jpg",600,600,false],"woocommerce_thumbnail":["https:\/\/promocaododia.com.br\/site\/wp-content\/uploads\/2022\/10\/Kit-Utensilios-de-Cozinha-5-Pecas-Nylon-Vermelha-LB-250x250.jpg",250,250,true],"woocommerce_single":["https:\/\/promocaododia.com.br\/site\/wp-content\/uploads\/2022\/10\/Kit-Utensilios-de-Cozinha-5-Pecas-Nylon-Vermelha-LB-250x250.jpg",250,250,true],"woocommerce_gallery_thumbnail":["https:\/\/promocaododia.com.br\/site\/wp-content\/uploads\/2022\/10\/Kit-Utensilios-de-Cozinha-5-Pecas-Nylon-Vermelha-LB-100x100.jpg",100,100,true]},"uagb_author_info":{"display_name":"danilo.gbr","author_link":"https:\/\/promocaododia.com.br\/site\/author\/"},"uagb_comment_info":0,"uagb_excerpt":"Envio em 24h ap\u00f3s confirma\u00e7\u00e3o do pagamento \/ Produto enviado com Nota Fiscal. Composto por seis indispens\u00e1veis pe\u00e7as na cozinha. Possui cabo colorido e na altura certa para o polegar, uma \u00e1rea texturizada que ajuda na apreens\u00e3o e manuseio da pe\u00e7a, mesmo com a m\u00e3o \u00famida. Na ponta do cabo, orif\u00edcio permitindo pendurar o conjunto,&hellip;","_links":{"self":[{"href":"https:\/\/promocaododia.com.br\/site\/wp-json\/wp\/v2\/product\/844","targetHints":{"allow":["GET"]}}],"collection":[{"href":"https:\/\/promocaododia.com.br\/site\/wp-json\/wp\/v2\/product"}],"about":[{"href":"https:\/\/promocaododia.com.br\/site\/wp-json\/wp\/v2\/types\/product"}],"wp:featuredmedia":[{"embeddable":true,"href":"https:\/\/promocaododia.com.br\/site\/wp-json\/wp\/v2\/media\/845"}],"wp:attachment":[{"href":"https:\/\/promocaododia.com.br\/site\/wp-json\/wp\/v2\/media?parent=844"}],"wp:term":[{"taxonomy":"product_brand","embeddable":true,"href":"https:\/\/promocaododia.com.br\/site\/wp-json\/wp\/v2\/product_brand?post=844"},{"taxonomy":"product_cat","embeddable":true,"href":"https:\/\/promocaododia.com.br\/site\/wp-json\/wp\/v2\/product_cat?post=844"},{"taxonomy":"product_tag","embeddable":true,"href":"https:\/\/promocaododia.com.br\/site\/wp-json\/wp\/v2\/product_tag?post=844"}],"curies":[{"name":"wp","href":"https:\/\/api.w.org\/{rel}","templated":true}]}}