{"id":941,"date":"2022-11-03T19:43:36","date_gmt":"2022-11-03T22:43:36","guid":{"rendered":"https:\/\/promocaododia.com.br\/site\/?post_type=product&#038;p=941"},"modified":"2022-11-03T19:43:36","modified_gmt":"2022-11-03T22:43:36","slug":"aparador-de-pelos-mondial-bg-03-supergroom-10-10-em-1-4-cabecas-16-ajustes-1-velocidade","status":"publish","type":"product","link":"https:\/\/promocaododia.com.br\/site\/produto\/aparador-de-pelos-mondial-bg-03-supergroom-10-10-em-1-4-cabecas-16-ajustes-1-velocidade\/","title":{"rendered":"Aparador de Pelos Mondial BG-03 SuperGroom 10 &#8211; 10 em 1 4 Cabe\u00e7as 16 Ajustes 1 Velocidade"},"content":{"rendered":"<p>O novo aparador de pelos BG-03 SuperGroom-10 da Mondial \u00e9 a solu\u00e7\u00e3o mais r\u00e1pida para um barbear perfeito, al\u00e9m disso, com ele voc\u00ea tamb\u00e9m pode aparar os pelos de todo o corpo. Ideal para ser usado em corpo seco, ele possui uma velocidade e design moderno 10 em 1: Aparador de barba e bigode, Aparador de precis\u00e3o, Microbarbeador, aparador de nariz e orelha, 4 pentes de corte, 1 pente com regulagem de altura com 16 comprimentos ideais para aparar e manter uniforme o comprimento dos pelos. Suas l\u00e2minas s\u00e3o em a\u00e7o inox para uma maior durabilidade. Sua bateria interna \u00e9 bivolt e com apenas 2 horas de carregamento voc\u00ea tem autonomia de 90 minutos e poder\u00e1 carrega-lo para qualquer lugar sem preocupa\u00e7\u00e3o.<\/p>\n","protected":false},"excerpt":{"rendered":"<p>O novo aparador de pelos BG-03 SuperGroom-10 da Mondial \u00e9 a solu\u00e7\u00e3o mais r\u00e1pida para um barbear perfeito, al\u00e9m disso, com ele voc\u00ea tamb\u00e9m pode aparar os pelos de todo o corpo. Ideal para ser usado em corpo seco, ele possui uma velocidade e design moderno 10 em 1: Aparador de barba e bigode, Aparador de precis\u00e3o, Microbarbeador, aparador de nariz e orelha, 4 pentes de corte, 1 pente com regulagem de altura com 16 comprimentos ideais para aparar e manter uniforme o comprimento dos pelos. Suas l\u00e2minas s\u00e3o em a\u00e7o inox para uma maior durabilidade. Sua bateria interna \u00e9 bivolt e com apenas 2 horas de carregamento voc\u00ea tem autonomia de 90 minutos e poder\u00e1 carrega-lo para qualquer lugar sem preocupa\u00e7\u00e3o.<\/p>\n","protected":false},"featured_media":942,"template":"","meta":{"_uag_custom_page_level_css":"","site-sidebar-layout":"default","site-content-layout":"default","ast-site-content-layout":"default","site-content-style":"default","site-sidebar-style":"default","ast-global-header-display":"","ast-banner-title-visibility":"","ast-main-header-display":"","ast-hfb-above-header-display":"","ast-hfb-below-header-display":"","ast-hfb-mobile-header-display":"","site-post-title":"","ast-breadcrumbs-content":"","ast-featured-img":"","footer-sml-layout":"","theme-transparent-header-meta":"default","adv-header-id-meta":"","stick-header-meta":"","header-above-stick-meta":"","header-main-stick-meta":"","header-below-stick-meta":"","astra-migrate-meta-layouts":"default","ast-page-background-enabled":"default","ast-page-background-meta":{"desktop":{"background-color":"","background-image":"","background-repeat":"repeat","background-position":"center center","background-size":"auto","background-attachment":"scroll","background-type":"","background-media":"","overlay-type":"","overlay-color":"","overlay-opacity":"","overlay-gradient":""},"tablet":{"background-color":"","background-image":"","background-repeat":"repeat","background-position":"center center","background-size":"auto","background-attachment":"scroll","background-type":"","background-media":"","overlay-type":"","overlay-color":"","overlay-opacity":"","overlay-gradient":""},"mobile":{"background-color":"","background-image":"","background-repeat":"repeat","background-position":"center center","background-size":"auto","background-attachment":"scroll","background-type":"","background-media":"","overlay-type":"","overlay-color":"","overlay-opacity":"","overlay-gradient":""}},"ast-content-background-meta":{"desktop":{"background-color":"var(--ast-global-color-5)","background-image":"","background-repeat":"repeat","background-position":"center center","background-size":"auto","background-attachment":"scroll","background-type":"","background-media":"","overlay-type":"","overlay-color":"","overlay-opacity":"","overlay-gradient":""},"tablet":{"background-color":"var(--ast-global-color-5)","background-image":"","background-repeat":"repeat","background-position":"center center","background-size":"auto","background-attachment":"scroll","background-type":"","background-media":"","overlay-type":"","overlay-color":"","overlay-opacity":"","overlay-gradient":""},"mobile":{"background-color":"var(--ast-global-color-5)","background-image":"","background-repeat":"repeat","background-position":"center center","background-size":"auto","background-attachment":"scroll","background-type":"","background-media":"","overlay-type":"","overlay-color":"","overlay-opacity":"","overlay-gradient":""}}},"product_brand":[],"product_cat":[33,144],"product_tag":[],"class_list":{"0":"post-941","1":"product","2":"type-product","3":"status-publish","4":"has-post-thumbnail","6":"product_cat-beleza-e-perfumaria","7":"product_cat-higiene-pessoal","8":"desktop-align-center","9":"tablet-align-left","10":"mobile-align-center","12":"first","13":"instock","14":"sale","15":"shipping-taxable","16":"product-type-external"},"uagb_featured_image_src":{"full":["https:\/\/promocaododia.com.br\/site\/wp-content\/uploads\/2022\/11\/Aparador-de-Pelos-Mondial-BG-03-SuperGroom-10-10-em-1-4-Cabecas-16-Ajustes-1-Velocidade.jpg",600,600,false],"thumbnail":["https:\/\/promocaododia.com.br\/site\/wp-content\/uploads\/2022\/11\/Aparador-de-Pelos-Mondial-BG-03-SuperGroom-10-10-em-1-4-Cabecas-16-Ajustes-1-Velocidade-150x150.jpg",150,150,true],"medium":["https:\/\/promocaododia.com.br\/site\/wp-content\/uploads\/2022\/11\/Aparador-de-Pelos-Mondial-BG-03-SuperGroom-10-10-em-1-4-Cabecas-16-Ajustes-1-Velocidade-300x300.jpg",300,300,true],"medium_large":["https:\/\/promocaododia.com.br\/site\/wp-content\/uploads\/2022\/11\/Aparador-de-Pelos-Mondial-BG-03-SuperGroom-10-10-em-1-4-Cabecas-16-Ajustes-1-Velocidade.jpg",600,600,false],"large":["https:\/\/promocaododia.com.br\/site\/wp-content\/uploads\/2022\/11\/Aparador-de-Pelos-Mondial-BG-03-SuperGroom-10-10-em-1-4-Cabecas-16-Ajustes-1-Velocidade.jpg",600,600,false],"1536x1536":["https:\/\/promocaododia.com.br\/site\/wp-content\/uploads\/2022\/11\/Aparador-de-Pelos-Mondial-BG-03-SuperGroom-10-10-em-1-4-Cabecas-16-Ajustes-1-Velocidade.jpg",600,600,false],"2048x2048":["https:\/\/promocaododia.com.br\/site\/wp-content\/uploads\/2022\/11\/Aparador-de-Pelos-Mondial-BG-03-SuperGroom-10-10-em-1-4-Cabecas-16-Ajustes-1-Velocidade.jpg",600,600,false],"woocommerce_thumbnail":["https:\/\/promocaododia.com.br\/site\/wp-content\/uploads\/2022\/11\/Aparador-de-Pelos-Mondial-BG-03-SuperGroom-10-10-em-1-4-Cabecas-16-Ajustes-1-Velocidade-250x250.jpg",250,250,true],"woocommerce_single":["https:\/\/promocaododia.com.br\/site\/wp-content\/uploads\/2022\/11\/Aparador-de-Pelos-Mondial-BG-03-SuperGroom-10-10-em-1-4-Cabecas-16-Ajustes-1-Velocidade-250x250.jpg",250,250,true],"woocommerce_gallery_thumbnail":["https:\/\/promocaododia.com.br\/site\/wp-content\/uploads\/2022\/11\/Aparador-de-Pelos-Mondial-BG-03-SuperGroom-10-10-em-1-4-Cabecas-16-Ajustes-1-Velocidade-100x100.jpg",100,100,true]},"uagb_author_info":{"display_name":"danilo.gbr","author_link":"https:\/\/promocaododia.com.br\/site\/author\/"},"uagb_comment_info":0,"uagb_excerpt":"O novo aparador de pelos BG-03 SuperGroom-10 da Mondial \u00e9 a solu\u00e7\u00e3o mais r\u00e1pida para um barbear perfeito, al\u00e9m disso, com ele voc\u00ea tamb\u00e9m pode aparar os pelos de todo o corpo. Ideal para ser usado em corpo seco, ele possui uma velocidade e design moderno 10 em 1: Aparador de barba e bigode, Aparador&hellip;","_links":{"self":[{"href":"https:\/\/promocaododia.com.br\/site\/wp-json\/wp\/v2\/product\/941","targetHints":{"allow":["GET"]}}],"collection":[{"href":"https:\/\/promocaododia.com.br\/site\/wp-json\/wp\/v2\/product"}],"about":[{"href":"https:\/\/promocaododia.com.br\/site\/wp-json\/wp\/v2\/types\/product"}],"wp:featuredmedia":[{"embeddable":true,"href":"https:\/\/promocaododia.com.br\/site\/wp-json\/wp\/v2\/media\/942"}],"wp:attachment":[{"href":"https:\/\/promocaododia.com.br\/site\/wp-json\/wp\/v2\/media?parent=941"}],"wp:term":[{"taxonomy":"product_brand","embeddable":true,"href":"https:\/\/promocaododia.com.br\/site\/wp-json\/wp\/v2\/product_brand?post=941"},{"taxonomy":"product_cat","embeddable":true,"href":"https:\/\/promocaododia.com.br\/site\/wp-json\/wp\/v2\/product_cat?post=941"},{"taxonomy":"product_tag","embeddable":true,"href":"https:\/\/promocaododia.com.br\/site\/wp-json\/wp\/v2\/product_tag?post=941"}],"curies":[{"name":"wp","href":"https:\/\/api.w.org\/{rel}","templated":true}]}}