{"id":947,"date":"2022-11-04T19:41:49","date_gmt":"2022-11-04T22:41:49","guid":{"rendered":"https:\/\/promocaododia.com.br\/site\/?post_type=product&#038;p=947"},"modified":"2022-11-04T19:41:49","modified_gmt":"2022-11-04T22:41:49","slug":"jogo-de-panelas-antiaderente-ceramica-vegas-10-pecas-casambiente","status":"publish","type":"product","link":"https:\/\/promocaododia.com.br\/site\/produto\/jogo-de-panelas-antiaderente-ceramica-vegas-10-pecas-casambiente\/","title":{"rendered":"Jogo de Panelas Antiaderente Ceramica Vegas 10 Pe\u00e7as Casambiente"},"content":{"rendered":"<p>Conjunto de Panelas 10 pe\u00e7as Vegas Casambiente com Antiaderente Cer\u00e2mico _ Lan\u00e7amento 2021<\/p>\n<p>Composto por 1 Frigideira, 1 Leiteira, 2 Panelas, 2 Ca\u00e7arolas, 1 Escumadeira, 1 esp\u00e1tula, 1 Colher arroz e 1 Spoon (Utens\u00edlios em silicone preto r\u00edgido)<\/p>\n<p>Cor Preto Brilhante com interno antiaderente cer\u00e2mico na cor cobre.<\/p>\n<p>Livre dos os componentes PTFE e PFOA prejudiciais \u00e0 sa\u00fade<\/p>\n<p>Servem para fog\u00f5es \u00e0 g\u00e1s e el\u00e9trico<\/p>\n<p>Alum\u00ednio com Espessura 1,8mm<\/p>\n<p>Revestimento Antiaderente Cer\u00e2mico na cor cobre. N\u00e3o Gruda, basta seguir as orienta\u00e7\u00f5es para cura.<\/p>\n<p>Cabos e al\u00e7as siliconadas resistentes ao calor.<\/p>\n<p>Tampas em Vidro Temperado com sa\u00edda de vapor e bordas em a\u00e7o inoxid\u00e1vel.<\/p>\n<p>F\u00e1cil de limpar, podem ir \u00e0 lava-lou\u00e7as<\/p>\n<p>Composi\u00e7\u00e3o do Conjunto:<\/p>\n<p>1 &#8211; Fervedor \u00d8 14cm<\/p>\n<p>1 &#8211; Frigideira \u00d8 22cm<\/p>\n<p>1 &#8211; Panela \u00d8 16cm<\/p>\n<p>1 &#8211; Panela \u00d8 18cm<\/p>\n<p>1 &#8211; Ca\u00e7arola \u00d8 20cm<\/p>\n<p>1 &#8211; Ca\u00e7arola \u00d8 22cm<\/p>\n<p>1 &#8211; Escumadeira<\/p>\n<p>1 &#8211; Esp\u00e1tula<\/p>\n<p>1 &#8211; Colher arroz<\/p>\n<p>1 &#8211; Spoon<\/p>\n<p>Prepare suas refei\u00e7\u00f5es com muito mais praticidade com o conjunto de panelas Vegas da Casambiente.<\/p>\n<p>O Conjunto Vegas, possui revestimento cer\u00e2mico que n\u00e3o liberam os componentes PTFE e PFOA prejudiciais \u00e0 sa\u00fade, n\u00e3o agridem o meio ambiente e o corpo humano.<\/p>\n<p>Seu fundo, possui uma perfeita distribui\u00e7\u00e3o e transfer\u00eancia no calor, cozinhando os alimentos em menos tempo e ajudando na redu\u00e7\u00e3o dos gastos pois n\u00e3o \u00e9 necess\u00e1rio utilizar o fogo alto.<\/p>\n<p>Cabos e al\u00e7as revestidos em soft toch siliconados combinando com a cor do conjunto, n\u00e3o esquentam e s\u00e3o mais bonitos<\/p>\n<p>Tampas em vidro temperado com sa\u00edda de vapor e bordas em a\u00e7o inoxid\u00e1vel.<\/p>\n<p>Produzidas em alum\u00ednio com 1,8 mil\u00edmetros de espessura e com revestimento interno em cer\u00e2mica antiaderente capaz de conduzir o calor do fogo de maneira uniforme para acelerar o cozimento.<\/p>\n<p>Curagem<\/p>\n<p>A cura \u00e9 um procedimento simples e r\u00e1pido que ajuda a evitar a ader\u00eancia dos alimentos e facilita a limpeza. Deve ser feita uma \u00fanica vez, antes do primeiro uso. \u00c9 muito importante seguir as instru\u00e7\u00f5es abaixo \u00e0 risca e ter muita aten\u00e7\u00e3o durante o procedimento:<\/p>\n<p>Lave e seque as panelas normalmente;<\/p>\n<p>Coloque uma pequena quantidade de \u00f3leo &#8211; um fio j\u00e1 \u00e9 o suficiente &#8211; dentro de cada uma das pe\u00e7as;<\/p>\n<p>Espalhe bem esse \u00f3leo com a ajuda de um pincel ou papel, como se estivesse untando toda a parte interna das pe\u00e7as, inclusive a parte superior das al\u00e7as;<\/p>\n<p>\u00c9 importante salientar que nenhuma quantidade de \u00f3leo deve ser passada do lado de fora da panela, em locais que entram em contato com o fogo;<\/p>\n<p>Leve as pe\u00e7as ao fogo alto por apenas 1 minuto. Desligue o fogo e limpe as pe\u00e7as novamente com um papel ou toalha seca.<\/p>\n<p>Instru\u00e7\u00f5es para o uso;<\/p>\n<p>1- Lavar antes de usar o produto com \u00e1gua e detergente com esponja macia.<\/p>\n<p>2- Antes da primeira utiliza\u00e7\u00e3o, untar a panela com \u00f3leo &#8211; ATEN\u00c7\u00c3O \u00c1S INFORMA\u00c7\u00d5ES DE CURAREM<\/p>\n<p>3- Use somente utens\u00edlios de silicone, nylon ou madeira. Utens\u00edlios de metal podem danificar a superf\u00edcie antiaderente da panela.<\/p>\n<p>4- Combine sempre o fundo da panela como tamanho da boca do fog\u00e3o ou fonte de calor.<\/p>\n<p>5- Use temperatura baixa ou m\u00e9dia para melhores resultados pois a base das panelas, ca\u00e7arolas, frigideira e fervedor garante distribui\u00e7\u00e3o uniforme e eficiente do calor por toda superf\u00edcie do metal. Evite aquecer o produto vazio;<\/p>\n<p>6- N\u00e3o deixar que o alimento se queime, se isso acontecer, diferen\u00e7as de cor pode ocorrer.<\/p>\n<p>7 &#8211; N\u00e3o cortar o alimento diretamente no interior do produto, para n\u00e3o riscar<\/p>\n<p>8- Resfrie as panelas, ca\u00e7arolas, frigideira e fervedor antes de lavar. Remova as as manchas com \u00e1gua morna e sab\u00e3o. N\u00e3o use em hip\u00f3tese alguma abrasivos para limpeza.<\/p>\n<p>9- N\u00e3o pode ser levadas ao forno ou micro-ondas.<\/p>\n<p>10- Podem ser lavadas na lava-lou\u00e7as.<\/p>\n<p>Limpeza:<\/p>\n<p>1- Lave (inclusive antes do primeiro uso) todas as pe\u00e7as com detergente neutro e esponja macia. N\u00e3o utilize utens\u00edlios abrasivos.<\/p>\n<p>2- Enx\u00e1gue e seque completamente a fim de remover qualquer res\u00edduo de detergente e evitar manchas.<\/p>\n<p>Pode ir ao:<\/p>\n<p>\u2022 Fog\u00e3o convencional;<\/p>\n<p>\u2022 Fog\u00e3o el\u00e9trico;<\/p>\n<p>\u2022 Lava lou\u00e7as;<\/p>\n<p>N\u00e3o pode ir ao:<\/p>\n<p>\u2022 Fog\u00f5es \u00e0 indu\u00e7\u00e3o;<\/p>\n<p>\u2022 Forno;<\/p>\n<p>\u2022 Micro-ondas;<\/p>\n<p>Cuidados:<\/p>\n<p>\u2022 Combine sempre o fundo da panela como tamanho da boca do fog\u00e3o ou fonte de calor.<\/p>\n<p>\u2022 Quando n\u00e3o estiver em uso, n\u00e3o deixe a panela vazia sobre uma fonte de calor.<\/p>\n<p>\u2022 Use somente utens\u00edlios de madeira, nylon ou silicone n\u00e3o abrasivos para n\u00e3o riscar a superf\u00edcie da conjunto.<\/p>\n<p>Dimens\u00f5es Embalagem (C x L x A):<\/p>\n<p>54 x 29 x 21 cm<\/p>\n<p>Peso:<\/p>\n<p>4,55 Kg<\/p>\n<p>Produto com garantia Casambiente de 90 dias contra defeitos de fabrica\u00e7\u00e3o &#8211; Modelo 2021.<\/p>\n","protected":false},"excerpt":{"rendered":"<p>Conjunto de Panelas 10 pe\u00e7as Vegas Casambiente com Antiaderente Cer\u00e2mico _ Lan\u00e7amento 2021 Composto por 1 Frigideira, 1 Leiteira, 2 Panelas, 2 Ca\u00e7arolas, 1 Escumadeira, 1 esp\u00e1tula, 1 Colher arroz e 1 Spoon (Utens\u00edlios em silicone preto r\u00edgido) Cor Preto Brilhante com interno antiaderente cer\u00e2mico na cor cobre. Livre dos os componentes PTFE e PFOA prejudiciais \u00e0 sa\u00fade Servem para fog\u00f5es \u00e0 g\u00e1s e el\u00e9trico Alum\u00ednio com Espessura 1,8mm Revestimento Antiaderente Cer\u00e2mico na cor cobre. N\u00e3o Gruda, basta seguir as orienta\u00e7\u00f5es para cura. Cabos e al\u00e7as siliconadas resistentes ao calor. Tampas em Vidro Temperado com sa\u00edda de vapor e bordas em a\u00e7o inoxid\u00e1vel. F\u00e1cil de limpar, podem ir \u00e0 lava-lou\u00e7as Composi\u00e7\u00e3o do Conjunto: 1 &#8211; Fervedor \u00d8 14cm 1 &#8211; Frigideira \u00d8 22cm 1 &#8211; Panela \u00d8 16cm 1 &#8211; Panela \u00d8 18cm 1 &#8211; Ca\u00e7arola \u00d8 20cm 1 &#8211; Ca\u00e7arola \u00d8 22cm 1 &#8211; Escumadeira 1 &#8211; Esp\u00e1tula 1 &#8211; Colher arroz 1 &#8211; Spoon Prepare suas refei\u00e7\u00f5es com muito mais praticidade com o conjunto de panelas Vegas da Casambiente. O Conjunto Vegas, possui revestimento cer\u00e2mico que n\u00e3o liberam os componentes PTFE e PFOA prejudiciais \u00e0 sa\u00fade, n\u00e3o agridem o meio ambiente e o corpo humano. Seu fundo, possui uma perfeita distribui\u00e7\u00e3o e transfer\u00eancia no calor, cozinhando os alimentos em menos tempo e ajudando na redu\u00e7\u00e3o dos gastos pois n\u00e3o \u00e9 necess\u00e1rio utilizar o fogo alto. Cabos e al\u00e7as revestidos em soft toch siliconados combinando com a cor do conjunto, n\u00e3o esquentam e s\u00e3o mais bonitos Tampas em vidro temperado com sa\u00edda de vapor e bordas em a\u00e7o inoxid\u00e1vel. Produzidas em alum\u00ednio com 1,8 mil\u00edmetros de espessura e com revestimento interno em cer\u00e2mica antiaderente capaz de conduzir o calor do fogo de maneira uniforme para acelerar o cozimento. Curagem A cura \u00e9 um procedimento simples e r\u00e1pido que ajuda a evitar a ader\u00eancia dos alimentos e facilita a limpeza. Deve ser feita uma \u00fanica vez, antes do primeiro uso. \u00c9 muito importante seguir as instru\u00e7\u00f5es abaixo \u00e0 risca e ter muita aten\u00e7\u00e3o durante o procedimento: Lave e seque as panelas normalmente; Coloque uma pequena quantidade de \u00f3leo &#8211; um fio j\u00e1 \u00e9 o suficiente &#8211; dentro de cada uma das pe\u00e7as; Espalhe bem esse \u00f3leo com a ajuda de um pincel ou papel, como se estivesse untando toda a parte interna das pe\u00e7as, inclusive a parte superior das al\u00e7as; \u00c9 importante salientar que nenhuma quantidade de \u00f3leo deve ser passada do lado de fora da panela, em locais que entram em contato com o fogo; Leve as pe\u00e7as ao fogo alto por apenas 1 minuto. Desligue o fogo e limpe as pe\u00e7as novamente com um papel ou toalha seca. Instru\u00e7\u00f5es para o uso; 1- Lavar antes de usar o produto com \u00e1gua e detergente com esponja macia. 2- Antes da primeira utiliza\u00e7\u00e3o, untar a panela com \u00f3leo &#8211; ATEN\u00c7\u00c3O \u00c1S INFORMA\u00c7\u00d5ES DE CURAREM 3- Use somente utens\u00edlios de silicone, nylon ou madeira. Utens\u00edlios de metal podem danificar a superf\u00edcie antiaderente da panela. 4- Combine sempre o fundo da panela como tamanho da boca do fog\u00e3o ou fonte de calor. 5- Use temperatura baixa ou m\u00e9dia para melhores resultados pois a base das panelas, ca\u00e7arolas, frigideira e fervedor garante distribui\u00e7\u00e3o uniforme e eficiente do calor por toda superf\u00edcie do metal. Evite aquecer o produto vazio; 6- N\u00e3o deixar que o alimento se queime, se isso acontecer, diferen\u00e7as de cor pode ocorrer. 7 &#8211; N\u00e3o cortar o alimento diretamente no interior do produto, para n\u00e3o riscar 8- Resfrie as panelas, ca\u00e7arolas, frigideira e fervedor antes de lavar. Remova as as manchas com \u00e1gua morna e sab\u00e3o. N\u00e3o use em hip\u00f3tese alguma abrasivos para limpeza. 9- N\u00e3o pode ser levadas ao forno ou micro-ondas. 10- Podem ser lavadas na lava-lou\u00e7as. Limpeza: 1- Lave (inclusive antes do primeiro uso) todas as pe\u00e7as com detergente neutro e esponja macia. N\u00e3o utilize utens\u00edlios abrasivos. 2- Enx\u00e1gue e seque completamente a fim de remover qualquer res\u00edduo de detergente e evitar manchas. Pode ir ao: \u2022 Fog\u00e3o convencional; \u2022 Fog\u00e3o el\u00e9trico; \u2022 Lava lou\u00e7as; N\u00e3o pode ir ao: \u2022 Fog\u00f5es \u00e0 indu\u00e7\u00e3o; \u2022 Forno; \u2022 Micro-ondas; Cuidados: \u2022 Combine sempre o fundo da panela como tamanho da boca do fog\u00e3o ou fonte de calor. \u2022 Quando n\u00e3o estiver em uso, n\u00e3o deixe a panela vazia sobre uma fonte de calor. \u2022 Use somente utens\u00edlios de madeira, nylon ou silicone n\u00e3o abrasivos para n\u00e3o riscar a superf\u00edcie da conjunto. Dimens\u00f5es Embalagem (C x L x A): 54 x 29 x 21 cm Peso: 4,55 Kg Produto com garantia Casambiente de 90 dias contra defeitos de fabrica\u00e7\u00e3o &#8211; Modelo 2021.<\/p>\n","protected":false},"featured_media":948,"template":"","meta":{"_uag_custom_page_level_css":"","site-sidebar-layout":"default","site-content-layout":"default","ast-site-content-layout":"default","site-content-style":"default","site-sidebar-style":"default","ast-global-header-display":"","ast-banner-title-visibility":"","ast-main-header-display":"","ast-hfb-above-header-display":"","ast-hfb-below-header-display":"","ast-hfb-mobile-header-display":"","site-post-title":"","ast-breadcrumbs-content":"","ast-featured-img":"","footer-sml-layout":"","theme-transparent-header-meta":"default","adv-header-id-meta":"","stick-header-meta":"","header-above-stick-meta":"","header-main-stick-meta":"","header-below-stick-meta":"","astra-migrate-meta-layouts":"default","ast-page-background-enabled":"default","ast-page-background-meta":{"desktop":{"background-color":"","background-image":"","background-repeat":"repeat","background-position":"center center","background-size":"auto","background-attachment":"scroll","background-type":"","background-media":"","overlay-type":"","overlay-color":"","overlay-opacity":"","overlay-gradient":""},"tablet":{"background-color":"","background-image":"","background-repeat":"repeat","background-position":"center center","background-size":"auto","background-attachment":"scroll","background-type":"","background-media":"","overlay-type":"","overlay-color":"","overlay-opacity":"","overlay-gradient":""},"mobile":{"background-color":"","background-image":"","background-repeat":"repeat","background-position":"center center","background-size":"auto","background-attachment":"scroll","background-type":"","background-media":"","overlay-type":"","overlay-color":"","overlay-opacity":"","overlay-gradient":""}},"ast-content-background-meta":{"desktop":{"background-color":"var(--ast-global-color-5)","background-image":"","background-repeat":"repeat","background-position":"center center","background-size":"auto","background-attachment":"scroll","background-type":"","background-media":"","overlay-type":"","overlay-color":"","overlay-opacity":"","overlay-gradient":""},"tablet":{"background-color":"var(--ast-global-color-5)","background-image":"","background-repeat":"repeat","background-position":"center center","background-size":"auto","background-attachment":"scroll","background-type":"","background-media":"","overlay-type":"","overlay-color":"","overlay-opacity":"","overlay-gradient":""},"mobile":{"background-color":"var(--ast-global-color-5)","background-image":"","background-repeat":"repeat","background-position":"center center","background-size":"auto","background-attachment":"scroll","background-type":"","background-media":"","overlay-type":"","overlay-color":"","overlay-opacity":"","overlay-gradient":""}}},"product_brand":[],"product_cat":[19,18],"product_tag":[402,206,344],"class_list":{"0":"post-947","1":"product","2":"type-product","3":"status-publish","4":"has-post-thumbnail","6":"product_cat-conjunto-de-panelas","7":"product_cat-utensilios-para-cozinhar","8":"product_tag-ceramica","9":"product_tag-conjunto-de-panelas","10":"product_tag-utensilios","11":"desktop-align-center","12":"tablet-align-left","13":"mobile-align-center","15":"first","16":"instock","17":"sale","18":"shipping-taxable","19":"product-type-external"},"uagb_featured_image_src":{"full":["https:\/\/promocaododia.com.br\/site\/wp-content\/uploads\/2022\/11\/Jogo-de-Panelas-Antiaderente-Ceramica-Vegas-10-Pecas-Casambiente.jpg",600,600,false],"thumbnail":["https:\/\/promocaododia.com.br\/site\/wp-content\/uploads\/2022\/11\/Jogo-de-Panelas-Antiaderente-Ceramica-Vegas-10-Pecas-Casambiente-150x150.jpg",150,150,true],"medium":["https:\/\/promocaododia.com.br\/site\/wp-content\/uploads\/2022\/11\/Jogo-de-Panelas-Antiaderente-Ceramica-Vegas-10-Pecas-Casambiente-300x300.jpg",300,300,true],"medium_large":["https:\/\/promocaododia.com.br\/site\/wp-content\/uploads\/2022\/11\/Jogo-de-Panelas-Antiaderente-Ceramica-Vegas-10-Pecas-Casambiente.jpg",600,600,false],"large":["https:\/\/promocaododia.com.br\/site\/wp-content\/uploads\/2022\/11\/Jogo-de-Panelas-Antiaderente-Ceramica-Vegas-10-Pecas-Casambiente.jpg",600,600,false],"1536x1536":["https:\/\/promocaododia.com.br\/site\/wp-content\/uploads\/2022\/11\/Jogo-de-Panelas-Antiaderente-Ceramica-Vegas-10-Pecas-Casambiente.jpg",600,600,false],"2048x2048":["https:\/\/promocaododia.com.br\/site\/wp-content\/uploads\/2022\/11\/Jogo-de-Panelas-Antiaderente-Ceramica-Vegas-10-Pecas-Casambiente.jpg",600,600,false],"woocommerce_thumbnail":["https:\/\/promocaododia.com.br\/site\/wp-content\/uploads\/2022\/11\/Jogo-de-Panelas-Antiaderente-Ceramica-Vegas-10-Pecas-Casambiente-250x250.jpg",250,250,true],"woocommerce_single":["https:\/\/promocaododia.com.br\/site\/wp-content\/uploads\/2022\/11\/Jogo-de-Panelas-Antiaderente-Ceramica-Vegas-10-Pecas-Casambiente-250x250.jpg",250,250,true],"woocommerce_gallery_thumbnail":["https:\/\/promocaododia.com.br\/site\/wp-content\/uploads\/2022\/11\/Jogo-de-Panelas-Antiaderente-Ceramica-Vegas-10-Pecas-Casambiente-100x100.jpg",100,100,true]},"uagb_author_info":{"display_name":"danilo.gbr","author_link":"https:\/\/promocaododia.com.br\/site\/author\/"},"uagb_comment_info":0,"uagb_excerpt":"Conjunto de Panelas 10 pe\u00e7as Vegas Casambiente com Antiaderente Cer\u00e2mico _ Lan\u00e7amento 2021 Composto por 1 Frigideira, 1 Leiteira, 2 Panelas, 2 Ca\u00e7arolas, 1 Escumadeira, 1 esp\u00e1tula, 1 Colher arroz e 1 Spoon (Utens\u00edlios em silicone preto r\u00edgido) Cor Preto Brilhante com interno antiaderente cer\u00e2mico na cor cobre. Livre dos os componentes PTFE e PFOA&hellip;","_links":{"self":[{"href":"https:\/\/promocaododia.com.br\/site\/wp-json\/wp\/v2\/product\/947","targetHints":{"allow":["GET"]}}],"collection":[{"href":"https:\/\/promocaododia.com.br\/site\/wp-json\/wp\/v2\/product"}],"about":[{"href":"https:\/\/promocaododia.com.br\/site\/wp-json\/wp\/v2\/types\/product"}],"wp:featuredmedia":[{"embeddable":true,"href":"https:\/\/promocaododia.com.br\/site\/wp-json\/wp\/v2\/media\/948"}],"wp:attachment":[{"href":"https:\/\/promocaododia.com.br\/site\/wp-json\/wp\/v2\/media?parent=947"}],"wp:term":[{"taxonomy":"product_brand","embeddable":true,"href":"https:\/\/promocaododia.com.br\/site\/wp-json\/wp\/v2\/product_brand?post=947"},{"taxonomy":"product_cat","embeddable":true,"href":"https:\/\/promocaododia.com.br\/site\/wp-json\/wp\/v2\/product_cat?post=947"},{"taxonomy":"product_tag","embeddable":true,"href":"https:\/\/promocaododia.com.br\/site\/wp-json\/wp\/v2\/product_tag?post=947"}],"curies":[{"name":"wp","href":"https:\/\/api.w.org\/{rel}","templated":true}]}}