{"id":955,"date":"2022-11-04T20:10:10","date_gmt":"2022-11-04T23:10:10","guid":{"rendered":"https:\/\/promocaododia.com.br\/site\/?post_type=product&#038;p=955"},"modified":"2022-11-04T20:10:10","modified_gmt":"2022-11-04T23:10:10","slug":"guarda-roupa-dobravel-organizador-de-roupa-cinza-88130b-decoteam","status":"publish","type":"product","link":"https:\/\/promocaododia.com.br\/site\/produto\/guarda-roupa-dobravel-organizador-de-roupa-cinza-88130b-decoteam\/","title":{"rendered":"Guarda Roupa Dobr\u00e1vel Organizador De Roupa Cinza 88130b &#8211; DecoTeam"},"content":{"rendered":"<p>Arm\u00e1rio pr\u00e1tico de tecido dobr\u00e1vel com tr\u00eas divis\u00f5es verticais, possui dois grandes espa\u00e7os com cabideiro e 8 prateleiras. Possui cortina de rolo e abre e fecha com fechamento. Ele \u00e9 projetado em tecido respir\u00e1vel de excelente qualidade e muito f\u00e1cil de limpar. Tamb\u00e9m \u00e9 f\u00e1cil de montar. Uma op\u00e7\u00e3o \u00fatil e pr\u00e1tica para manter suas roupas organizadas.<\/p>\n<p>Especifica\u00e7\u00f5es:<\/p>\n<p>Cabide Duplo<\/p>\n<p>8 prateleiras<\/p>\n<p>Tecido respir\u00e1vel de excelente qualidade<\/p>\n<p>F\u00e1cil de limpar<\/p>\n<p>Com fechamento<\/p>\n<p>F\u00e1cil de montar<\/p>\n<p>Cores: Azul, Vinho, Caf\u00e9<\/p>\n<p>Dimens\u00f5es e peso do item:<\/p>\n<p>Comprimento: 45 cm<\/p>\n<p>Largura: 130 cm<\/p>\n<p>Altura: 170 cm<\/p>\n<p>Garantia<\/p>\n<p>6 meses contra defeito de fabrica\u00e7\u00e3o<\/p>\n<p>OBSERVA\u00c7\u00c3O:<\/p>\n<p>Material das estruturas: Metal<\/p>\n<p>Material das Prateleiras: Tecido<\/p>\n<p>Abertura e fechamento do produto por Ziper<\/p>\n<p>Tecido a prova de \u00e1gua<\/p>\n<p>Cada prateleira suporta aproximadamente at\u00e9 3,5 Kg<\/p>\n<p>Medidas aproximadas das prateleiras 40 x 40 cm<\/p>\n","protected":false},"excerpt":{"rendered":"<p>Arm\u00e1rio pr\u00e1tico de tecido dobr\u00e1vel com tr\u00eas divis\u00f5es verticais, possui dois grandes espa\u00e7os com cabideiro e 8 prateleiras. Possui cortina de rolo e abre e fecha com fechamento. Ele \u00e9 projetado em tecido respir\u00e1vel de excelente qualidade e muito f\u00e1cil de limpar. Tamb\u00e9m \u00e9 f\u00e1cil de montar. Uma op\u00e7\u00e3o \u00fatil e pr\u00e1tica para manter suas roupas organizadas. Especifica\u00e7\u00f5es: Cabide Duplo 8 prateleiras Tecido respir\u00e1vel de excelente qualidade F\u00e1cil de limpar Com fechamento F\u00e1cil de montar Cores: Azul, Vinho, Caf\u00e9 Dimens\u00f5es e peso do item: Comprimento: 45 cm Largura: 130 cm Altura: 170 cm Garantia 6 meses contra defeito de fabrica\u00e7\u00e3o OBSERVA\u00c7\u00c3O: Material das estruturas: Metal Material das Prateleiras: Tecido Abertura e fechamento do produto por Ziper Tecido a prova de \u00e1gua Cada prateleira suporta aproximadamente at\u00e9 3,5 Kg Medidas aproximadas das prateleiras 40 x 40 cm<\/p>\n","protected":false},"featured_media":956,"template":"","meta":{"_uag_custom_page_level_css":"","site-sidebar-layout":"default","site-content-layout":"default","ast-site-content-layout":"default","site-content-style":"default","site-sidebar-style":"default","ast-global-header-display":"","ast-banner-title-visibility":"","ast-main-header-display":"","ast-hfb-above-header-display":"","ast-hfb-below-header-display":"","ast-hfb-mobile-header-display":"","site-post-title":"","ast-breadcrumbs-content":"","ast-featured-img":"","footer-sml-layout":"","theme-transparent-header-meta":"default","adv-header-id-meta":"","stick-header-meta":"","header-above-stick-meta":"","header-main-stick-meta":"","header-below-stick-meta":"","astra-migrate-meta-layouts":"default","ast-page-background-enabled":"default","ast-page-background-meta":{"desktop":{"background-color":"","background-image":"","background-repeat":"repeat","background-position":"center center","background-size":"auto","background-attachment":"scroll","background-type":"","background-media":"","overlay-type":"","overlay-color":"","overlay-opacity":"","overlay-gradient":""},"tablet":{"background-color":"","background-image":"","background-repeat":"repeat","background-position":"center center","background-size":"auto","background-attachment":"scroll","background-type":"","background-media":"","overlay-type":"","overlay-color":"","overlay-opacity":"","overlay-gradient":""},"mobile":{"background-color":"","background-image":"","background-repeat":"repeat","background-position":"center center","background-size":"auto","background-attachment":"scroll","background-type":"","background-media":"","overlay-type":"","overlay-color":"","overlay-opacity":"","overlay-gradient":""}},"ast-content-background-meta":{"desktop":{"background-color":"var(--ast-global-color-5)","background-image":"","background-repeat":"repeat","background-position":"center center","background-size":"auto","background-attachment":"scroll","background-type":"","background-media":"","overlay-type":"","overlay-color":"","overlay-opacity":"","overlay-gradient":""},"tablet":{"background-color":"var(--ast-global-color-5)","background-image":"","background-repeat":"repeat","background-position":"center center","background-size":"auto","background-attachment":"scroll","background-type":"","background-media":"","overlay-type":"","overlay-color":"","overlay-opacity":"","overlay-gradient":""},"mobile":{"background-color":"var(--ast-global-color-5)","background-image":"","background-repeat":"repeat","background-position":"center center","background-size":"auto","background-attachment":"scroll","background-type":"","background-media":"","overlay-type":"","overlay-color":"","overlay-opacity":"","overlay-gradient":""}}},"product_brand":[],"product_cat":[44,446],"product_tag":[432,447,449,448],"class_list":{"0":"post-955","1":"product","2":"type-product","3":"status-publish","4":"has-post-thumbnail","6":"product_cat-moveis","7":"product_cat-quarto","8":"product_tag-casa","9":"product_tag-guarda-roupa","10":"product_tag-moveis","11":"product_tag-organizador","12":"desktop-align-center","13":"tablet-align-left","14":"mobile-align-center","16":"first","17":"instock","18":"sale","19":"shipping-taxable","20":"product-type-external"},"uagb_featured_image_src":{"full":["https:\/\/promocaododia.com.br\/site\/wp-content\/uploads\/2022\/11\/Guarda-Roupa-Dobravel-Organizador-De-Roupa-Cinza-88130b-DecoTeam.jpg",600,600,false],"thumbnail":["https:\/\/promocaododia.com.br\/site\/wp-content\/uploads\/2022\/11\/Guarda-Roupa-Dobravel-Organizador-De-Roupa-Cinza-88130b-DecoTeam-150x150.jpg",150,150,true],"medium":["https:\/\/promocaododia.com.br\/site\/wp-content\/uploads\/2022\/11\/Guarda-Roupa-Dobravel-Organizador-De-Roupa-Cinza-88130b-DecoTeam-300x300.jpg",300,300,true],"medium_large":["https:\/\/promocaododia.com.br\/site\/wp-content\/uploads\/2022\/11\/Guarda-Roupa-Dobravel-Organizador-De-Roupa-Cinza-88130b-DecoTeam.jpg",600,600,false],"large":["https:\/\/promocaododia.com.br\/site\/wp-content\/uploads\/2022\/11\/Guarda-Roupa-Dobravel-Organizador-De-Roupa-Cinza-88130b-DecoTeam.jpg",600,600,false],"1536x1536":["https:\/\/promocaododia.com.br\/site\/wp-content\/uploads\/2022\/11\/Guarda-Roupa-Dobravel-Organizador-De-Roupa-Cinza-88130b-DecoTeam.jpg",600,600,false],"2048x2048":["https:\/\/promocaododia.com.br\/site\/wp-content\/uploads\/2022\/11\/Guarda-Roupa-Dobravel-Organizador-De-Roupa-Cinza-88130b-DecoTeam.jpg",600,600,false],"woocommerce_thumbnail":["https:\/\/promocaododia.com.br\/site\/wp-content\/uploads\/2022\/11\/Guarda-Roupa-Dobravel-Organizador-De-Roupa-Cinza-88130b-DecoTeam-250x250.jpg",250,250,true],"woocommerce_single":["https:\/\/promocaododia.com.br\/site\/wp-content\/uploads\/2022\/11\/Guarda-Roupa-Dobravel-Organizador-De-Roupa-Cinza-88130b-DecoTeam-250x250.jpg",250,250,true],"woocommerce_gallery_thumbnail":["https:\/\/promocaododia.com.br\/site\/wp-content\/uploads\/2022\/11\/Guarda-Roupa-Dobravel-Organizador-De-Roupa-Cinza-88130b-DecoTeam-100x100.jpg",100,100,true]},"uagb_author_info":{"display_name":"danilo.gbr","author_link":"https:\/\/promocaododia.com.br\/site\/author\/"},"uagb_comment_info":0,"uagb_excerpt":"Arm\u00e1rio pr\u00e1tico de tecido dobr\u00e1vel com tr\u00eas divis\u00f5es verticais, possui dois grandes espa\u00e7os com cabideiro e 8 prateleiras. Possui cortina de rolo e abre e fecha com fechamento. Ele \u00e9 projetado em tecido respir\u00e1vel de excelente qualidade e muito f\u00e1cil de limpar. Tamb\u00e9m \u00e9 f\u00e1cil de montar. Uma op\u00e7\u00e3o \u00fatil e pr\u00e1tica para manter suas&hellip;","_links":{"self":[{"href":"https:\/\/promocaododia.com.br\/site\/wp-json\/wp\/v2\/product\/955","targetHints":{"allow":["GET"]}}],"collection":[{"href":"https:\/\/promocaododia.com.br\/site\/wp-json\/wp\/v2\/product"}],"about":[{"href":"https:\/\/promocaododia.com.br\/site\/wp-json\/wp\/v2\/types\/product"}],"wp:featuredmedia":[{"embeddable":true,"href":"https:\/\/promocaododia.com.br\/site\/wp-json\/wp\/v2\/media\/956"}],"wp:attachment":[{"href":"https:\/\/promocaododia.com.br\/site\/wp-json\/wp\/v2\/media?parent=955"}],"wp:term":[{"taxonomy":"product_brand","embeddable":true,"href":"https:\/\/promocaododia.com.br\/site\/wp-json\/wp\/v2\/product_brand?post=955"},{"taxonomy":"product_cat","embeddable":true,"href":"https:\/\/promocaododia.com.br\/site\/wp-json\/wp\/v2\/product_cat?post=955"},{"taxonomy":"product_tag","embeddable":true,"href":"https:\/\/promocaododia.com.br\/site\/wp-json\/wp\/v2\/product_tag?post=955"}],"curies":[{"name":"wp","href":"https:\/\/api.w.org\/{rel}","templated":true}]}}

Guarda Roupa Dobrável Organizador De Roupa Cinza 88130b &#8211; DecoTeam

<p>Armário prático de tecido dobrável com três divisões verticais, possui dois grandes espaços com cabideiro e 8 prateleiras. Possui cortina de rolo e abre e fecha com fechamento. Ele é projetado em tecido respirável de excelente qualidade e muito fácil de limpar. Também é fácil de montar. Uma opção útil e prática para manter suas roupas organizadas.</p>
<p>Especificações:</p>
<p>Cabide Duplo</p>
<p>8 prateleiras</p>
<p>Tecido respirável de excelente qualidade</p>
<p>Fácil de limpar</p>
<p>Com fechamento</p>
<p>Fácil de montar</p>
<p>Cores: Azul, Vinho, Café</p>
<p>Dimensões e peso do item:</p>
<p>Comprimento: 45 cm</p>
<p>Largura: 130 cm</p>
<p>Altura: 170 cm</p>
<p>Garantia</p>
<p>6 meses contra defeito de fabricação</p>
<p>OBSERVAÇÃO:</p>
<p>Material das estruturas: Metal</p>
<p>Material das Prateleiras: Tecido</p>
<p>Abertura e fechamento do produto por Ziper</p>
<p>Tecido a prova de água</p>
<p>Cada prateleira suporta aproximadamente até 3,5 Kg</p>
<p>Medidas aproximadas das prateleiras 40 x 40 cm</p>

<p>Armário prático de tecido dobrável com três divisões verticais, possui dois grandes espaços com cabideiro e 8 prateleiras. Possui cortina de rolo e abre e fecha com fechamento. Ele é projetado em tecido respirável de excelente qualidade e muito fácil de limpar. Também é fácil de montar. Uma opção útil e prática para manter suas roupas organizadas. Especificações: Cabide Duplo 8 prateleiras Tecido respirável de excelente qualidade Fácil de limpar Com fechamento Fácil de montar Cores: Azul, Vinho, Café Dimensões e peso do item: Comprimento: 45 cm Largura: 130 cm Altura: 170 cm Garantia 6 meses contra defeito de fabricação OBSERVAÇÃO: Material das estruturas: Metal Material das Prateleiras: Tecido Abertura e fechamento do produto por Ziper Tecido a prova de água Cada prateleira suporta aproximadamente até 3,5 Kg Medidas aproximadas das prateleiras 40 x 40 cm</p>

Armário prático de tecido dobrável com três divisões verticais, possui dois grandes espaços com cabideiro e 8 prateleiras. Possui cortina de rolo e abre e fecha com fechamento. Ele é projetado em tecido respirável de excelente qualidade e muito fácil de limpar. Também é fácil de montar. Uma opção útil e prática para manter suas&hellip;
