{"id":979,"date":"2022-11-06T17:34:05","date_gmt":"2022-11-06T20:34:05","guid":{"rendered":"https:\/\/promocaododia.com.br\/site\/?post_type=product&#038;p=979"},"modified":"2022-11-06T17:34:05","modified_gmt":"2022-11-06T20:34:05","slug":"playstation-5-edicao-digital-2022-825gb-1-controle-sony-com-fifa-23-lancamento","status":"publish","type":"product","link":"https:\/\/promocaododia.com.br\/site\/produto\/playstation-5-edicao-digital-2022-825gb-1-controle-sony-com-fifa-23-lancamento\/","title":{"rendered":"PlayStation 5 Edi\u00e7\u00e3o Digital 2022 825GB 1 Controle &#8211; Sony com FIFA 23 Lan\u00e7amento"},"content":{"rendered":"<p>O console PlayStation5 2022 da Sony oferece novas possibilidades de jogabilidade que voc\u00ea nunca imaginou. Reproduza jogos para PS5 e PS4 em Blu-ray Disc. Al\u00e9m disso, voc\u00ea tamb\u00e9m pode baixar jogos digitais para PS5 e PS4 pela PlayStation Store. Experimente o carregamento extremamente r\u00e1pido do SSD de ultra-velocidade, uma imers\u00e3o mais profunda com suporte \u00e0 resposta t\u00e1til, gatilhos adapt\u00e1veis e \u00e1udio 3D. Al\u00e9m de uma gera\u00e7\u00e3o totalmente nova de jogos incr\u00edveis PlayStation. Na velocidade da luz: Domine o poder das CPU e GPU personalizadas e do SSD com E\/S integradas que redefinem as regras do que o console PlayStation pode fazer. Jogos deslumbrantes: Maravilhe-se com os gr\u00e1ficos incr\u00edveis e experimente os recursos do novo PS5. Ele vem na cor branco e acompanha 1 controle por Bluetooth. Imers\u00e3o de tirar o f\u00f4lego: Descubra uma experi\u00eancia de jogos ainda mais profunda com a ajuda da resposta t\u00e1til, dos gatilhos adapt\u00e1veis e da tecnologia de \u00e1udio 3D. O PlayStation5 Edi\u00e7\u00e3o Digital + FIFA 23 que est\u00e1 em lan\u00e7amento acompanha o jogo de todo mundo O EA Sports FIFA 23 coloca o maior jogo do mundo em campo, com torneios da Copa do Mundo FIFA de futebol masculino e feminino, adi\u00e7\u00e3o de clubes femininos e novas formas de jogar os seus modos favoritos. Os avan\u00e7os na tecnologia HyperMotion2 trazem ainda mais a\u00e7\u00e3o e realismo do futebol para o campo no PS5. Com o dobro de captura de movimentos do mundo real, agora, mais do que nunca, h\u00e1 mais anima\u00e7\u00f5es de futebol real em cada partida. N\u00e3o acompanha leitor de disco.<\/p>\n","protected":false},"excerpt":{"rendered":"<p>O console PlayStation5 2022 da Sony oferece novas possibilidades de jogabilidade que voc\u00ea nunca imaginou. Reproduza jogos para PS5 e PS4 em Blu-ray Disc. Al\u00e9m disso, voc\u00ea tamb\u00e9m pode baixar jogos digitais para PS5 e PS4 pela PlayStation Store. Experimente o carregamento extremamente r\u00e1pido do SSD de ultra-velocidade, uma imers\u00e3o mais profunda com suporte \u00e0 resposta t\u00e1til, gatilhos adapt\u00e1veis e \u00e1udio 3D. Al\u00e9m de uma gera\u00e7\u00e3o totalmente nova de jogos incr\u00edveis PlayStation. Na velocidade da luz: Domine o poder das CPU e GPU personalizadas e do SSD com E\/S integradas que redefinem as regras do que o console PlayStation pode fazer. Jogos deslumbrantes: Maravilhe-se com os gr\u00e1ficos incr\u00edveis e experimente os recursos do novo PS5. Ele vem na cor branco e acompanha 1 controle por Bluetooth. Imers\u00e3o de tirar o f\u00f4lego: Descubra uma experi\u00eancia de jogos ainda mais profunda com a ajuda da resposta t\u00e1til, dos gatilhos adapt\u00e1veis e da tecnologia de \u00e1udio 3D. O PlayStation5 Edi\u00e7\u00e3o Digital + FIFA 23 que est\u00e1 em lan\u00e7amento acompanha o jogo de todo mundo O EA Sports FIFA 23 coloca o maior jogo do mundo em campo, com torneios da Copa do Mundo FIFA de futebol masculino e feminino, adi\u00e7\u00e3o de clubes femininos e novas formas de jogar os seus modos favoritos. Os avan\u00e7os na tecnologia HyperMotion2 trazem ainda mais a\u00e7\u00e3o e realismo do futebol para o campo no PS5. Com o dobro de captura de movimentos do mundo real, agora, mais do que nunca, h\u00e1 mais anima\u00e7\u00f5es de futebol real em cada partida. N\u00e3o acompanha leitor de disco.<\/p>\n","protected":false},"featured_media":980,"template":"","meta":{"_uag_custom_page_level_css":"","site-sidebar-layout":"default","site-content-layout":"default","ast-site-content-layout":"default","site-content-style":"default","site-sidebar-style":"default","ast-global-header-display":"","ast-banner-title-visibility":"","ast-main-header-display":"","ast-hfb-above-header-display":"","ast-hfb-below-header-display":"","ast-hfb-mobile-header-display":"","site-post-title":"","ast-breadcrumbs-content":"","ast-featured-img":"","footer-sml-layout":"","theme-transparent-header-meta":"default","adv-header-id-meta":"","stick-header-meta":"","header-above-stick-meta":"","header-main-stick-meta":"","header-below-stick-meta":"","astra-migrate-meta-layouts":"default","ast-page-background-enabled":"default","ast-page-background-meta":{"desktop":{"background-color":"","background-image":"","background-repeat":"repeat","background-position":"center center","background-size":"auto","background-attachment":"scroll","background-type":"","background-media":"","overlay-type":"","overlay-color":"","overlay-opacity":"","overlay-gradient":""},"tablet":{"background-color":"","background-image":"","background-repeat":"repeat","background-position":"center center","background-size":"auto","background-attachment":"scroll","background-type":"","background-media":"","overlay-type":"","overlay-color":"","overlay-opacity":"","overlay-gradient":""},"mobile":{"background-color":"","background-image":"","background-repeat":"repeat","background-position":"center center","background-size":"auto","background-attachment":"scroll","background-type":"","background-media":"","overlay-type":"","overlay-color":"","overlay-opacity":"","overlay-gradient":""}},"ast-content-background-meta":{"desktop":{"background-color":"var(--ast-global-color-5)","background-image":"","background-repeat":"repeat","background-position":"center center","background-size":"auto","background-attachment":"scroll","background-type":"","background-media":"","overlay-type":"","overlay-color":"","overlay-opacity":"","overlay-gradient":""},"tablet":{"background-color":"var(--ast-global-color-5)","background-image":"","background-repeat":"repeat","background-position":"center center","background-size":"auto","background-attachment":"scroll","background-type":"","background-media":"","overlay-type":"","overlay-color":"","overlay-opacity":"","overlay-gradient":""},"mobile":{"background-color":"var(--ast-global-color-5)","background-image":"","background-repeat":"repeat","background-position":"center center","background-size":"auto","background-attachment":"scroll","background-type":"","background-media":"","overlay-type":"","overlay-color":"","overlay-opacity":"","overlay-gradient":""}}},"product_brand":[],"product_cat":[38,244,251],"product_tag":[257,252,253,255,254],"class_list":{"0":"post-979","1":"product","2":"type-product","3":"status-publish","4":"has-post-thumbnail","6":"product_cat-eletronicos","7":"product_cat-games","8":"product_cat-playstation","9":"product_tag-825gb","10":"product_tag-playstation","11":"product_tag-playstation-5","12":"product_tag-sony","13":"product_tag-video-game","14":"desktop-align-center","15":"tablet-align-left","16":"mobile-align-center","18":"first","19":"instock","20":"sale","21":"shipping-taxable","22":"product-type-external"},"uagb_featured_image_src":{"full":["https:\/\/promocaododia.com.br\/site\/wp-content\/uploads\/2022\/11\/PlayStation-5-Edicao-Digital-2022-825GB-1-Controle-Sony-com-FIFA-23-Lancamento.jpg",600,600,false],"thumbnail":["https:\/\/promocaododia.com.br\/site\/wp-content\/uploads\/2022\/11\/PlayStation-5-Edicao-Digital-2022-825GB-1-Controle-Sony-com-FIFA-23-Lancamento-150x150.jpg",150,150,true],"medium":["https:\/\/promocaododia.com.br\/site\/wp-content\/uploads\/2022\/11\/PlayStation-5-Edicao-Digital-2022-825GB-1-Controle-Sony-com-FIFA-23-Lancamento-300x300.jpg",300,300,true],"medium_large":["https:\/\/promocaododia.com.br\/site\/wp-content\/uploads\/2022\/11\/PlayStation-5-Edicao-Digital-2022-825GB-1-Controle-Sony-com-FIFA-23-Lancamento.jpg",600,600,false],"large":["https:\/\/promocaododia.com.br\/site\/wp-content\/uploads\/2022\/11\/PlayStation-5-Edicao-Digital-2022-825GB-1-Controle-Sony-com-FIFA-23-Lancamento.jpg",600,600,false],"1536x1536":["https:\/\/promocaododia.com.br\/site\/wp-content\/uploads\/2022\/11\/PlayStation-5-Edicao-Digital-2022-825GB-1-Controle-Sony-com-FIFA-23-Lancamento.jpg",600,600,false],"2048x2048":["https:\/\/promocaododia.com.br\/site\/wp-content\/uploads\/2022\/11\/PlayStation-5-Edicao-Digital-2022-825GB-1-Controle-Sony-com-FIFA-23-Lancamento.jpg",600,600,false],"woocommerce_thumbnail":["https:\/\/promocaododia.com.br\/site\/wp-content\/uploads\/2022\/11\/PlayStation-5-Edicao-Digital-2022-825GB-1-Controle-Sony-com-FIFA-23-Lancamento-250x250.jpg",250,250,true],"woocommerce_single":["https:\/\/promocaododia.com.br\/site\/wp-content\/uploads\/2022\/11\/PlayStation-5-Edicao-Digital-2022-825GB-1-Controle-Sony-com-FIFA-23-Lancamento-250x250.jpg",250,250,true],"woocommerce_gallery_thumbnail":["https:\/\/promocaododia.com.br\/site\/wp-content\/uploads\/2022\/11\/PlayStation-5-Edicao-Digital-2022-825GB-1-Controle-Sony-com-FIFA-23-Lancamento-100x100.jpg",100,100,true]},"uagb_author_info":{"display_name":"danilo.gbr","author_link":"https:\/\/promocaododia.com.br\/site\/author\/"},"uagb_comment_info":0,"uagb_excerpt":"O console PlayStation5 2022 da Sony oferece novas possibilidades de jogabilidade que voc\u00ea nunca imaginou. Reproduza jogos para PS5 e PS4 em Blu-ray Disc. Al\u00e9m disso, voc\u00ea tamb\u00e9m pode baixar jogos digitais para PS5 e PS4 pela PlayStation Store. Experimente o carregamento extremamente r\u00e1pido do SSD de ultra-velocidade, uma imers\u00e3o mais profunda com suporte \u00e0&hellip;","_links":{"self":[{"href":"https:\/\/promocaododia.com.br\/site\/wp-json\/wp\/v2\/product\/979","targetHints":{"allow":["GET"]}}],"collection":[{"href":"https:\/\/promocaododia.com.br\/site\/wp-json\/wp\/v2\/product"}],"about":[{"href":"https:\/\/promocaododia.com.br\/site\/wp-json\/wp\/v2\/types\/product"}],"wp:featuredmedia":[{"embeddable":true,"href":"https:\/\/promocaododia.com.br\/site\/wp-json\/wp\/v2\/media\/980"}],"wp:attachment":[{"href":"https:\/\/promocaododia.com.br\/site\/wp-json\/wp\/v2\/media?parent=979"}],"wp:term":[{"taxonomy":"product_brand","embeddable":true,"href":"https:\/\/promocaododia.com.br\/site\/wp-json\/wp\/v2\/product_brand?post=979"},{"taxonomy":"product_cat","embeddable":true,"href":"https:\/\/promocaododia.com.br\/site\/wp-json\/wp\/v2\/product_cat?post=979"},{"taxonomy":"product_tag","embeddable":true,"href":"https:\/\/promocaododia.com.br\/site\/wp-json\/wp\/v2\/product_tag?post=979"}],"curies":[{"name":"wp","href":"https:\/\/api.w.org\/{rel}","templated":true}]}}