{"id":983,"date":"2022-11-06T18:01:45","date_gmt":"2022-11-06T21:01:45","guid":{"rendered":"https:\/\/promocaododia.com.br\/site\/?post_type=product&#038;p=983"},"modified":"2022-11-06T18:01:46","modified_gmt":"2022-11-06T21:01:46","slug":"pipoqueira-eletrica-mallory-disney-mickey-1200w-vermelha-110v","status":"publish","type":"product","link":"https:\/\/promocaododia.com.br\/site\/produto\/pipoqueira-eletrica-mallory-disney-mickey-1200w-vermelha-110v\/","title":{"rendered":"Pipoqueira Eletrica Mallory Disney Mickey 1200W &#8211; Vermelha 110V"},"content":{"rendered":"<p><big>Pipoqueira Eletrica Mallory Disney Mickey 1200W &#8211; Vermelha &#8211; 110V<\/big><\/p>\n<p><big>Pr\u00e1tica e r\u00e1pida, a Pipoqueira El\u00e9trica Mallory Disney Mickey conta com um sistema de eje\u00e7\u00e3o das pipocas e n\u00e3o utiliza \u00f3leo no preparo.<\/big><\/p>\n<p><big>Basta colocar a medida e acionar o bot\u00e3o que, em apenas 2 minutos, sua pipoca sai quentinha e direto na tigela. Voc\u00ea pode ainda adicionar manteiga durante o preparo para dar um sabor especial.<\/big><\/p>\n<p><big>Com um design incr\u00edvel e um exclusivo copo medidor de milho, a Pipoqueira El\u00e9trica Mallory Disney Mickey oferece uma pipoca com 0% de gordura e a certeza que n\u00e3o vai deixar nada a desejar a famosa pipoca dos cinemas.<\/big><\/p>\n<p><big>Marca: Mallory<br \/>\nModelo: Pipoqueira Disney<br \/>\nMaterial\/Composi\u00e7\u00e3o: PP<br \/>\nFun\u00e7\u00f5es: Fazer pipoca de uma forma saud\u00e1vel<br \/>\nCapacidade: 50g de milho<br \/>\nConsumo (KW\/h): 0,120KW\/h<br \/>\nPot\u00eancia (W): 1200w<\/big><\/p>\n<p><big>Dimens\u00f5es do Produto:<br \/>\nAltura: 30cm<br \/>\nLargura: 14cm<br \/>\nProfundidade: 13,5cm<br \/>\nPeso: 0,640kg<\/big><\/p>\n<p><big>Dimens\u00f5es da Embalagem:<br \/>\nAltura: 26,7cm<br \/>\nLargura: 14,6cm<br \/>\nProfundidade: 14,6cm<br \/>\nPeso: 0,800kg<\/big><\/p>\n<p><big>Conte\u00fado da Embalagem:<br \/>\n1 pipoqueira<br \/>\n1 medidor<br \/>\nmanual de instru\u00e7\u00e3o<\/big><\/p>\n<p><big>Cor: Vermelho &#8211; Voltagem: 110 VOLTS<br \/>\nGarantia 12 Meses contra defeitos de f\u00e1brica.<\/big><\/p>\n","protected":false},"excerpt":{"rendered":"<p>Pipoqueira Eletrica Mallory Disney Mickey 1200W &#8211; Vermelha &#8211; 110V Pr\u00e1tica e r\u00e1pida, a Pipoqueira El\u00e9trica Mallory Disney Mickey conta com um sistema de eje\u00e7\u00e3o das pipocas e n\u00e3o utiliza \u00f3leo no preparo. Basta colocar a medida e acionar o bot\u00e3o que, em apenas 2 minutos, sua pipoca sai quentinha e direto na tigela. Voc\u00ea pode ainda adicionar manteiga durante o preparo para dar um sabor especial. Com um design incr\u00edvel e um exclusivo copo medidor de milho, a Pipoqueira El\u00e9trica Mallory Disney Mickey oferece uma pipoca com 0% de gordura e a certeza que n\u00e3o vai deixar nada a desejar a famosa pipoca dos cinemas. Marca: Mallory Modelo: Pipoqueira Disney Material\/Composi\u00e7\u00e3o: PP Fun\u00e7\u00f5es: Fazer pipoca de uma forma saud\u00e1vel Capacidade: 50g de milho Consumo (KW\/h): 0,120KW\/h Pot\u00eancia (W): 1200w Dimens\u00f5es do Produto: Altura: 30cm Largura: 14cm Profundidade: 13,5cm Peso: 0,640kg Dimens\u00f5es da Embalagem: Altura: 26,7cm Largura: 14,6cm Profundidade: 14,6cm Peso: 0,800kg Conte\u00fado da Embalagem: 1 pipoqueira 1 medidor manual de instru\u00e7\u00e3o Cor: Vermelho &#8211; Voltagem: 110 VOLTS Garantia 12 Meses contra defeitos de f\u00e1brica.<\/p>\n","protected":false},"featured_media":984,"template":"","meta":{"_uag_custom_page_level_css":"","site-sidebar-layout":"default","site-content-layout":"default","ast-site-content-layout":"default","site-content-style":"default","site-sidebar-style":"default","ast-global-header-display":"","ast-banner-title-visibility":"","ast-main-header-display":"","ast-hfb-above-header-display":"","ast-hfb-below-header-display":"","ast-hfb-mobile-header-display":"","site-post-title":"","ast-breadcrumbs-content":"","ast-featured-img":"","footer-sml-layout":"","theme-transparent-header-meta":"default","adv-header-id-meta":"","stick-header-meta":"","header-above-stick-meta":"","header-main-stick-meta":"","header-below-stick-meta":"","astra-migrate-meta-layouts":"default","ast-page-background-enabled":"default","ast-page-background-meta":{"desktop":{"background-color":"","background-image":"","background-repeat":"repeat","background-position":"center center","background-size":"auto","background-attachment":"scroll","background-type":"","background-media":"","overlay-type":"","overlay-color":"","overlay-opacity":"","overlay-gradient":""},"tablet":{"background-color":"","background-image":"","background-repeat":"repeat","background-position":"center center","background-size":"auto","background-attachment":"scroll","background-type":"","background-media":"","overlay-type":"","overlay-color":"","overlay-opacity":"","overlay-gradient":""},"mobile":{"background-color":"","background-image":"","background-repeat":"repeat","background-position":"center center","background-size":"auto","background-attachment":"scroll","background-type":"","background-media":"","overlay-type":"","overlay-color":"","overlay-opacity":"","overlay-gradient":""}},"ast-content-background-meta":{"desktop":{"background-color":"var(--ast-global-color-5)","background-image":"","background-repeat":"repeat","background-position":"center center","background-size":"auto","background-attachment":"scroll","background-type":"","background-media":"","overlay-type":"","overlay-color":"","overlay-opacity":"","overlay-gradient":""},"tablet":{"background-color":"var(--ast-global-color-5)","background-image":"","background-repeat":"repeat","background-position":"center center","background-size":"auto","background-attachment":"scroll","background-type":"","background-media":"","overlay-type":"","overlay-color":"","overlay-opacity":"","overlay-gradient":""},"mobile":{"background-color":"var(--ast-global-color-5)","background-image":"","background-repeat":"repeat","background-position":"center center","background-size":"auto","background-attachment":"scroll","background-type":"","background-media":"","overlay-type":"","overlay-color":"","overlay-opacity":"","overlay-gradient":""}}},"product_brand":[],"product_cat":[28,464],"product_tag":[117,135,465],"class_list":{"0":"post-983","1":"product","2":"type-product","3":"status-publish","4":"has-post-thumbnail","6":"product_cat-eletrodomesticos","7":"product_cat-pipoqueira","8":"product_tag-cozinha","9":"product_tag-panela-eletrica","10":"product_tag-pipoqueira","11":"desktop-align-center","12":"tablet-align-left","13":"mobile-align-center","15":"first","16":"instock","17":"sale","18":"shipping-taxable","19":"product-type-external"},"uagb_featured_image_src":{"full":["https:\/\/promocaododia.com.br\/site\/wp-content\/uploads\/2022\/11\/Pipoqueira-Eletrica-Mallory-Disney-Mickey-1200W-Vermelha-110V.jpg",600,600,false],"thumbnail":["https:\/\/promocaododia.com.br\/site\/wp-content\/uploads\/2022\/11\/Pipoqueira-Eletrica-Mallory-Disney-Mickey-1200W-Vermelha-110V-150x150.jpg",150,150,true],"medium":["https:\/\/promocaododia.com.br\/site\/wp-content\/uploads\/2022\/11\/Pipoqueira-Eletrica-Mallory-Disney-Mickey-1200W-Vermelha-110V-300x300.jpg",300,300,true],"medium_large":["https:\/\/promocaododia.com.br\/site\/wp-content\/uploads\/2022\/11\/Pipoqueira-Eletrica-Mallory-Disney-Mickey-1200W-Vermelha-110V.jpg",600,600,false],"large":["https:\/\/promocaododia.com.br\/site\/wp-content\/uploads\/2022\/11\/Pipoqueira-Eletrica-Mallory-Disney-Mickey-1200W-Vermelha-110V.jpg",600,600,false],"1536x1536":["https:\/\/promocaododia.com.br\/site\/wp-content\/uploads\/2022\/11\/Pipoqueira-Eletrica-Mallory-Disney-Mickey-1200W-Vermelha-110V.jpg",600,600,false],"2048x2048":["https:\/\/promocaododia.com.br\/site\/wp-content\/uploads\/2022\/11\/Pipoqueira-Eletrica-Mallory-Disney-Mickey-1200W-Vermelha-110V.jpg",600,600,false],"woocommerce_thumbnail":["https:\/\/promocaododia.com.br\/site\/wp-content\/uploads\/2022\/11\/Pipoqueira-Eletrica-Mallory-Disney-Mickey-1200W-Vermelha-110V-250x250.jpg",250,250,true],"woocommerce_single":["https:\/\/promocaododia.com.br\/site\/wp-content\/uploads\/2022\/11\/Pipoqueira-Eletrica-Mallory-Disney-Mickey-1200W-Vermelha-110V-250x250.jpg",250,250,true],"woocommerce_gallery_thumbnail":["https:\/\/promocaododia.com.br\/site\/wp-content\/uploads\/2022\/11\/Pipoqueira-Eletrica-Mallory-Disney-Mickey-1200W-Vermelha-110V-100x100.jpg",100,100,true]},"uagb_author_info":{"display_name":"danilo.gbr","author_link":"https:\/\/promocaododia.com.br\/site\/author\/"},"uagb_comment_info":0,"uagb_excerpt":"Pipoqueira Eletrica Mallory Disney Mickey 1200W &#8211; Vermelha &#8211; 110V Pr\u00e1tica e r\u00e1pida, a Pipoqueira El\u00e9trica Mallory Disney Mickey conta com um sistema de eje\u00e7\u00e3o das pipocas e n\u00e3o utiliza \u00f3leo no preparo. Basta colocar a medida e acionar o bot\u00e3o que, em apenas 2 minutos, sua pipoca sai quentinha e direto na tigela. Voc\u00ea&hellip;","_links":{"self":[{"href":"https:\/\/promocaododia.com.br\/site\/wp-json\/wp\/v2\/product\/983","targetHints":{"allow":["GET"]}}],"collection":[{"href":"https:\/\/promocaododia.com.br\/site\/wp-json\/wp\/v2\/product"}],"about":[{"href":"https:\/\/promocaododia.com.br\/site\/wp-json\/wp\/v2\/types\/product"}],"wp:featuredmedia":[{"embeddable":true,"href":"https:\/\/promocaododia.com.br\/site\/wp-json\/wp\/v2\/media\/984"}],"wp:attachment":[{"href":"https:\/\/promocaododia.com.br\/site\/wp-json\/wp\/v2\/media?parent=983"}],"wp:term":[{"taxonomy":"product_brand","embeddable":true,"href":"https:\/\/promocaododia.com.br\/site\/wp-json\/wp\/v2\/product_brand?post=983"},{"taxonomy":"product_cat","embeddable":true,"href":"https:\/\/promocaododia.com.br\/site\/wp-json\/wp\/v2\/product_cat?post=983"},{"taxonomy":"product_tag","embeddable":true,"href":"https:\/\/promocaododia.com.br\/site\/wp-json\/wp\/v2\/product_tag?post=983"}],"curies":[{"name":"wp","href":"https:\/\/api.w.org\/{rel}","templated":true}]}}